{"id":37055,"date":"2020-10-08T11:08:59","date_gmt":"2020-10-08T11:08:59","guid":{"rendered":"https:\/\/etecnic.bisiestodeveloper.es\/avada_portfolio\/rubi-new-public-charging-points\/"},"modified":"2020-10-08T11:08:59","modified_gmt":"2020-10-08T11:08:59","slug":"rubi-new-public-charging-points","status":"publish","type":"avada_portfolio","link":"https:\/\/etecnic.bisiestodeveloper.es\/en\/avada_portfolio\/rubi-new-public-charging-points\/","title":{"rendered":"Rub\u00ed. New public charging points"},"content":{"rendered":"<p>Rub\u00ed: Management of 5 charging points: DBT, CIRCUTOR and INGETEAM, with a total of 9 sockets and a maximum power output of 80 kW for the DBT model. Located on Carrer Joan Mir\u00f3, at Rambleta Joan Mir\u00f3 and on Carrer del Futbol. Managed by Rub\u00ed Town Council using the EVcharge charging point management software<\/p>\n","protected":false},"author":3,"featured_media":37052,"template":"","portfolio_tags":[859,860,861,862,863],"portfolio_skills":[851,846,843,845,857,853,852,834],"portfolio_category":[599,600,601,844,602],"class_list":["post-37055","avada_portfolio","type-avada_portfolio","status-publish","has-post-thumbnail","hentry","portfolio_tags-32-kw","portfolio_tags-80-kw","portfolio_tags-edrr-1","portfolio_tags-edrsr-3","portfolio_tags-edrsr-4","portfolio_skills-1-toma","portfolio_skills-3-tomas","portfolio_skills-50kw","portfolio_skills-circutor","portfolio_skills-dbt","portfolio_skills-msm","portfolio_skills-ocpp-1-5","portfolio_skills-selba","portfolio_category-599","portfolio_category-publica","portfolio_category-punto-recarga","portfolio_category-rapida","portfolio_category-semirrapida"],"yoast_head":"<!-- This site is optimized with the Yoast SEO plugin v26.5 - https:\/\/yoast.com\/wordpress\/plugins\/seo\/ -->\n<title>Rub\u00ed. New public charging points - Etecnic<\/title>\n<meta name=\"description\" content=\"Rub\u00ed Town Council is installing new charging points, which are managed by EVcharge. This helps to improve electric mobility.\" \/>\n<meta name=\"robots\" content=\"noindex, follow, max-snippet:-1, max-image-preview:large, max-video-preview:-1\" \/>\n<meta property=\"og:locale\" content=\"en_US\" \/>\n<meta property=\"og:type\" content=\"article\" \/>\n<meta property=\"og:title\" content=\"Rub\u00ed. New public charging points - Etecnic\" \/>\n<meta property=\"og:description\" content=\"Rub\u00ed Town Council is installing new charging points, which are managed by EVcharge. This helps to improve electric mobility.\" \/>\n<meta property=\"og:url\" content=\"https:\/\/etecnic.bisiestodeveloper.es\/en\/avada_portfolio\/rubi-new-public-charging-points\/\" \/>\n<meta property=\"og:site_name\" content=\"Etecnic\" \/>\n<meta property=\"og:image\" content=\"https:\/\/etecnic.bisiestodeveloper.es\/wp-content\/uploads\/2020\/10\/RUBI_etecnic.jpg\" \/>\n\t<meta property=\"og:image:width\" content=\"2200\" \/>\n\t<meta property=\"og:image:height\" content=\"1486\" \/>\n\t<meta property=\"og:image:type\" content=\"image\/jpeg\" \/>\n<meta name=\"twitter:card\" content=\"summary_large_image\" \/>\n<script type=\"application\/ld+json\" class=\"yoast-schema-graph\">{\"@context\":\"https:\/\/schema.org\",\"@graph\":[{\"@type\":\"WebPage\",\"@id\":\"https:\/\/etecnic.bisiestodeveloper.es\/en\/avada_portfolio\/rubi-new-public-charging-points\/\",\"url\":\"https:\/\/etecnic.bisiestodeveloper.es\/en\/avada_portfolio\/rubi-new-public-charging-points\/\",\"name\":\"Rub\u00ed. New public charging points - Etecnic\",\"isPartOf\":{\"@id\":\"https:\/\/etecnic.bisiestodeveloper.es\/en\/#website\"},\"primaryImageOfPage\":{\"@id\":\"https:\/\/etecnic.bisiestodeveloper.es\/en\/avada_portfolio\/rubi-new-public-charging-points\/#primaryimage\"},\"image\":{\"@id\":\"https:\/\/etecnic.bisiestodeveloper.es\/en\/avada_portfolio\/rubi-new-public-charging-points\/#primaryimage\"},\"thumbnailUrl\":\"https:\/\/etecnic.bisiestodeveloper.es\/wp-content\/uploads\/2020\/10\/RUBI_etecnic.jpg\",\"datePublished\":\"2020-10-08T11:08:59+00:00\",\"description\":\"Rub\u00ed Town Council is installing new charging points, which are managed by EVcharge. This helps to improve electric mobility.\",\"breadcrumb\":{\"@id\":\"https:\/\/etecnic.bisiestodeveloper.es\/en\/avada_portfolio\/rubi-new-public-charging-points\/#breadcrumb\"},\"inLanguage\":\"en-US\",\"potentialAction\":[{\"@type\":\"ReadAction\",\"target\":[\"https:\/\/etecnic.bisiestodeveloper.es\/en\/avada_portfolio\/rubi-new-public-charging-points\/\"]}]},{\"@type\":\"ImageObject\",\"inLanguage\":\"en-US\",\"@id\":\"https:\/\/etecnic.bisiestodeveloper.es\/en\/avada_portfolio\/rubi-new-public-charging-points\/#primaryimage\",\"url\":\"https:\/\/etecnic.bisiestodeveloper.es\/wp-content\/uploads\/2020\/10\/RUBI_etecnic.jpg\",\"contentUrl\":\"https:\/\/etecnic.bisiestodeveloper.es\/wp-content\/uploads\/2020\/10\/RUBI_etecnic.jpg\",\"width\":2200,\"height\":1486},{\"@type\":\"BreadcrumbList\",\"@id\":\"https:\/\/etecnic.bisiestodeveloper.es\/en\/avada_portfolio\/rubi-new-public-charging-points\/#breadcrumb\",\"itemListElement\":[{\"@type\":\"ListItem\",\"position\":1,\"name\":\"Portada\",\"item\":\"https:\/\/etecnic.bisiestodeveloper.es\/en\/\"},{\"@type\":\"ListItem\",\"position\":2,\"name\":\"Portfolio\",\"item\":\"https:\/\/etecnic.bisiestodeveloper.es\/en\/avada_portfolio\/\"},{\"@type\":\"ListItem\",\"position\":3,\"name\":\"Rub\u00ed. New public charging points\"}]},{\"@type\":\"WebSite\",\"@id\":\"https:\/\/etecnic.bisiestodeveloper.es\/en\/#website\",\"url\":\"https:\/\/etecnic.bisiestodeveloper.es\/en\/\",\"name\":\"Etecnic\",\"description\":\"\",\"publisher\":{\"@id\":\"https:\/\/etecnic.bisiestodeveloper.es\/en\/#organization\"},\"potentialAction\":[{\"@type\":\"SearchAction\",\"target\":{\"@type\":\"EntryPoint\",\"urlTemplate\":\"https:\/\/etecnic.bisiestodeveloper.es\/en\/?s={search_term_string}\"},\"query-input\":{\"@type\":\"PropertyValueSpecification\",\"valueRequired\":true,\"valueName\":\"search_term_string\"}}],\"inLanguage\":\"en-US\"},{\"@type\":\"Organization\",\"@id\":\"https:\/\/etecnic.bisiestodeveloper.es\/en\/#organization\",\"name\":\"Etecnic\",\"url\":\"https:\/\/etecnic.bisiestodeveloper.es\/en\/\",\"logo\":{\"@type\":\"ImageObject\",\"inLanguage\":\"en-US\",\"@id\":\"https:\/\/etecnic.bisiestodeveloper.es\/en\/#\/schema\/logo\/image\/\",\"url\":\"https:\/\/etecnic.bisiestodeveloper.es\/wp-content\/uploads\/2025\/06\/logo-etecnic-blanco.png\",\"contentUrl\":\"https:\/\/etecnic.bisiestodeveloper.es\/wp-content\/uploads\/2025\/06\/logo-etecnic-blanco.png\",\"width\":1000,\"height\":500,\"caption\":\"Etecnic\"},\"image\":{\"@id\":\"https:\/\/etecnic.bisiestodeveloper.es\/en\/#\/schema\/logo\/image\/\"}}]}<\/script>\n<!-- \/ Yoast SEO plugin. -->","yoast_head_json":{"title":"Rub\u00ed. New public charging points - Etecnic","description":"Rub\u00ed Town Council is installing new charging points, which are managed by EVcharge. This helps to improve electric mobility.","robots":{"index":"noindex","follow":"follow","max-snippet":"max-snippet:-1","max-image-preview":"max-image-preview:large","max-video-preview":"max-video-preview:-1"},"og_locale":"en_US","og_type":"article","og_title":"Rub\u00ed. New public charging points - Etecnic","og_description":"Rub\u00ed Town Council is installing new charging points, which are managed by EVcharge. This helps to improve electric mobility.","og_url":"https:\/\/etecnic.bisiestodeveloper.es\/en\/avada_portfolio\/rubi-new-public-charging-points\/","og_site_name":"Etecnic","og_image":[{"width":2200,"height":1486,"url":"https:\/\/etecnic.bisiestodeveloper.es\/wp-content\/uploads\/2020\/10\/RUBI_etecnic.jpg","type":"image\/jpeg"}],"twitter_card":"summary_large_image","schema":{"@context":"https:\/\/schema.org","@graph":[{"@type":"WebPage","@id":"https:\/\/etecnic.bisiestodeveloper.es\/en\/avada_portfolio\/rubi-new-public-charging-points\/","url":"https:\/\/etecnic.bisiestodeveloper.es\/en\/avada_portfolio\/rubi-new-public-charging-points\/","name":"Rub\u00ed. New public charging points - Etecnic","isPartOf":{"@id":"https:\/\/etecnic.bisiestodeveloper.es\/en\/#website"},"primaryImageOfPage":{"@id":"https:\/\/etecnic.bisiestodeveloper.es\/en\/avada_portfolio\/rubi-new-public-charging-points\/#primaryimage"},"image":{"@id":"https:\/\/etecnic.bisiestodeveloper.es\/en\/avada_portfolio\/rubi-new-public-charging-points\/#primaryimage"},"thumbnailUrl":"https:\/\/etecnic.bisiestodeveloper.es\/wp-content\/uploads\/2020\/10\/RUBI_etecnic.jpg","datePublished":"2020-10-08T11:08:59+00:00","description":"Rub\u00ed Town Council is installing new charging points, which are managed by EVcharge. This helps to improve electric mobility.","breadcrumb":{"@id":"https:\/\/etecnic.bisiestodeveloper.es\/en\/avada_portfolio\/rubi-new-public-charging-points\/#breadcrumb"},"inLanguage":"en-US","potentialAction":[{"@type":"ReadAction","target":["https:\/\/etecnic.bisiestodeveloper.es\/en\/avada_portfolio\/rubi-new-public-charging-points\/"]}]},{"@type":"ImageObject","inLanguage":"en-US","@id":"https:\/\/etecnic.bisiestodeveloper.es\/en\/avada_portfolio\/rubi-new-public-charging-points\/#primaryimage","url":"https:\/\/etecnic.bisiestodeveloper.es\/wp-content\/uploads\/2020\/10\/RUBI_etecnic.jpg","contentUrl":"https:\/\/etecnic.bisiestodeveloper.es\/wp-content\/uploads\/2020\/10\/RUBI_etecnic.jpg","width":2200,"height":1486},{"@type":"BreadcrumbList","@id":"https:\/\/etecnic.bisiestodeveloper.es\/en\/avada_portfolio\/rubi-new-public-charging-points\/#breadcrumb","itemListElement":[{"@type":"ListItem","position":1,"name":"Portada","item":"https:\/\/etecnic.bisiestodeveloper.es\/en\/"},{"@type":"ListItem","position":2,"name":"Portfolio","item":"https:\/\/etecnic.bisiestodeveloper.es\/en\/avada_portfolio\/"},{"@type":"ListItem","position":3,"name":"Rub\u00ed. New public charging points"}]},{"@type":"WebSite","@id":"https:\/\/etecnic.bisiestodeveloper.es\/en\/#website","url":"https:\/\/etecnic.bisiestodeveloper.es\/en\/","name":"Etecnic","description":"","publisher":{"@id":"https:\/\/etecnic.bisiestodeveloper.es\/en\/#organization"},"potentialAction":[{"@type":"SearchAction","target":{"@type":"EntryPoint","urlTemplate":"https:\/\/etecnic.bisiestodeveloper.es\/en\/?s={search_term_string}"},"query-input":{"@type":"PropertyValueSpecification","valueRequired":true,"valueName":"search_term_string"}}],"inLanguage":"en-US"},{"@type":"Organization","@id":"https:\/\/etecnic.bisiestodeveloper.es\/en\/#organization","name":"Etecnic","url":"https:\/\/etecnic.bisiestodeveloper.es\/en\/","logo":{"@type":"ImageObject","inLanguage":"en-US","@id":"https:\/\/etecnic.bisiestodeveloper.es\/en\/#\/schema\/logo\/image\/","url":"https:\/\/etecnic.bisiestodeveloper.es\/wp-content\/uploads\/2025\/06\/logo-etecnic-blanco.png","contentUrl":"https:\/\/etecnic.bisiestodeveloper.es\/wp-content\/uploads\/2025\/06\/logo-etecnic-blanco.png","width":1000,"height":500,"caption":"Etecnic"},"image":{"@id":"https:\/\/etecnic.bisiestodeveloper.es\/en\/#\/schema\/logo\/image\/"}}]}},"_links":{"self":[{"href":"https:\/\/etecnic.bisiestodeveloper.es\/en\/wp-json\/wp\/v2\/avada_portfolio\/37055","targetHints":{"allow":["GET"]}}],"collection":[{"href":"https:\/\/etecnic.bisiestodeveloper.es\/en\/wp-json\/wp\/v2\/avada_portfolio"}],"about":[{"href":"https:\/\/etecnic.bisiestodeveloper.es\/en\/wp-json\/wp\/v2\/types\/avada_portfolio"}],"author":[{"embeddable":true,"href":"https:\/\/etecnic.bisiestodeveloper.es\/en\/wp-json\/wp\/v2\/users\/3"}],"version-history":[{"count":0,"href":"https:\/\/etecnic.bisiestodeveloper.es\/en\/wp-json\/wp\/v2\/avada_portfolio\/37055\/revisions"}],"wp:featuredmedia":[{"embeddable":true,"href":"https:\/\/etecnic.bisiestodeveloper.es\/en\/wp-json\/wp\/v2\/media\/37052"}],"wp:attachment":[{"href":"https:\/\/etecnic.bisiestodeveloper.es\/en\/wp-json\/wp\/v2\/media?parent=37055"}],"wp:term":[{"taxonomy":"portfolio_tags","embeddable":true,"href":"https:\/\/etecnic.bisiestodeveloper.es\/en\/wp-json\/wp\/v2\/portfolio_tags?post=37055"},{"taxonomy":"portfolio_skills","embeddable":true,"href":"https:\/\/etecnic.bisiestodeveloper.es\/en\/wp-json\/wp\/v2\/portfolio_skills?post=37055"},{"taxonomy":"portfolio_category","embeddable":true,"href":"https:\/\/etecnic.bisiestodeveloper.es\/en\/wp-json\/wp\/v2\/portfolio_category?post=37055"}],"curies":[{"name":"wp","href":"https:\/\/api.w.org\/{rel}","templated":true}]}}

Rubí. New public charging points

<p>Rubí: Management of 5 charging points: DBT, CIRCUTOR and INGETEAM, with a total of 9 sockets and a maximum power output of 80 kW for the DBT model. Located on Carrer Joan Miró, at Rambleta Joan Miró and on Carrer del Futbol. Managed by Rubí Town Council using the EVcharge charging point management software</p>

<!-- This site is optimized with the Yoast SEO plugin v26.5 - https://yoast.com/wordpress/plugins/seo/ -->
<title>Rubí. New public charging points - Etecnic</title>
<meta name="description" content="Rubí Town Council is installing new charging points, which are managed by EVcharge. This helps to improve electric mobility." />
<meta name="robots" content="noindex, follow, max-snippet:-1, max-image-preview:large, max-video-preview:-1" />
<meta property="og:locale" content="en_US" />
<meta property="og:type" content="article" />
<meta property="og:title" content="Rubí. New public charging points - Etecnic" />
<meta property="og:description" content="Rubí Town Council is installing new charging points, which are managed by EVcharge. This helps to improve electric mobility." />
<meta property="og:url" content="https://etecnic.bisiestodeveloper.es/en/avada_portfolio/rubi-new-public-charging-points/" />
<meta property="og:site_name" content="Etecnic" />
<meta property="og:image" content="https://etecnic.bisiestodeveloper.es/wp-content/uploads/2020/10/RUBI_etecnic.jpg" />
	<meta property="og:image:width" content="2200" />
	<meta property="og:image:height" content="1486" />
	<meta property="og:image:type" content="image/jpeg" />
<meta name="twitter:card" content="summary_large_image" />
<script type="application/ld+json" class="yoast-schema-graph">{"@context":"https://schema.org","@graph":[{"@type":"WebPage","@id":"https://etecnic.bisiestodeveloper.es/en/avada_portfolio/rubi-new-public-charging-points/","url":"https://etecnic.bisiestodeveloper.es/en/avada_portfolio/rubi-new-public-charging-points/","name":"Rubí. New public charging points - Etecnic","isPartOf":{"@id":"https://etecnic.bisiestodeveloper.es/en/#website"},"primaryImageOfPage":{"@id":"https://etecnic.bisiestodeveloper.es/en/avada_portfolio/rubi-new-public-charging-points/#primaryimage"},"image":{"@id":"https://etecnic.bisiestodeveloper.es/en/avada_portfolio/rubi-new-public-charging-points/#primaryimage"},"thumbnailUrl":"https://etecnic.bisiestodeveloper.es/wp-content/uploads/2020/10/RUBI_etecnic.jpg","datePublished":"2020-10-08T11:08:59+00:00","description":"Rubí Town Council is installing new charging points, which are managed by EVcharge. This helps to improve electric mobility.","breadcrumb":{"@id":"https://etecnic.bisiestodeveloper.es/en/avada_portfolio/rubi-new-public-charging-points/#breadcrumb"},"inLanguage":"en-US","potentialAction":[{"@type":"ReadAction","target":["https://etecnic.bisiestodeveloper.es/en/avada_portfolio/rubi-new-public-charging-points/"]}]},{"@type":"ImageObject","inLanguage":"en-US","@id":"https://etecnic.bisiestodeveloper.es/en/avada_portfolio/rubi-new-public-charging-points/#primaryimage","url":"https://etecnic.bisiestodeveloper.es/wp-content/uploads/2020/10/RUBI_etecnic.jpg","contentUrl":"https://etecnic.bisiestodeveloper.es/wp-content/uploads/2020/10/RUBI_etecnic.jpg","width":2200,"height":1486},{"@type":"BreadcrumbList","@id":"https://etecnic.bisiestodeveloper.es/en/avada_portfolio/rubi-new-public-charging-points/#breadcrumb","itemListElement":[{"@type":"ListItem","position":1,"name":"Portada","item":"https://etecnic.bisiestodeveloper.es/en/"},{"@type":"ListItem","position":2,"name":"Portfolio","item":"https://etecnic.bisiestodeveloper.es/en/avada_portfolio/"},{"@type":"ListItem","position":3,"name":"Rubí. New public charging points"}]},{"@type":"WebSite","@id":"https://etecnic.bisiestodeveloper.es/en/#website","url":"https://etecnic.bisiestodeveloper.es/en/","name":"Etecnic","description":"","publisher":{"@id":"https://etecnic.bisiestodeveloper.es/en/#organization"},"potentialAction":[{"@type":"SearchAction","target":{"@type":"EntryPoint","urlTemplate":"https://etecnic.bisiestodeveloper.es/en/?s={search_term_string}"},"query-input":{"@type":"PropertyValueSpecification","valueRequired":true,"valueName":"search_term_string"}}],"inLanguage":"en-US"},{"@type":"Organization","@id":"https://etecnic.bisiestodeveloper.es/en/#organization","name":"Etecnic","url":"https://etecnic.bisiestodeveloper.es/en/","logo":{"@type":"ImageObject","inLanguage":"en-US","@id":"https://etecnic.bisiestodeveloper.es/en/#/schema/logo/image/","url":"https://etecnic.bisiestodeveloper.es/wp-content/uploads/2025/06/logo-etecnic-blanco.png","contentUrl":"https://etecnic.bisiestodeveloper.es/wp-content/uploads/2025/06/logo-etecnic-blanco.png","width":1000,"height":500,"caption":"Etecnic"},"image":{"@id":"https://etecnic.bisiestodeveloper.es/en/#/schema/logo/image/"}}]}</script>
<!-- / Yoast SEO plugin. -->

Rubí. New public charging points - Etecnic

Rubí Town Council is installing new charging points, which are managed by EVcharge. This helps to improve electric mobility.
