{"id":36842,"date":"2022-08-16T09:04:29","date_gmt":"2022-08-16T09:04:29","guid":{"rendered":"https:\/\/etecnic.bisiestodeveloper.es\/avada_portfolio\/palol-de-revardit-installs-a-public-charging-point\/"},"modified":"2022-08-16T09:04:29","modified_gmt":"2022-08-16T09:04:29","slug":"palol-de-revardit-installs-a-public-charging-point","status":"publish","type":"avada_portfolio","link":"https:\/\/etecnic.bisiestodeveloper.es\/en\/avada_portfolio\/palol-de-revardit-installs-a-public-charging-point\/","title":{"rendered":"Palol de Revardit installs a public charging point"},"content":{"rendered":"<p>The Palol de Revardit City Council installs a new semi-fast charging point for electric vehicles. This is the SELBA EdRSR 1 model with a power output of 22 kW (32 A) three-phase, with two sockets to connect TYPE-2-F.<\/p>\n<p>With this new installation, the City Council manages to improve the municipality&#8217;s sustainability, encouraging the decarbonisation of the vehicle fleet.<\/p>\n<p>The chargers are managed by the City Council itself using the smart management software, <a href=\"https:\/\/evcharge.net\/\">EVcharge.<\/a> A hardware-neutral SaaS platform 100% specialized in energy and electric mobility, built on industry experience and innovation.<\/p>\n<p>MOVES III Program<\/p>\n<div class=\"traductor-textarea form-group\">\n<div class=\"traductor-textarea form-group\">\n<div class=\"textarea-desti col-xs-12 col-sm-6\">The Palol de Revardit City Council has obtained the <strong><a href=\"https:\/\/etecnic.bisiestodeveloper.es\/uncategorized\/moves-3-cataluna-ayudas-para-puntos-de-recarga\/\">MOVES III<\/a><\/strong> subsidy for the installation of these charging points. In recent years, <strong><a href=\"https:\/\/etecnic.bisiestodeveloper.es\/proyectos\/el-90-de-las-solicitudes-presentadas-por-etecnic-al-plan-moves-aprobadas\/\">Etecnic has successfully managed over 90% of the MOVES Plan applications.<\/a><\/strong><\/div>\n<\/div>\n<div class=\"traductor-checkbox form-group\">\n<div class=\"row\">\n<div class=\"col-sm-offset-2 col-sm-5\"><\/div>\n<\/div>\n<\/div>\n<\/div>\n<div class=\"traductor-checkbox form-group\">\n<div class=\"row\">\n<div class=\"col-sm-offset-2 col-sm-5\"><\/div>\n<\/div>\n<\/div>\n<p>Charging map<\/p>\n<p>Check our real-time map of connected charging points<\/p>\n<p>Charging map<\/p>\n","protected":false},"author":3,"featured_media":36841,"template":"","portfolio_tags":[],"portfolio_skills":[834],"portfolio_category":[599,600,601,602],"class_list":["post-36842","avada_portfolio","type-avada_portfolio","status-publish","has-post-thumbnail","hentry","portfolio_skills-selba","portfolio_category-599","portfolio_category-publica","portfolio_category-punto-recarga","portfolio_category-semirrapida"],"yoast_head":"<!-- This site is optimized with the Yoast SEO plugin v26.5 - https:\/\/yoast.com\/wordpress\/plugins\/seo\/ -->\n<title>Palol de Revardit installs new charging points<\/title>\n<meta name=\"description\" content=\"Palol de Revardit instala un nuevo punto de recarga para veh\u00edculos el\u00e9ctricos consiguiendo hacer m\u00e1s sostenible el municipio.\" \/>\n<meta name=\"robots\" content=\"noindex, follow, max-snippet:-1, max-image-preview:large, max-video-preview:-1\" \/>\n<meta property=\"og:locale\" content=\"en_US\" \/>\n<meta property=\"og:type\" content=\"article\" \/>\n<meta property=\"og:title\" content=\"Palol de Revardit installs new charging points\" \/>\n<meta property=\"og:description\" content=\"Palol de Revardit instala un nuevo punto de recarga para veh\u00edculos el\u00e9ctricos consiguiendo hacer m\u00e1s sostenible el municipio.\" \/>\n<meta property=\"og:url\" content=\"https:\/\/etecnic.bisiestodeveloper.es\/en\/avada_portfolio\/palol-de-revardit-installs-a-public-charging-point\/\" \/>\n<meta property=\"og:site_name\" content=\"Etecnic\" \/>\n<meta property=\"og:image\" content=\"https:\/\/etecnic.bisiestodeveloper.es\/wp-content\/uploads\/2022\/08\/Palol-de-revardit.jpg\" \/>\n\t<meta property=\"og:image:width\" content=\"1080\" \/>\n\t<meta property=\"og:image:height\" content=\"1080\" \/>\n\t<meta property=\"og:image:type\" content=\"image\/jpeg\" \/>\n<meta name=\"twitter:card\" content=\"summary_large_image\" \/>\n<meta name=\"twitter:label1\" content=\"Est. reading time\" \/>\n\t<meta name=\"twitter:data1\" content=\"1 minute\" \/>\n<script type=\"application\/ld+json\" class=\"yoast-schema-graph\">{\"@context\":\"https:\/\/schema.org\",\"@graph\":[{\"@type\":\"WebPage\",\"@id\":\"https:\/\/etecnic.bisiestodeveloper.es\/en\/avada_portfolio\/palol-de-revardit-installs-a-public-charging-point\/\",\"url\":\"https:\/\/etecnic.bisiestodeveloper.es\/en\/avada_portfolio\/palol-de-revardit-installs-a-public-charging-point\/\",\"name\":\"Palol de Revardit installs new charging points\",\"isPartOf\":{\"@id\":\"https:\/\/etecnic.bisiestodeveloper.es\/en\/#website\"},\"primaryImageOfPage\":{\"@id\":\"https:\/\/etecnic.bisiestodeveloper.es\/en\/avada_portfolio\/palol-de-revardit-installs-a-public-charging-point\/#primaryimage\"},\"image\":{\"@id\":\"https:\/\/etecnic.bisiestodeveloper.es\/en\/avada_portfolio\/palol-de-revardit-installs-a-public-charging-point\/#primaryimage\"},\"thumbnailUrl\":\"https:\/\/etecnic.bisiestodeveloper.es\/wp-content\/uploads\/2022\/08\/Palol-de-revardit.jpg\",\"datePublished\":\"2022-08-16T09:04:29+00:00\",\"description\":\"Palol de Revardit instala un nuevo punto de recarga para veh\u00edculos el\u00e9ctricos consiguiendo hacer m\u00e1s sostenible el municipio.\",\"breadcrumb\":{\"@id\":\"https:\/\/etecnic.bisiestodeveloper.es\/en\/avada_portfolio\/palol-de-revardit-installs-a-public-charging-point\/#breadcrumb\"},\"inLanguage\":\"en-US\",\"potentialAction\":[{\"@type\":\"ReadAction\",\"target\":[\"https:\/\/etecnic.bisiestodeveloper.es\/en\/avada_portfolio\/palol-de-revardit-installs-a-public-charging-point\/\"]}]},{\"@type\":\"ImageObject\",\"inLanguage\":\"en-US\",\"@id\":\"https:\/\/etecnic.bisiestodeveloper.es\/en\/avada_portfolio\/palol-de-revardit-installs-a-public-charging-point\/#primaryimage\",\"url\":\"https:\/\/etecnic.bisiestodeveloper.es\/wp-content\/uploads\/2022\/08\/Palol-de-revardit.jpg\",\"contentUrl\":\"https:\/\/etecnic.bisiestodeveloper.es\/wp-content\/uploads\/2022\/08\/Palol-de-revardit.jpg\",\"width\":1080,\"height\":1080,\"caption\":\"Palol de revardit punto de carga vehiculo electrico etecnic\"},{\"@type\":\"BreadcrumbList\",\"@id\":\"https:\/\/etecnic.bisiestodeveloper.es\/en\/avada_portfolio\/palol-de-revardit-installs-a-public-charging-point\/#breadcrumb\",\"itemListElement\":[{\"@type\":\"ListItem\",\"position\":1,\"name\":\"Portada\",\"item\":\"https:\/\/etecnic.bisiestodeveloper.es\/en\/\"},{\"@type\":\"ListItem\",\"position\":2,\"name\":\"Portfolio\",\"item\":\"https:\/\/etecnic.bisiestodeveloper.es\/en\/avada_portfolio\/\"},{\"@type\":\"ListItem\",\"position\":3,\"name\":\"Palol de Revardit installs a public charging point\"}]},{\"@type\":\"WebSite\",\"@id\":\"https:\/\/etecnic.bisiestodeveloper.es\/en\/#website\",\"url\":\"https:\/\/etecnic.bisiestodeveloper.es\/en\/\",\"name\":\"Etecnic\",\"description\":\"\",\"publisher\":{\"@id\":\"https:\/\/etecnic.bisiestodeveloper.es\/en\/#organization\"},\"potentialAction\":[{\"@type\":\"SearchAction\",\"target\":{\"@type\":\"EntryPoint\",\"urlTemplate\":\"https:\/\/etecnic.bisiestodeveloper.es\/en\/?s={search_term_string}\"},\"query-input\":{\"@type\":\"PropertyValueSpecification\",\"valueRequired\":true,\"valueName\":\"search_term_string\"}}],\"inLanguage\":\"en-US\"},{\"@type\":\"Organization\",\"@id\":\"https:\/\/etecnic.bisiestodeveloper.es\/en\/#organization\",\"name\":\"Etecnic\",\"url\":\"https:\/\/etecnic.bisiestodeveloper.es\/en\/\",\"logo\":{\"@type\":\"ImageObject\",\"inLanguage\":\"en-US\",\"@id\":\"https:\/\/etecnic.bisiestodeveloper.es\/en\/#\/schema\/logo\/image\/\",\"url\":\"https:\/\/etecnic.bisiestodeveloper.es\/wp-content\/uploads\/2025\/06\/logo-etecnic-blanco.png\",\"contentUrl\":\"https:\/\/etecnic.bisiestodeveloper.es\/wp-content\/uploads\/2025\/06\/logo-etecnic-blanco.png\",\"width\":1000,\"height\":500,\"caption\":\"Etecnic\"},\"image\":{\"@id\":\"https:\/\/etecnic.bisiestodeveloper.es\/en\/#\/schema\/logo\/image\/\"}}]}<\/script>\n<!-- \/ Yoast SEO plugin. -->","yoast_head_json":{"title":"Palol de Revardit installs new charging points","description":"Palol de Revardit instala un nuevo punto de recarga para veh\u00edculos el\u00e9ctricos consiguiendo hacer m\u00e1s sostenible el municipio.","robots":{"index":"noindex","follow":"follow","max-snippet":"max-snippet:-1","max-image-preview":"max-image-preview:large","max-video-preview":"max-video-preview:-1"},"og_locale":"en_US","og_type":"article","og_title":"Palol de Revardit installs new charging points","og_description":"Palol de Revardit instala un nuevo punto de recarga para veh\u00edculos el\u00e9ctricos consiguiendo hacer m\u00e1s sostenible el municipio.","og_url":"https:\/\/etecnic.bisiestodeveloper.es\/en\/avada_portfolio\/palol-de-revardit-installs-a-public-charging-point\/","og_site_name":"Etecnic","og_image":[{"width":1080,"height":1080,"url":"https:\/\/etecnic.bisiestodeveloper.es\/wp-content\/uploads\/2022\/08\/Palol-de-revardit.jpg","type":"image\/jpeg"}],"twitter_card":"summary_large_image","twitter_misc":{"Est. reading time":"1 minute"},"schema":{"@context":"https:\/\/schema.org","@graph":[{"@type":"WebPage","@id":"https:\/\/etecnic.bisiestodeveloper.es\/en\/avada_portfolio\/palol-de-revardit-installs-a-public-charging-point\/","url":"https:\/\/etecnic.bisiestodeveloper.es\/en\/avada_portfolio\/palol-de-revardit-installs-a-public-charging-point\/","name":"Palol de Revardit installs new charging points","isPartOf":{"@id":"https:\/\/etecnic.bisiestodeveloper.es\/en\/#website"},"primaryImageOfPage":{"@id":"https:\/\/etecnic.bisiestodeveloper.es\/en\/avada_portfolio\/palol-de-revardit-installs-a-public-charging-point\/#primaryimage"},"image":{"@id":"https:\/\/etecnic.bisiestodeveloper.es\/en\/avada_portfolio\/palol-de-revardit-installs-a-public-charging-point\/#primaryimage"},"thumbnailUrl":"https:\/\/etecnic.bisiestodeveloper.es\/wp-content\/uploads\/2022\/08\/Palol-de-revardit.jpg","datePublished":"2022-08-16T09:04:29+00:00","description":"Palol de Revardit instala un nuevo punto de recarga para veh\u00edculos el\u00e9ctricos consiguiendo hacer m\u00e1s sostenible el municipio.","breadcrumb":{"@id":"https:\/\/etecnic.bisiestodeveloper.es\/en\/avada_portfolio\/palol-de-revardit-installs-a-public-charging-point\/#breadcrumb"},"inLanguage":"en-US","potentialAction":[{"@type":"ReadAction","target":["https:\/\/etecnic.bisiestodeveloper.es\/en\/avada_portfolio\/palol-de-revardit-installs-a-public-charging-point\/"]}]},{"@type":"ImageObject","inLanguage":"en-US","@id":"https:\/\/etecnic.bisiestodeveloper.es\/en\/avada_portfolio\/palol-de-revardit-installs-a-public-charging-point\/#primaryimage","url":"https:\/\/etecnic.bisiestodeveloper.es\/wp-content\/uploads\/2022\/08\/Palol-de-revardit.jpg","contentUrl":"https:\/\/etecnic.bisiestodeveloper.es\/wp-content\/uploads\/2022\/08\/Palol-de-revardit.jpg","width":1080,"height":1080,"caption":"Palol de revardit punto de carga vehiculo electrico etecnic"},{"@type":"BreadcrumbList","@id":"https:\/\/etecnic.bisiestodeveloper.es\/en\/avada_portfolio\/palol-de-revardit-installs-a-public-charging-point\/#breadcrumb","itemListElement":[{"@type":"ListItem","position":1,"name":"Portada","item":"https:\/\/etecnic.bisiestodeveloper.es\/en\/"},{"@type":"ListItem","position":2,"name":"Portfolio","item":"https:\/\/etecnic.bisiestodeveloper.es\/en\/avada_portfolio\/"},{"@type":"ListItem","position":3,"name":"Palol de Revardit installs a public charging point"}]},{"@type":"WebSite","@id":"https:\/\/etecnic.bisiestodeveloper.es\/en\/#website","url":"https:\/\/etecnic.bisiestodeveloper.es\/en\/","name":"Etecnic","description":"","publisher":{"@id":"https:\/\/etecnic.bisiestodeveloper.es\/en\/#organization"},"potentialAction":[{"@type":"SearchAction","target":{"@type":"EntryPoint","urlTemplate":"https:\/\/etecnic.bisiestodeveloper.es\/en\/?s={search_term_string}"},"query-input":{"@type":"PropertyValueSpecification","valueRequired":true,"valueName":"search_term_string"}}],"inLanguage":"en-US"},{"@type":"Organization","@id":"https:\/\/etecnic.bisiestodeveloper.es\/en\/#organization","name":"Etecnic","url":"https:\/\/etecnic.bisiestodeveloper.es\/en\/","logo":{"@type":"ImageObject","inLanguage":"en-US","@id":"https:\/\/etecnic.bisiestodeveloper.es\/en\/#\/schema\/logo\/image\/","url":"https:\/\/etecnic.bisiestodeveloper.es\/wp-content\/uploads\/2025\/06\/logo-etecnic-blanco.png","contentUrl":"https:\/\/etecnic.bisiestodeveloper.es\/wp-content\/uploads\/2025\/06\/logo-etecnic-blanco.png","width":1000,"height":500,"caption":"Etecnic"},"image":{"@id":"https:\/\/etecnic.bisiestodeveloper.es\/en\/#\/schema\/logo\/image\/"}}]}},"_links":{"self":[{"href":"https:\/\/etecnic.bisiestodeveloper.es\/en\/wp-json\/wp\/v2\/avada_portfolio\/36842","targetHints":{"allow":["GET"]}}],"collection":[{"href":"https:\/\/etecnic.bisiestodeveloper.es\/en\/wp-json\/wp\/v2\/avada_portfolio"}],"about":[{"href":"https:\/\/etecnic.bisiestodeveloper.es\/en\/wp-json\/wp\/v2\/types\/avada_portfolio"}],"author":[{"embeddable":true,"href":"https:\/\/etecnic.bisiestodeveloper.es\/en\/wp-json\/wp\/v2\/users\/3"}],"version-history":[{"count":0,"href":"https:\/\/etecnic.bisiestodeveloper.es\/en\/wp-json\/wp\/v2\/avada_portfolio\/36842\/revisions"}],"wp:featuredmedia":[{"embeddable":true,"href":"https:\/\/etecnic.bisiestodeveloper.es\/en\/wp-json\/wp\/v2\/media\/36841"}],"wp:attachment":[{"href":"https:\/\/etecnic.bisiestodeveloper.es\/en\/wp-json\/wp\/v2\/media?parent=36842"}],"wp:term":[{"taxonomy":"portfolio_tags","embeddable":true,"href":"https:\/\/etecnic.bisiestodeveloper.es\/en\/wp-json\/wp\/v2\/portfolio_tags?post=36842"},{"taxonomy":"portfolio_skills","embeddable":true,"href":"https:\/\/etecnic.bisiestodeveloper.es\/en\/wp-json\/wp\/v2\/portfolio_skills?post=36842"},{"taxonomy":"portfolio_category","embeddable":true,"href":"https:\/\/etecnic.bisiestodeveloper.es\/en\/wp-json\/wp\/v2\/portfolio_category?post=36842"}],"curies":[{"name":"wp","href":"https:\/\/api.w.org\/{rel}","templated":true}]}}

<!-- This site is optimized with the Yoast SEO plugin v26.5 - https://yoast.com/wordpress/plugins/seo/ -->
<title>Palol de Revardit installs new charging points</title>
<meta name="description" content="Palol de Revardit instala un nuevo punto de recarga para vehículos eléctricos consiguiendo hacer más sostenible el municipio." />
<meta name="robots" content="noindex, follow, max-snippet:-1, max-image-preview:large, max-video-preview:-1" />
<meta property="og:locale" content="en_US" />
<meta property="og:type" content="article" />
<meta property="og:title" content="Palol de Revardit installs new charging points" />
<meta property="og:description" content="Palol de Revardit instala un nuevo punto de recarga para vehículos eléctricos consiguiendo hacer más sostenible el municipio." />
<meta property="og:url" content="https://etecnic.bisiestodeveloper.es/en/avada_portfolio/palol-de-revardit-installs-a-public-charging-point/" />
<meta property="og:site_name" content="Etecnic" />
<meta property="og:image" content="https://etecnic.bisiestodeveloper.es/wp-content/uploads/2022/08/Palol-de-revardit.jpg" />
	<meta property="og:image:width" content="1080" />
	<meta property="og:image:height" content="1080" />
	<meta property="og:image:type" content="image/jpeg" />
<meta name="twitter:card" content="summary_large_image" />
<meta name="twitter:label1" content="Est. reading time" />
	<meta name="twitter:data1" content="1 minute" />
<script type="application/ld+json" class="yoast-schema-graph">{"@context":"https://schema.org","@graph":[{"@type":"WebPage","@id":"https://etecnic.bisiestodeveloper.es/en/avada_portfolio/palol-de-revardit-installs-a-public-charging-point/","url":"https://etecnic.bisiestodeveloper.es/en/avada_portfolio/palol-de-revardit-installs-a-public-charging-point/","name":"Palol de Revardit installs new charging points","isPartOf":{"@id":"https://etecnic.bisiestodeveloper.es/en/#website"},"primaryImageOfPage":{"@id":"https://etecnic.bisiestodeveloper.es/en/avada_portfolio/palol-de-revardit-installs-a-public-charging-point/#primaryimage"},"image":{"@id":"https://etecnic.bisiestodeveloper.es/en/avada_portfolio/palol-de-revardit-installs-a-public-charging-point/#primaryimage"},"thumbnailUrl":"https://etecnic.bisiestodeveloper.es/wp-content/uploads/2022/08/Palol-de-revardit.jpg","datePublished":"2022-08-16T09:04:29+00:00","description":"Palol de Revardit instala un nuevo punto de recarga para vehículos eléctricos consiguiendo hacer más sostenible el municipio.","breadcrumb":{"@id":"https://etecnic.bisiestodeveloper.es/en/avada_portfolio/palol-de-revardit-installs-a-public-charging-point/#breadcrumb"},"inLanguage":"en-US","potentialAction":[{"@type":"ReadAction","target":["https://etecnic.bisiestodeveloper.es/en/avada_portfolio/palol-de-revardit-installs-a-public-charging-point/"]}]},{"@type":"ImageObject","inLanguage":"en-US","@id":"https://etecnic.bisiestodeveloper.es/en/avada_portfolio/palol-de-revardit-installs-a-public-charging-point/#primaryimage","url":"https://etecnic.bisiestodeveloper.es/wp-content/uploads/2022/08/Palol-de-revardit.jpg","contentUrl":"https://etecnic.bisiestodeveloper.es/wp-content/uploads/2022/08/Palol-de-revardit.jpg","width":1080,"height":1080,"caption":"Palol de revardit punto de carga vehiculo electrico etecnic"},{"@type":"BreadcrumbList","@id":"https://etecnic.bisiestodeveloper.es/en/avada_portfolio/palol-de-revardit-installs-a-public-charging-point/#breadcrumb","itemListElement":[{"@type":"ListItem","position":1,"name":"Portada","item":"https://etecnic.bisiestodeveloper.es/en/"},{"@type":"ListItem","position":2,"name":"Portfolio","item":"https://etecnic.bisiestodeveloper.es/en/avada_portfolio/"},{"@type":"ListItem","position":3,"name":"Palol de Revardit installs a public charging point"}]},{"@type":"WebSite","@id":"https://etecnic.bisiestodeveloper.es/en/#website","url":"https://etecnic.bisiestodeveloper.es/en/","name":"Etecnic","description":"","publisher":{"@id":"https://etecnic.bisiestodeveloper.es/en/#organization"},"potentialAction":[{"@type":"SearchAction","target":{"@type":"EntryPoint","urlTemplate":"https://etecnic.bisiestodeveloper.es/en/?s={search_term_string}"},"query-input":{"@type":"PropertyValueSpecification","valueRequired":true,"valueName":"search_term_string"}}],"inLanguage":"en-US"},{"@type":"Organization","@id":"https://etecnic.bisiestodeveloper.es/en/#organization","name":"Etecnic","url":"https://etecnic.bisiestodeveloper.es/en/","logo":{"@type":"ImageObject","inLanguage":"en-US","@id":"https://etecnic.bisiestodeveloper.es/en/#/schema/logo/image/","url":"https://etecnic.bisiestodeveloper.es/wp-content/uploads/2025/06/logo-etecnic-blanco.png","contentUrl":"https://etecnic.bisiestodeveloper.es/wp-content/uploads/2025/06/logo-etecnic-blanco.png","width":1000,"height":500,"caption":"Etecnic"},"image":{"@id":"https://etecnic.bisiestodeveloper.es/en/#/schema/logo/image/"}}]}</script>
<!-- / Yoast SEO plugin. -->

Palol de Revardit instala un nuevo punto de recarga para vehículos eléctricos consiguiendo hacer más sostenible el municipio.
