{"id":36820,"date":"2023-05-15T13:11:20","date_gmt":"2023-05-15T13:11:20","guid":{"rendered":"https:\/\/etecnic.bisiestodeveloper.es\/avada_portfolio\/llica-damunt-installs-two-public-charging-points\/"},"modified":"2023-05-15T13:11:20","modified_gmt":"2023-05-15T13:11:20","slug":"llica-damunt-installs-two-public-charging-points","status":"publish","type":"avada_portfolio","link":"https:\/\/etecnic.bisiestodeveloper.es\/en\/avada_portfolio\/llica-damunt-installs-two-public-charging-points\/","title":{"rendered":"Lli\u00e7\u00e0 d&#8217;Amunt installs two public charging points"},"content":{"rendered":"<p>The <strong>Lli\u00e7\u00e0 d&#8217;Amunt City Council<\/strong> installs 2 new semi-fast charging points for electric vehicles. For both charging points, the CIRCUTOR model with a power output of 22 kW and two 22 kW outlets has been installed.<\/p>\n<p>With this new installation, the City Council manages to improve the municipality&#8217;s sustainability, encouraging the decarbonisation of the vehicle fleet.<\/p>\n<p>The chargers are managed by the City Council itself using the smart management software,<strong> <a title=\"\u200c\" href=\"https:\/\/evcharge.net\/\" target=\"_blank\" rel=\"noopener\">EVcharge.<\/a><\/strong> A SaaS platform implemented in over 3,000 charging points. <strong>Etecnic<\/strong> carries out the operation, maintenance, and technical support functions.<\/p>\n<p><strong>Etecnic<\/strong> offers <a href=\"\/?page_id=8556\"><strong><span style=\"color: windowtext; text-decoration: none; text-underline: none;\">vehicle charging solutions for public administrations<\/span><\/strong><\/a>, leading the market in these types of installations.<\/p>\n<p>MOVES III Program<\/p>\n<p>The Lli\u00e7\u00e0 d&#8217;Amunt City Council has obtained the <a href=\"https:\/\/etecnic.bisiestodeveloper.es\/uncategorized\/moves-3-cataluna-ayudas-para-puntos-de-recarga\/\"><strong>MOVES III<\/strong><\/a> subsidy for the installation of these charging points. In recent years, <a href=\"https:\/\/etecnic.bisiestodeveloper.es\/proyectos\/el-90-de-las-solicitudes-presentadas-por-etecnic-al-plan-moves-aprobadas\/\"><strong>Etecnic has successfully managed over 90% of the MOVES Plan applications<\/strong><\/a>.<\/p>\n<p>Charging points map<\/p>\n<p><span lang=\"ES\"><a href=\"\/?page_id=9632\"><span style=\"font-size: 10.5pt; font-family: Raleway; background: white;\">Here<\/span><\/a><\/span><span lang=\"ES\" style=\"font-size: 10.5pt; font-family: Raleway; color: #6d6d6d; background: white;\"> you can see all the charging points and their real-time availability.<\/span><\/p>\n","protected":false},"author":3,"featured_media":35759,"template":"","portfolio_tags":[],"portfolio_skills":[845],"portfolio_category":[599,600,601,602],"class_list":["post-36820","avada_portfolio","type-avada_portfolio","status-publish","has-post-thumbnail","hentry","portfolio_skills-circutor","portfolio_category-599","portfolio_category-publica","portfolio_category-punto-recarga","portfolio_category-semirrapida"],"yoast_head":"<!-- This site is optimized with the Yoast SEO plugin v26.5 - https:\/\/yoast.com\/wordpress\/plugins\/seo\/ -->\n<title>Lli\u00e7\u00e0 d&#039;Amunt installs a new charging point<\/title>\n<meta name=\"description\" content=\"Lli\u00e7\u00e0 d&#039;Amunt has installed a new charging point for electric vehicles, helping to make the town more sustainable.\" \/>\n<meta name=\"robots\" content=\"noindex, follow, max-snippet:-1, max-image-preview:large, max-video-preview:-1\" \/>\n<meta property=\"og:locale\" content=\"en_US\" \/>\n<meta property=\"og:type\" content=\"article\" \/>\n<meta property=\"og:title\" content=\"Lli\u00e7\u00e0 d&#039;Amunt installs a new charging point\" \/>\n<meta property=\"og:description\" content=\"Lli\u00e7\u00e0 d&#039;Amunt has installed a new charging point for electric vehicles, helping to make the town more sustainable.\" \/>\n<meta property=\"og:url\" content=\"https:\/\/etecnic.bisiestodeveloper.es\/en\/avada_portfolio\/llica-damunt-installs-two-public-charging-points\/\" \/>\n<meta property=\"og:site_name\" content=\"Etecnic\" \/>\n<meta property=\"og:image\" content=\"https:\/\/etecnic.bisiestodeveloper.es\/wp-content\/uploads\/2023\/05\/Asco.jpg\" \/>\n\t<meta property=\"og:image:width\" content=\"1080\" \/>\n\t<meta property=\"og:image:height\" content=\"1080\" \/>\n\t<meta property=\"og:image:type\" content=\"image\/jpeg\" \/>\n<meta name=\"twitter:card\" content=\"summary_large_image\" \/>\n<meta name=\"twitter:label1\" content=\"Est. reading time\" \/>\n\t<meta name=\"twitter:data1\" content=\"1 minute\" \/>\n<script type=\"application\/ld+json\" class=\"yoast-schema-graph\">{\"@context\":\"https:\/\/schema.org\",\"@graph\":[{\"@type\":\"WebPage\",\"@id\":\"https:\/\/etecnic.bisiestodeveloper.es\/en\/avada_portfolio\/llica-damunt-installs-two-public-charging-points\/\",\"url\":\"https:\/\/etecnic.bisiestodeveloper.es\/en\/avada_portfolio\/llica-damunt-installs-two-public-charging-points\/\",\"name\":\"Lli\u00e7\u00e0 d'Amunt installs a new charging point\",\"isPartOf\":{\"@id\":\"https:\/\/etecnic.bisiestodeveloper.es\/en\/#website\"},\"primaryImageOfPage\":{\"@id\":\"https:\/\/etecnic.bisiestodeveloper.es\/en\/avada_portfolio\/llica-damunt-installs-two-public-charging-points\/#primaryimage\"},\"image\":{\"@id\":\"https:\/\/etecnic.bisiestodeveloper.es\/en\/avada_portfolio\/llica-damunt-installs-two-public-charging-points\/#primaryimage\"},\"thumbnailUrl\":\"https:\/\/etecnic.bisiestodeveloper.es\/wp-content\/uploads\/2023\/05\/Asco.jpg\",\"datePublished\":\"2023-05-15T13:11:20+00:00\",\"description\":\"Lli\u00e7\u00e0 d'Amunt has installed a new charging point for electric vehicles, helping to make the town more sustainable.\",\"breadcrumb\":{\"@id\":\"https:\/\/etecnic.bisiestodeveloper.es\/en\/avada_portfolio\/llica-damunt-installs-two-public-charging-points\/#breadcrumb\"},\"inLanguage\":\"en-US\",\"potentialAction\":[{\"@type\":\"ReadAction\",\"target\":[\"https:\/\/etecnic.bisiestodeveloper.es\/en\/avada_portfolio\/llica-damunt-installs-two-public-charging-points\/\"]}]},{\"@type\":\"ImageObject\",\"inLanguage\":\"en-US\",\"@id\":\"https:\/\/etecnic.bisiestodeveloper.es\/en\/avada_portfolio\/llica-damunt-installs-two-public-charging-points\/#primaryimage\",\"url\":\"https:\/\/etecnic.bisiestodeveloper.es\/wp-content\/uploads\/2023\/05\/Asco.jpg\",\"contentUrl\":\"https:\/\/etecnic.bisiestodeveloper.es\/wp-content\/uploads\/2023\/05\/Asco.jpg\",\"width\":1080,\"height\":1080,\"caption\":\"Asco punto de recarga vehiculo electrico Etecnic\"},{\"@type\":\"BreadcrumbList\",\"@id\":\"https:\/\/etecnic.bisiestodeveloper.es\/en\/avada_portfolio\/llica-damunt-installs-two-public-charging-points\/#breadcrumb\",\"itemListElement\":[{\"@type\":\"ListItem\",\"position\":1,\"name\":\"Portada\",\"item\":\"https:\/\/etecnic.bisiestodeveloper.es\/en\/\"},{\"@type\":\"ListItem\",\"position\":2,\"name\":\"Portfolio\",\"item\":\"https:\/\/etecnic.bisiestodeveloper.es\/en\/avada_portfolio\/\"},{\"@type\":\"ListItem\",\"position\":3,\"name\":\"Lli\u00e7\u00e0 d&#8217;Amunt installs two public charging points\"}]},{\"@type\":\"WebSite\",\"@id\":\"https:\/\/etecnic.bisiestodeveloper.es\/en\/#website\",\"url\":\"https:\/\/etecnic.bisiestodeveloper.es\/en\/\",\"name\":\"Etecnic\",\"description\":\"\",\"publisher\":{\"@id\":\"https:\/\/etecnic.bisiestodeveloper.es\/en\/#organization\"},\"potentialAction\":[{\"@type\":\"SearchAction\",\"target\":{\"@type\":\"EntryPoint\",\"urlTemplate\":\"https:\/\/etecnic.bisiestodeveloper.es\/en\/?s={search_term_string}\"},\"query-input\":{\"@type\":\"PropertyValueSpecification\",\"valueRequired\":true,\"valueName\":\"search_term_string\"}}],\"inLanguage\":\"en-US\"},{\"@type\":\"Organization\",\"@id\":\"https:\/\/etecnic.bisiestodeveloper.es\/en\/#organization\",\"name\":\"Etecnic\",\"url\":\"https:\/\/etecnic.bisiestodeveloper.es\/en\/\",\"logo\":{\"@type\":\"ImageObject\",\"inLanguage\":\"en-US\",\"@id\":\"https:\/\/etecnic.bisiestodeveloper.es\/en\/#\/schema\/logo\/image\/\",\"url\":\"https:\/\/etecnic.bisiestodeveloper.es\/wp-content\/uploads\/2025\/06\/logo-etecnic-blanco.png\",\"contentUrl\":\"https:\/\/etecnic.bisiestodeveloper.es\/wp-content\/uploads\/2025\/06\/logo-etecnic-blanco.png\",\"width\":1000,\"height\":500,\"caption\":\"Etecnic\"},\"image\":{\"@id\":\"https:\/\/etecnic.bisiestodeveloper.es\/en\/#\/schema\/logo\/image\/\"}}]}<\/script>\n<!-- \/ Yoast SEO plugin. -->","yoast_head_json":{"title":"Lli\u00e7\u00e0 d'Amunt installs a new charging point","description":"Lli\u00e7\u00e0 d'Amunt has installed a new charging point for electric vehicles, helping to make the town more sustainable.","robots":{"index":"noindex","follow":"follow","max-snippet":"max-snippet:-1","max-image-preview":"max-image-preview:large","max-video-preview":"max-video-preview:-1"},"og_locale":"en_US","og_type":"article","og_title":"Lli\u00e7\u00e0 d'Amunt installs a new charging point","og_description":"Lli\u00e7\u00e0 d'Amunt has installed a new charging point for electric vehicles, helping to make the town more sustainable.","og_url":"https:\/\/etecnic.bisiestodeveloper.es\/en\/avada_portfolio\/llica-damunt-installs-two-public-charging-points\/","og_site_name":"Etecnic","og_image":[{"width":1080,"height":1080,"url":"https:\/\/etecnic.bisiestodeveloper.es\/wp-content\/uploads\/2023\/05\/Asco.jpg","type":"image\/jpeg"}],"twitter_card":"summary_large_image","twitter_misc":{"Est. reading time":"1 minute"},"schema":{"@context":"https:\/\/schema.org","@graph":[{"@type":"WebPage","@id":"https:\/\/etecnic.bisiestodeveloper.es\/en\/avada_portfolio\/llica-damunt-installs-two-public-charging-points\/","url":"https:\/\/etecnic.bisiestodeveloper.es\/en\/avada_portfolio\/llica-damunt-installs-two-public-charging-points\/","name":"Lli\u00e7\u00e0 d'Amunt installs a new charging point","isPartOf":{"@id":"https:\/\/etecnic.bisiestodeveloper.es\/en\/#website"},"primaryImageOfPage":{"@id":"https:\/\/etecnic.bisiestodeveloper.es\/en\/avada_portfolio\/llica-damunt-installs-two-public-charging-points\/#primaryimage"},"image":{"@id":"https:\/\/etecnic.bisiestodeveloper.es\/en\/avada_portfolio\/llica-damunt-installs-two-public-charging-points\/#primaryimage"},"thumbnailUrl":"https:\/\/etecnic.bisiestodeveloper.es\/wp-content\/uploads\/2023\/05\/Asco.jpg","datePublished":"2023-05-15T13:11:20+00:00","description":"Lli\u00e7\u00e0 d'Amunt has installed a new charging point for electric vehicles, helping to make the town more sustainable.","breadcrumb":{"@id":"https:\/\/etecnic.bisiestodeveloper.es\/en\/avada_portfolio\/llica-damunt-installs-two-public-charging-points\/#breadcrumb"},"inLanguage":"en-US","potentialAction":[{"@type":"ReadAction","target":["https:\/\/etecnic.bisiestodeveloper.es\/en\/avada_portfolio\/llica-damunt-installs-two-public-charging-points\/"]}]},{"@type":"ImageObject","inLanguage":"en-US","@id":"https:\/\/etecnic.bisiestodeveloper.es\/en\/avada_portfolio\/llica-damunt-installs-two-public-charging-points\/#primaryimage","url":"https:\/\/etecnic.bisiestodeveloper.es\/wp-content\/uploads\/2023\/05\/Asco.jpg","contentUrl":"https:\/\/etecnic.bisiestodeveloper.es\/wp-content\/uploads\/2023\/05\/Asco.jpg","width":1080,"height":1080,"caption":"Asco punto de recarga vehiculo electrico Etecnic"},{"@type":"BreadcrumbList","@id":"https:\/\/etecnic.bisiestodeveloper.es\/en\/avada_portfolio\/llica-damunt-installs-two-public-charging-points\/#breadcrumb","itemListElement":[{"@type":"ListItem","position":1,"name":"Portada","item":"https:\/\/etecnic.bisiestodeveloper.es\/en\/"},{"@type":"ListItem","position":2,"name":"Portfolio","item":"https:\/\/etecnic.bisiestodeveloper.es\/en\/avada_portfolio\/"},{"@type":"ListItem","position":3,"name":"Lli\u00e7\u00e0 d&#8217;Amunt installs two public charging points"}]},{"@type":"WebSite","@id":"https:\/\/etecnic.bisiestodeveloper.es\/en\/#website","url":"https:\/\/etecnic.bisiestodeveloper.es\/en\/","name":"Etecnic","description":"","publisher":{"@id":"https:\/\/etecnic.bisiestodeveloper.es\/en\/#organization"},"potentialAction":[{"@type":"SearchAction","target":{"@type":"EntryPoint","urlTemplate":"https:\/\/etecnic.bisiestodeveloper.es\/en\/?s={search_term_string}"},"query-input":{"@type":"PropertyValueSpecification","valueRequired":true,"valueName":"search_term_string"}}],"inLanguage":"en-US"},{"@type":"Organization","@id":"https:\/\/etecnic.bisiestodeveloper.es\/en\/#organization","name":"Etecnic","url":"https:\/\/etecnic.bisiestodeveloper.es\/en\/","logo":{"@type":"ImageObject","inLanguage":"en-US","@id":"https:\/\/etecnic.bisiestodeveloper.es\/en\/#\/schema\/logo\/image\/","url":"https:\/\/etecnic.bisiestodeveloper.es\/wp-content\/uploads\/2025\/06\/logo-etecnic-blanco.png","contentUrl":"https:\/\/etecnic.bisiestodeveloper.es\/wp-content\/uploads\/2025\/06\/logo-etecnic-blanco.png","width":1000,"height":500,"caption":"Etecnic"},"image":{"@id":"https:\/\/etecnic.bisiestodeveloper.es\/en\/#\/schema\/logo\/image\/"}}]}},"_links":{"self":[{"href":"https:\/\/etecnic.bisiestodeveloper.es\/en\/wp-json\/wp\/v2\/avada_portfolio\/36820","targetHints":{"allow":["GET"]}}],"collection":[{"href":"https:\/\/etecnic.bisiestodeveloper.es\/en\/wp-json\/wp\/v2\/avada_portfolio"}],"about":[{"href":"https:\/\/etecnic.bisiestodeveloper.es\/en\/wp-json\/wp\/v2\/types\/avada_portfolio"}],"author":[{"embeddable":true,"href":"https:\/\/etecnic.bisiestodeveloper.es\/en\/wp-json\/wp\/v2\/users\/3"}],"version-history":[{"count":0,"href":"https:\/\/etecnic.bisiestodeveloper.es\/en\/wp-json\/wp\/v2\/avada_portfolio\/36820\/revisions"}],"wp:featuredmedia":[{"embeddable":true,"href":"https:\/\/etecnic.bisiestodeveloper.es\/en\/wp-json\/wp\/v2\/media\/35759"}],"wp:attachment":[{"href":"https:\/\/etecnic.bisiestodeveloper.es\/en\/wp-json\/wp\/v2\/media?parent=36820"}],"wp:term":[{"taxonomy":"portfolio_tags","embeddable":true,"href":"https:\/\/etecnic.bisiestodeveloper.es\/en\/wp-json\/wp\/v2\/portfolio_tags?post=36820"},{"taxonomy":"portfolio_skills","embeddable":true,"href":"https:\/\/etecnic.bisiestodeveloper.es\/en\/wp-json\/wp\/v2\/portfolio_skills?post=36820"},{"taxonomy":"portfolio_category","embeddable":true,"href":"https:\/\/etecnic.bisiestodeveloper.es\/en\/wp-json\/wp\/v2\/portfolio_category?post=36820"}],"curies":[{"name":"wp","href":"https:\/\/api.w.org\/{rel}","templated":true}]}}

Lliçà d&#8217;Amunt installs two public charging points

<p>The <strong>Lliçà d&#8217;Amunt City Council</strong> installs 2 new semi-fast charging points for electric vehicles. For both charging points, the CIRCUTOR model with a power output of 22 kW and two 22 kW outlets has been installed.</p>
<p>With this new installation, the City Council manages to improve the municipality&#8217;s sustainability, encouraging the decarbonisation of the vehicle fleet.</p>
<p>The chargers are managed by the City Council itself using the smart management software,<strong> <a title="‌" href="https://evcharge.net/" target="_blank" rel="noopener">EVcharge.</a></strong> A SaaS platform implemented in over 3,000 charging points. <strong>Etecnic</strong> carries out the operation, maintenance, and technical support functions.</p>
<p><strong>Etecnic</strong> offers <a href="/?page_id=8556"><strong><span style="color: windowtext; text-decoration: none; text-underline: none;">vehicle charging solutions for public administrations</span></strong></a>, leading the market in these types of installations.</p>
<p>MOVES III Program</p>
<p>The Lliçà d&#8217;Amunt City Council has obtained the <a href="https://etecnic.bisiestodeveloper.es/uncategorized/moves-3-cataluna-ayudas-para-puntos-de-recarga/"><strong>MOVES III</strong></a> subsidy for the installation of these charging points. In recent years, <a href="https://etecnic.bisiestodeveloper.es/proyectos/el-90-de-las-solicitudes-presentadas-por-etecnic-al-plan-moves-aprobadas/"><strong>Etecnic has successfully managed over 90% of the MOVES Plan applications</strong></a>.</p>
<p>Charging points map</p>
<p><span lang="ES"><a href="/?page_id=9632"><span style="font-size: 10.5pt; font-family: Raleway; background: white;">Here</span></a></span><span lang="ES" style="font-size: 10.5pt; font-family: Raleway; color: #6d6d6d; background: white;"> you can see all the charging points and their real-time availability.</span></p>

<!-- This site is optimized with the Yoast SEO plugin v26.5 - https://yoast.com/wordpress/plugins/seo/ -->
<title>Lliçà d&#039;Amunt installs a new charging point</title>
<meta name="description" content="Lliçà d&#039;Amunt has installed a new charging point for electric vehicles, helping to make the town more sustainable." />
<meta name="robots" content="noindex, follow, max-snippet:-1, max-image-preview:large, max-video-preview:-1" />
<meta property="og:locale" content="en_US" />
<meta property="og:type" content="article" />
<meta property="og:title" content="Lliçà d&#039;Amunt installs a new charging point" />
<meta property="og:description" content="Lliçà d&#039;Amunt has installed a new charging point for electric vehicles, helping to make the town more sustainable." />
<meta property="og:url" content="https://etecnic.bisiestodeveloper.es/en/avada_portfolio/llica-damunt-installs-two-public-charging-points/" />
<meta property="og:site_name" content="Etecnic" />
<meta property="og:image" content="https://etecnic.bisiestodeveloper.es/wp-content/uploads/2023/05/Asco.jpg" />
	<meta property="og:image:width" content="1080" />
	<meta property="og:image:height" content="1080" />
	<meta property="og:image:type" content="image/jpeg" />
<meta name="twitter:card" content="summary_large_image" />
<meta name="twitter:label1" content="Est. reading time" />
	<meta name="twitter:data1" content="1 minute" />
<script type="application/ld+json" class="yoast-schema-graph">{"@context":"https://schema.org","@graph":[{"@type":"WebPage","@id":"https://etecnic.bisiestodeveloper.es/en/avada_portfolio/llica-damunt-installs-two-public-charging-points/","url":"https://etecnic.bisiestodeveloper.es/en/avada_portfolio/llica-damunt-installs-two-public-charging-points/","name":"Lliçà d'Amunt installs a new charging point","isPartOf":{"@id":"https://etecnic.bisiestodeveloper.es/en/#website"},"primaryImageOfPage":{"@id":"https://etecnic.bisiestodeveloper.es/en/avada_portfolio/llica-damunt-installs-two-public-charging-points/#primaryimage"},"image":{"@id":"https://etecnic.bisiestodeveloper.es/en/avada_portfolio/llica-damunt-installs-two-public-charging-points/#primaryimage"},"thumbnailUrl":"https://etecnic.bisiestodeveloper.es/wp-content/uploads/2023/05/Asco.jpg","datePublished":"2023-05-15T13:11:20+00:00","description":"Lliçà d'Amunt has installed a new charging point for electric vehicles, helping to make the town more sustainable.","breadcrumb":{"@id":"https://etecnic.bisiestodeveloper.es/en/avada_portfolio/llica-damunt-installs-two-public-charging-points/#breadcrumb"},"inLanguage":"en-US","potentialAction":[{"@type":"ReadAction","target":["https://etecnic.bisiestodeveloper.es/en/avada_portfolio/llica-damunt-installs-two-public-charging-points/"]}]},{"@type":"ImageObject","inLanguage":"en-US","@id":"https://etecnic.bisiestodeveloper.es/en/avada_portfolio/llica-damunt-installs-two-public-charging-points/#primaryimage","url":"https://etecnic.bisiestodeveloper.es/wp-content/uploads/2023/05/Asco.jpg","contentUrl":"https://etecnic.bisiestodeveloper.es/wp-content/uploads/2023/05/Asco.jpg","width":1080,"height":1080,"caption":"Asco punto de recarga vehiculo electrico Etecnic"},{"@type":"BreadcrumbList","@id":"https://etecnic.bisiestodeveloper.es/en/avada_portfolio/llica-damunt-installs-two-public-charging-points/#breadcrumb","itemListElement":[{"@type":"ListItem","position":1,"name":"Portada","item":"https://etecnic.bisiestodeveloper.es/en/"},{"@type":"ListItem","position":2,"name":"Portfolio","item":"https://etecnic.bisiestodeveloper.es/en/avada_portfolio/"},{"@type":"ListItem","position":3,"name":"Lliçà d&#8217;Amunt installs two public charging points"}]},{"@type":"WebSite","@id":"https://etecnic.bisiestodeveloper.es/en/#website","url":"https://etecnic.bisiestodeveloper.es/en/","name":"Etecnic","description":"","publisher":{"@id":"https://etecnic.bisiestodeveloper.es/en/#organization"},"potentialAction":[{"@type":"SearchAction","target":{"@type":"EntryPoint","urlTemplate":"https://etecnic.bisiestodeveloper.es/en/?s={search_term_string}"},"query-input":{"@type":"PropertyValueSpecification","valueRequired":true,"valueName":"search_term_string"}}],"inLanguage":"en-US"},{"@type":"Organization","@id":"https://etecnic.bisiestodeveloper.es/en/#organization","name":"Etecnic","url":"https://etecnic.bisiestodeveloper.es/en/","logo":{"@type":"ImageObject","inLanguage":"en-US","@id":"https://etecnic.bisiestodeveloper.es/en/#/schema/logo/image/","url":"https://etecnic.bisiestodeveloper.es/wp-content/uploads/2025/06/logo-etecnic-blanco.png","contentUrl":"https://etecnic.bisiestodeveloper.es/wp-content/uploads/2025/06/logo-etecnic-blanco.png","width":1000,"height":500,"caption":"Etecnic"},"image":{"@id":"https://etecnic.bisiestodeveloper.es/en/#/schema/logo/image/"}}]}</script>
<!-- / Yoast SEO plugin. -->

Lliçà d'Amunt installs a new charging point

Lliçà d'Amunt has installed a new charging point for electric vehicles, helping to make the town more sustainable.
