{"id":35508,"date":"2026-02-09T07:57:31","date_gmt":"2026-02-09T07:57:31","guid":{"rendered":"https:\/\/etecnic.bisiestodeveloper.es\/casos-de-exito\/etecnic-i-weiderauto-electric-inauguren-el-hub-de-recarrega-ultrarapida-sostenible-de-referencia-a-catalunya\/"},"modified":"2026-07-20T09:05:24","modified_gmt":"2026-07-20T09:05:24","slug":"etecnic-i-weiderauto-electric-inauguren-el-hub-de-recarrega-ultrarapida-sostenible-de-referencia-a-catalunya","status":"publish","type":"casos-de-exito","link":"https:\/\/etecnic.bisiestodeveloper.es\/ca\/casos-de-exito\/etecnic-i-weiderauto-electric-inauguren-el-hub-de-recarrega-ultrarapida-sostenible-de-referencia-a-catalunya\/","title":{"rendered":"Etecnic i WEIDERAUTO ELECTRIC inauguren el HUB de rec\u00e0rrega ultrar\u00e0pida sostenible de refer\u00e8ncia a Catalunya"},"author":4,"featured_media":33632,"template":"","categoria":[608,610],"class_list":["post-35508","casos-de-exito","type-casos-de-exito","status-publish","has-post-thumbnail","hentry","categoria-empresas","categoria-estaciones-de-servicio"],"yoast_head":"<!-- This site is optimized with the Yoast SEO plugin v26.5 - https:\/\/yoast.com\/wordpress\/plugins\/seo\/ -->\n<title>Etecnic i WEIDERAUTO inauguren un hub de rec\u00e0rrega a Catalunya<\/title>\n<meta name=\"description\" content=\"Tarragona es consolida com a referent en mobilitat el\u00e8ctrica amb la nova estaci\u00f3 de rec\u00e0rrega LOW COST by WEIDERAUTO ELECTRIC.\" \/>\n<meta name=\"robots\" content=\"noindex, follow, max-snippet:-1, max-image-preview:large, max-video-preview:-1\" \/>\n<meta property=\"og:locale\" content=\"ca_ES\" \/>\n<meta property=\"og:type\" content=\"article\" \/>\n<meta property=\"og:title\" content=\"Etecnic i WEIDERAUTO inauguren un hub de rec\u00e0rrega a Catalunya\" \/>\n<meta property=\"og:description\" content=\"Tarragona es consolida com a referent en mobilitat el\u00e8ctrica amb la nova estaci\u00f3 de rec\u00e0rrega LOW COST by WEIDERAUTO ELECTRIC.\" \/>\n<meta property=\"og:url\" content=\"https:\/\/etecnic.bisiestodeveloper.es\/ca\/casos-de-exito\/etecnic-i-weiderauto-electric-inauguren-el-hub-de-recarrega-ultrarapida-sostenible-de-referencia-a-catalunya\/\" \/>\n<meta property=\"og:site_name\" content=\"Etecnic\" \/>\n<meta property=\"article:modified_time\" content=\"2026-07-20T09:05:24+00:00\" \/>\n<meta property=\"og:image\" content=\"https:\/\/etecnic.bisiestodeveloper.es\/wp-content\/uploads\/2026\/01\/Caratula-Nova-Web-Etecnic-1.jpg\" \/>\n<meta name=\"twitter:card\" content=\"summary_large_image\" \/>\n<meta name=\"twitter:label1\" content=\"Temps estimat de lectura\" \/>\n\t<meta name=\"twitter:data1\" content=\"4 minuts\" \/>\n<script type=\"application\/ld+json\" class=\"yoast-schema-graph\">{\"@context\":\"https:\/\/schema.org\",\"@graph\":[{\"@type\":\"WebPage\",\"@id\":\"https:\/\/etecnic.bisiestodeveloper.es\/ca\/casos-de-exito\/etecnic-i-weiderauto-electric-inauguren-el-hub-de-recarrega-ultrarapida-sostenible-de-referencia-a-catalunya\/\",\"url\":\"https:\/\/etecnic.bisiestodeveloper.es\/ca\/casos-de-exito\/etecnic-i-weiderauto-electric-inauguren-el-hub-de-recarrega-ultrarapida-sostenible-de-referencia-a-catalunya\/\",\"name\":\"Etecnic i WEIDERAUTO inauguren un hub de rec\u00e0rrega a Catalunya\",\"isPartOf\":{\"@id\":\"https:\/\/etecnic.bisiestodeveloper.es\/ca\/#website\"},\"primaryImageOfPage\":{\"@id\":\"https:\/\/etecnic.bisiestodeveloper.es\/ca\/casos-de-exito\/etecnic-i-weiderauto-electric-inauguren-el-hub-de-recarrega-ultrarapida-sostenible-de-referencia-a-catalunya\/#primaryimage\"},\"image\":{\"@id\":\"https:\/\/etecnic.bisiestodeveloper.es\/ca\/casos-de-exito\/etecnic-i-weiderauto-electric-inauguren-el-hub-de-recarrega-ultrarapida-sostenible-de-referencia-a-catalunya\/#primaryimage\"},\"thumbnailUrl\":\"https:\/\/etecnic.bisiestodeveloper.es\/wp-content\/uploads\/2026\/02\/IMG_1315-web-1.jpg\",\"datePublished\":\"2026-02-09T07:57:31+00:00\",\"dateModified\":\"2026-07-20T09:05:24+00:00\",\"description\":\"Tarragona es consolida com a referent en mobilitat el\u00e8ctrica amb la nova estaci\u00f3 de rec\u00e0rrega LOW COST by WEIDERAUTO ELECTRIC.\",\"breadcrumb\":{\"@id\":\"https:\/\/etecnic.bisiestodeveloper.es\/ca\/casos-de-exito\/etecnic-i-weiderauto-electric-inauguren-el-hub-de-recarrega-ultrarapida-sostenible-de-referencia-a-catalunya\/#breadcrumb\"},\"inLanguage\":\"ca\",\"potentialAction\":[{\"@type\":\"ReadAction\",\"target\":[\"https:\/\/etecnic.bisiestodeveloper.es\/ca\/casos-de-exito\/etecnic-i-weiderauto-electric-inauguren-el-hub-de-recarrega-ultrarapida-sostenible-de-referencia-a-catalunya\/\"]}]},{\"@type\":\"ImageObject\",\"inLanguage\":\"ca\",\"@id\":\"https:\/\/etecnic.bisiestodeveloper.es\/ca\/casos-de-exito\/etecnic-i-weiderauto-electric-inauguren-el-hub-de-recarrega-ultrarapida-sostenible-de-referencia-a-catalunya\/#primaryimage\",\"url\":\"https:\/\/etecnic.bisiestodeveloper.es\/wp-content\/uploads\/2026\/02\/IMG_1315-web-1.jpg\",\"contentUrl\":\"https:\/\/etecnic.bisiestodeveloper.es\/wp-content\/uploads\/2026\/02\/IMG_1315-web-1.jpg\",\"width\":1800,\"height\":1350},{\"@type\":\"BreadcrumbList\",\"@id\":\"https:\/\/etecnic.bisiestodeveloper.es\/ca\/casos-de-exito\/etecnic-i-weiderauto-electric-inauguren-el-hub-de-recarrega-ultrarapida-sostenible-de-referencia-a-catalunya\/#breadcrumb\",\"itemListElement\":[{\"@type\":\"ListItem\",\"position\":1,\"name\":\"Portada\",\"item\":\"https:\/\/etecnic.bisiestodeveloper.es\/ca\/\"},{\"@type\":\"ListItem\",\"position\":2,\"name\":\"Casos de \u00e9xito\",\"item\":\"https:\/\/etecnic.bisiestodeveloper.es\/ca\/casos-de-exito\/\"},{\"@type\":\"ListItem\",\"position\":3,\"name\":\"Etecnic i WEIDERAUTO ELECTRIC inauguren el HUB de rec\u00e0rrega ultrar\u00e0pida sostenible de refer\u00e8ncia a Catalunya\"}]},{\"@type\":\"WebSite\",\"@id\":\"https:\/\/etecnic.bisiestodeveloper.es\/ca\/#website\",\"url\":\"https:\/\/etecnic.bisiestodeveloper.es\/ca\/\",\"name\":\"Etecnic\",\"description\":\"\",\"publisher\":{\"@id\":\"https:\/\/etecnic.bisiestodeveloper.es\/ca\/#organization\"},\"potentialAction\":[{\"@type\":\"SearchAction\",\"target\":{\"@type\":\"EntryPoint\",\"urlTemplate\":\"https:\/\/etecnic.bisiestodeveloper.es\/ca\/?s={search_term_string}\"},\"query-input\":{\"@type\":\"PropertyValueSpecification\",\"valueRequired\":true,\"valueName\":\"search_term_string\"}}],\"inLanguage\":\"ca\"},{\"@type\":\"Organization\",\"@id\":\"https:\/\/etecnic.bisiestodeveloper.es\/ca\/#organization\",\"name\":\"Etecnic\",\"url\":\"https:\/\/etecnic.bisiestodeveloper.es\/ca\/\",\"logo\":{\"@type\":\"ImageObject\",\"inLanguage\":\"ca\",\"@id\":\"https:\/\/etecnic.bisiestodeveloper.es\/ca\/#\/schema\/logo\/image\/\",\"url\":\"https:\/\/etecnic.bisiestodeveloper.es\/wp-content\/uploads\/2025\/06\/logo-etecnic-blanco.png\",\"contentUrl\":\"https:\/\/etecnic.bisiestodeveloper.es\/wp-content\/uploads\/2025\/06\/logo-etecnic-blanco.png\",\"width\":1000,\"height\":500,\"caption\":\"Etecnic\"},\"image\":{\"@id\":\"https:\/\/etecnic.bisiestodeveloper.es\/ca\/#\/schema\/logo\/image\/\"}}]}<\/script>\n<!-- \/ Yoast SEO plugin. -->","yoast_head_json":{"title":"Etecnic i WEIDERAUTO inauguren un hub de rec\u00e0rrega a Catalunya","description":"Tarragona es consolida com a referent en mobilitat el\u00e8ctrica amb la nova estaci\u00f3 de rec\u00e0rrega LOW COST by WEIDERAUTO ELECTRIC.","robots":{"index":"noindex","follow":"follow","max-snippet":"max-snippet:-1","max-image-preview":"max-image-preview:large","max-video-preview":"max-video-preview:-1"},"og_locale":"ca_ES","og_type":"article","og_title":"Etecnic i WEIDERAUTO inauguren un hub de rec\u00e0rrega a Catalunya","og_description":"Tarragona es consolida com a referent en mobilitat el\u00e8ctrica amb la nova estaci\u00f3 de rec\u00e0rrega LOW COST by WEIDERAUTO ELECTRIC.","og_url":"https:\/\/etecnic.bisiestodeveloper.es\/ca\/casos-de-exito\/etecnic-i-weiderauto-electric-inauguren-el-hub-de-recarrega-ultrarapida-sostenible-de-referencia-a-catalunya\/","og_site_name":"Etecnic","article_modified_time":"2026-07-20T09:05:24+00:00","og_image":[{"url":"https:\/\/etecnic.bisiestodeveloper.es\/wp-content\/uploads\/2026\/01\/Caratula-Nova-Web-Etecnic-1.jpg","type":"","width":"","height":""}],"twitter_card":"summary_large_image","twitter_misc":{"Temps estimat de lectura":"4 minuts"},"schema":{"@context":"https:\/\/schema.org","@graph":[{"@type":"WebPage","@id":"https:\/\/etecnic.bisiestodeveloper.es\/ca\/casos-de-exito\/etecnic-i-weiderauto-electric-inauguren-el-hub-de-recarrega-ultrarapida-sostenible-de-referencia-a-catalunya\/","url":"https:\/\/etecnic.bisiestodeveloper.es\/ca\/casos-de-exito\/etecnic-i-weiderauto-electric-inauguren-el-hub-de-recarrega-ultrarapida-sostenible-de-referencia-a-catalunya\/","name":"Etecnic i WEIDERAUTO inauguren un hub de rec\u00e0rrega a Catalunya","isPartOf":{"@id":"https:\/\/etecnic.bisiestodeveloper.es\/ca\/#website"},"primaryImageOfPage":{"@id":"https:\/\/etecnic.bisiestodeveloper.es\/ca\/casos-de-exito\/etecnic-i-weiderauto-electric-inauguren-el-hub-de-recarrega-ultrarapida-sostenible-de-referencia-a-catalunya\/#primaryimage"},"image":{"@id":"https:\/\/etecnic.bisiestodeveloper.es\/ca\/casos-de-exito\/etecnic-i-weiderauto-electric-inauguren-el-hub-de-recarrega-ultrarapida-sostenible-de-referencia-a-catalunya\/#primaryimage"},"thumbnailUrl":"https:\/\/etecnic.bisiestodeveloper.es\/wp-content\/uploads\/2026\/02\/IMG_1315-web-1.jpg","datePublished":"2026-02-09T07:57:31+00:00","dateModified":"2026-07-20T09:05:24+00:00","description":"Tarragona es consolida com a referent en mobilitat el\u00e8ctrica amb la nova estaci\u00f3 de rec\u00e0rrega LOW COST by WEIDERAUTO ELECTRIC.","breadcrumb":{"@id":"https:\/\/etecnic.bisiestodeveloper.es\/ca\/casos-de-exito\/etecnic-i-weiderauto-electric-inauguren-el-hub-de-recarrega-ultrarapida-sostenible-de-referencia-a-catalunya\/#breadcrumb"},"inLanguage":"ca","potentialAction":[{"@type":"ReadAction","target":["https:\/\/etecnic.bisiestodeveloper.es\/ca\/casos-de-exito\/etecnic-i-weiderauto-electric-inauguren-el-hub-de-recarrega-ultrarapida-sostenible-de-referencia-a-catalunya\/"]}]},{"@type":"ImageObject","inLanguage":"ca","@id":"https:\/\/etecnic.bisiestodeveloper.es\/ca\/casos-de-exito\/etecnic-i-weiderauto-electric-inauguren-el-hub-de-recarrega-ultrarapida-sostenible-de-referencia-a-catalunya\/#primaryimage","url":"https:\/\/etecnic.bisiestodeveloper.es\/wp-content\/uploads\/2026\/02\/IMG_1315-web-1.jpg","contentUrl":"https:\/\/etecnic.bisiestodeveloper.es\/wp-content\/uploads\/2026\/02\/IMG_1315-web-1.jpg","width":1800,"height":1350},{"@type":"BreadcrumbList","@id":"https:\/\/etecnic.bisiestodeveloper.es\/ca\/casos-de-exito\/etecnic-i-weiderauto-electric-inauguren-el-hub-de-recarrega-ultrarapida-sostenible-de-referencia-a-catalunya\/#breadcrumb","itemListElement":[{"@type":"ListItem","position":1,"name":"Portada","item":"https:\/\/etecnic.bisiestodeveloper.es\/ca\/"},{"@type":"ListItem","position":2,"name":"Casos de \u00e9xito","item":"https:\/\/etecnic.bisiestodeveloper.es\/ca\/casos-de-exito\/"},{"@type":"ListItem","position":3,"name":"Etecnic i WEIDERAUTO ELECTRIC inauguren el HUB de rec\u00e0rrega ultrar\u00e0pida sostenible de refer\u00e8ncia a Catalunya"}]},{"@type":"WebSite","@id":"https:\/\/etecnic.bisiestodeveloper.es\/ca\/#website","url":"https:\/\/etecnic.bisiestodeveloper.es\/ca\/","name":"Etecnic","description":"","publisher":{"@id":"https:\/\/etecnic.bisiestodeveloper.es\/ca\/#organization"},"potentialAction":[{"@type":"SearchAction","target":{"@type":"EntryPoint","urlTemplate":"https:\/\/etecnic.bisiestodeveloper.es\/ca\/?s={search_term_string}"},"query-input":{"@type":"PropertyValueSpecification","valueRequired":true,"valueName":"search_term_string"}}],"inLanguage":"ca"},{"@type":"Organization","@id":"https:\/\/etecnic.bisiestodeveloper.es\/ca\/#organization","name":"Etecnic","url":"https:\/\/etecnic.bisiestodeveloper.es\/ca\/","logo":{"@type":"ImageObject","inLanguage":"ca","@id":"https:\/\/etecnic.bisiestodeveloper.es\/ca\/#\/schema\/logo\/image\/","url":"https:\/\/etecnic.bisiestodeveloper.es\/wp-content\/uploads\/2025\/06\/logo-etecnic-blanco.png","contentUrl":"https:\/\/etecnic.bisiestodeveloper.es\/wp-content\/uploads\/2025\/06\/logo-etecnic-blanco.png","width":1000,"height":500,"caption":"Etecnic"},"image":{"@id":"https:\/\/etecnic.bisiestodeveloper.es\/ca\/#\/schema\/logo\/image\/"}}]}},"_links":{"self":[{"href":"https:\/\/etecnic.bisiestodeveloper.es\/ca\/wp-json\/wp\/v2\/casos-de-exito\/35508","targetHints":{"allow":["GET"]}}],"collection":[{"href":"https:\/\/etecnic.bisiestodeveloper.es\/ca\/wp-json\/wp\/v2\/casos-de-exito"}],"about":[{"href":"https:\/\/etecnic.bisiestodeveloper.es\/ca\/wp-json\/wp\/v2\/types\/casos-de-exito"}],"author":[{"embeddable":true,"href":"https:\/\/etecnic.bisiestodeveloper.es\/ca\/wp-json\/wp\/v2\/users\/4"}],"version-history":[{"count":1,"href":"https:\/\/etecnic.bisiestodeveloper.es\/ca\/wp-json\/wp\/v2\/casos-de-exito\/35508\/revisions"}],"predecessor-version":[{"id":35510,"href":"https:\/\/etecnic.bisiestodeveloper.es\/ca\/wp-json\/wp\/v2\/casos-de-exito\/35508\/revisions\/35510"}],"wp:featuredmedia":[{"embeddable":true,"href":"https:\/\/etecnic.bisiestodeveloper.es\/ca\/wp-json\/wp\/v2\/media\/33632"}],"wp:attachment":[{"href":"https:\/\/etecnic.bisiestodeveloper.es\/ca\/wp-json\/wp\/v2\/media?parent=35508"}],"wp:term":[{"taxonomy":"categoria","embeddable":true,"href":"https:\/\/etecnic.bisiestodeveloper.es\/ca\/wp-json\/wp\/v2\/categoria?post=35508"}],"curies":[{"name":"wp","href":"https:\/\/api.w.org\/{rel}","templated":true}]}}

Etecnic i WEIDERAUTO ELECTRIC inauguren el HUB de recàrrega ultraràpida sostenible de referència a Catalunya

<!-- This site is optimized with the Yoast SEO plugin v26.5 - https://yoast.com/wordpress/plugins/seo/ -->
<title>Etecnic i WEIDERAUTO inauguren un hub de recàrrega a Catalunya</title>
<meta name="description" content="Tarragona es consolida com a referent en mobilitat elèctrica amb la nova estació de recàrrega LOW COST by WEIDERAUTO ELECTRIC." />
<meta name="robots" content="noindex, follow, max-snippet:-1, max-image-preview:large, max-video-preview:-1" />
<meta property="og:locale" content="ca_ES" />
<meta property="og:type" content="article" />
<meta property="og:title" content="Etecnic i WEIDERAUTO inauguren un hub de recàrrega a Catalunya" />
<meta property="og:description" content="Tarragona es consolida com a referent en mobilitat elèctrica amb la nova estació de recàrrega LOW COST by WEIDERAUTO ELECTRIC." />
<meta property="og:url" content="https://etecnic.bisiestodeveloper.es/ca/casos-de-exito/etecnic-i-weiderauto-electric-inauguren-el-hub-de-recarrega-ultrarapida-sostenible-de-referencia-a-catalunya/" />
<meta property="og:site_name" content="Etecnic" />
<meta property="article:modified_time" content="2026-07-20T09:05:24+00:00" />
<meta property="og:image" content="https://etecnic.bisiestodeveloper.es/wp-content/uploads/2026/01/Caratula-Nova-Web-Etecnic-1.jpg" />
<meta name="twitter:card" content="summary_large_image" />
<meta name="twitter:label1" content="Temps estimat de lectura" />
	<meta name="twitter:data1" content="4 minuts" />
<script type="application/ld+json" class="yoast-schema-graph">{"@context":"https://schema.org","@graph":[{"@type":"WebPage","@id":"https://etecnic.bisiestodeveloper.es/ca/casos-de-exito/etecnic-i-weiderauto-electric-inauguren-el-hub-de-recarrega-ultrarapida-sostenible-de-referencia-a-catalunya/","url":"https://etecnic.bisiestodeveloper.es/ca/casos-de-exito/etecnic-i-weiderauto-electric-inauguren-el-hub-de-recarrega-ultrarapida-sostenible-de-referencia-a-catalunya/","name":"Etecnic i WEIDERAUTO inauguren un hub de recàrrega a Catalunya","isPartOf":{"@id":"https://etecnic.bisiestodeveloper.es/ca/#website"},"primaryImageOfPage":{"@id":"https://etecnic.bisiestodeveloper.es/ca/casos-de-exito/etecnic-i-weiderauto-electric-inauguren-el-hub-de-recarrega-ultrarapida-sostenible-de-referencia-a-catalunya/#primaryimage"},"image":{"@id":"https://etecnic.bisiestodeveloper.es/ca/casos-de-exito/etecnic-i-weiderauto-electric-inauguren-el-hub-de-recarrega-ultrarapida-sostenible-de-referencia-a-catalunya/#primaryimage"},"thumbnailUrl":"https://etecnic.bisiestodeveloper.es/wp-content/uploads/2026/02/IMG_1315-web-1.jpg","datePublished":"2026-02-09T07:57:31+00:00","dateModified":"2026-07-20T09:05:24+00:00","description":"Tarragona es consolida com a referent en mobilitat elèctrica amb la nova estació de recàrrega LOW COST by WEIDERAUTO ELECTRIC.","breadcrumb":{"@id":"https://etecnic.bisiestodeveloper.es/ca/casos-de-exito/etecnic-i-weiderauto-electric-inauguren-el-hub-de-recarrega-ultrarapida-sostenible-de-referencia-a-catalunya/#breadcrumb"},"inLanguage":"ca","potentialAction":[{"@type":"ReadAction","target":["https://etecnic.bisiestodeveloper.es/ca/casos-de-exito/etecnic-i-weiderauto-electric-inauguren-el-hub-de-recarrega-ultrarapida-sostenible-de-referencia-a-catalunya/"]}]},{"@type":"ImageObject","inLanguage":"ca","@id":"https://etecnic.bisiestodeveloper.es/ca/casos-de-exito/etecnic-i-weiderauto-electric-inauguren-el-hub-de-recarrega-ultrarapida-sostenible-de-referencia-a-catalunya/#primaryimage","url":"https://etecnic.bisiestodeveloper.es/wp-content/uploads/2026/02/IMG_1315-web-1.jpg","contentUrl":"https://etecnic.bisiestodeveloper.es/wp-content/uploads/2026/02/IMG_1315-web-1.jpg","width":1800,"height":1350},{"@type":"BreadcrumbList","@id":"https://etecnic.bisiestodeveloper.es/ca/casos-de-exito/etecnic-i-weiderauto-electric-inauguren-el-hub-de-recarrega-ultrarapida-sostenible-de-referencia-a-catalunya/#breadcrumb","itemListElement":[{"@type":"ListItem","position":1,"name":"Portada","item":"https://etecnic.bisiestodeveloper.es/ca/"},{"@type":"ListItem","position":2,"name":"Casos de éxito","item":"https://etecnic.bisiestodeveloper.es/ca/casos-de-exito/"},{"@type":"ListItem","position":3,"name":"Etecnic i WEIDERAUTO ELECTRIC inauguren el HUB de recàrrega ultraràpida sostenible de referència a Catalunya"}]},{"@type":"WebSite","@id":"https://etecnic.bisiestodeveloper.es/ca/#website","url":"https://etecnic.bisiestodeveloper.es/ca/","name":"Etecnic","description":"","publisher":{"@id":"https://etecnic.bisiestodeveloper.es/ca/#organization"},"potentialAction":[{"@type":"SearchAction","target":{"@type":"EntryPoint","urlTemplate":"https://etecnic.bisiestodeveloper.es/ca/?s={search_term_string}"},"query-input":{"@type":"PropertyValueSpecification","valueRequired":true,"valueName":"search_term_string"}}],"inLanguage":"ca"},{"@type":"Organization","@id":"https://etecnic.bisiestodeveloper.es/ca/#organization","name":"Etecnic","url":"https://etecnic.bisiestodeveloper.es/ca/","logo":{"@type":"ImageObject","inLanguage":"ca","@id":"https://etecnic.bisiestodeveloper.es/ca/#/schema/logo/image/","url":"https://etecnic.bisiestodeveloper.es/wp-content/uploads/2025/06/logo-etecnic-blanco.png","contentUrl":"https://etecnic.bisiestodeveloper.es/wp-content/uploads/2025/06/logo-etecnic-blanco.png","width":1000,"height":500,"caption":"Etecnic"},"image":{"@id":"https://etecnic.bisiestodeveloper.es/ca/#/schema/logo/image/"}}]}</script>
<!-- / Yoast SEO plugin. -->

Etecnic i WEIDERAUTO inauguren un hub de recàrrega a Catalunya

Tarragona es consolida com a referent en mobilitat elèctrica amb la nova estació de recàrrega LOW COST by WEIDERAUTO ELECTRIC.

Casos de éxito
