{"id":35497,"date":"2026-02-09T08:38:26","date_gmt":"2026-02-09T08:38:26","guid":{"rendered":"https:\/\/etecnic.bisiestodeveloper.es\/casos-de-exito\/el-projecte-de-mobilitat-electrica-de-mataro-de-la-ma-de-etecnic\/"},"modified":"2026-07-20T08:51:40","modified_gmt":"2026-07-20T08:51:40","slug":"el-projecte-de-mobilitat-electrica-de-mataro-de-la-ma-de-etecnic","status":"publish","type":"casos-de-exito","link":"https:\/\/etecnic.bisiestodeveloper.es\/ca\/casos-de-exito\/el-projecte-de-mobilitat-electrica-de-mataro-de-la-ma-de-etecnic\/","title":{"rendered":"El projecte de mobilitat el\u00e8ctrica de Matar\u00f3 de la m\u00e0 de Etecnic"},"author":4,"featured_media":35495,"template":"","categoria":[607],"class_list":["post-35497","casos-de-exito","type-casos-de-exito","status-publish","has-post-thumbnail","hentry","categoria-administracion-publica"],"yoast_head":"<!-- This site is optimized with the Yoast SEO plugin v26.5 - https:\/\/yoast.com\/wordpress\/plugins\/seo\/ -->\n<title>El projecte de mobilitat el\u00e8ctrica de Matar\u00f3 de la m\u00e0 de Etecnic<\/title>\n<meta name=\"description\" content=\"Entrevista a David Gabald\u00f3n, cap de l&#039;\u00e0rea de mobilitat de PUMSA, sobre els avan\u00e7os i reptes de la mobilitat urbana.\" \/>\n<meta name=\"robots\" content=\"noindex, follow, max-snippet:-1, max-image-preview:large, max-video-preview:-1\" \/>\n<meta property=\"og:locale\" content=\"ca_ES\" \/>\n<meta property=\"og:type\" content=\"article\" \/>\n<meta property=\"og:title\" content=\"El projecte de mobilitat el\u00e8ctrica de Matar\u00f3 de la m\u00e0 de Etecnic\" \/>\n<meta property=\"og:description\" content=\"Entrevista a David Gabald\u00f3n, cap de l&#039;\u00e0rea de mobilitat de PUMSA, sobre els avan\u00e7os i reptes de la mobilitat urbana.\" \/>\n<meta property=\"og:url\" content=\"https:\/\/etecnic.bisiestodeveloper.es\/ca\/casos-de-exito\/el-projecte-de-mobilitat-electrica-de-mataro-de-la-ma-de-etecnic\/\" \/>\n<meta property=\"og:site_name\" content=\"Etecnic\" \/>\n<meta property=\"article:modified_time\" content=\"2026-07-20T08:51:40+00:00\" \/>\n<meta property=\"og:image\" content=\"https:\/\/etecnic.bisiestodeveloper.es\/wp-content\/uploads\/2026\/01\/Caratula-Casos-de-exito-Nova-Web-Etecnic-1.jpg\" \/>\n<meta name=\"twitter:card\" content=\"summary_large_image\" \/>\n<meta name=\"twitter:label1\" content=\"Temps estimat de lectura\" \/>\n\t<meta name=\"twitter:data1\" content=\"4 minuts\" \/>\n<script type=\"application\/ld+json\" class=\"yoast-schema-graph\">{\"@context\":\"https:\/\/schema.org\",\"@graph\":[{\"@type\":\"WebPage\",\"@id\":\"https:\/\/etecnic.bisiestodeveloper.es\/ca\/casos-de-exito\/el-projecte-de-mobilitat-electrica-de-mataro-de-la-ma-de-etecnic\/\",\"url\":\"https:\/\/etecnic.bisiestodeveloper.es\/ca\/casos-de-exito\/el-projecte-de-mobilitat-electrica-de-mataro-de-la-ma-de-etecnic\/\",\"name\":\"El projecte de mobilitat el\u00e8ctrica de Matar\u00f3 de la m\u00e0 de Etecnic\",\"isPartOf\":{\"@id\":\"https:\/\/etecnic.bisiestodeveloper.es\/ca\/#website\"},\"primaryImageOfPage\":{\"@id\":\"https:\/\/etecnic.bisiestodeveloper.es\/ca\/casos-de-exito\/el-projecte-de-mobilitat-electrica-de-mataro-de-la-ma-de-etecnic\/#primaryimage\"},\"image\":{\"@id\":\"https:\/\/etecnic.bisiestodeveloper.es\/ca\/casos-de-exito\/el-projecte-de-mobilitat-electrica-de-mataro-de-la-ma-de-etecnic\/#primaryimage\"},\"thumbnailUrl\":\"https:\/\/etecnic.bisiestodeveloper.es\/wp-content\/uploads\/2026\/01\/Caratula-Casos-de-exito-Nova-Web-Etecnic-1.jpg\",\"datePublished\":\"2026-02-09T08:38:26+00:00\",\"dateModified\":\"2026-07-20T08:51:40+00:00\",\"description\":\"Entrevista a David Gabald\u00f3n, cap de l'\u00e0rea de mobilitat de PUMSA, sobre els avan\u00e7os i reptes de la mobilitat urbana.\",\"breadcrumb\":{\"@id\":\"https:\/\/etecnic.bisiestodeveloper.es\/ca\/casos-de-exito\/el-projecte-de-mobilitat-electrica-de-mataro-de-la-ma-de-etecnic\/#breadcrumb\"},\"inLanguage\":\"ca\",\"potentialAction\":[{\"@type\":\"ReadAction\",\"target\":[\"https:\/\/etecnic.bisiestodeveloper.es\/ca\/casos-de-exito\/el-projecte-de-mobilitat-electrica-de-mataro-de-la-ma-de-etecnic\/\"]}]},{\"@type\":\"ImageObject\",\"inLanguage\":\"ca\",\"@id\":\"https:\/\/etecnic.bisiestodeveloper.es\/ca\/casos-de-exito\/el-projecte-de-mobilitat-electrica-de-mataro-de-la-ma-de-etecnic\/#primaryimage\",\"url\":\"https:\/\/etecnic.bisiestodeveloper.es\/wp-content\/uploads\/2026\/01\/Caratula-Casos-de-exito-Nova-Web-Etecnic-1.jpg\",\"contentUrl\":\"https:\/\/etecnic.bisiestodeveloper.es\/wp-content\/uploads\/2026\/01\/Caratula-Casos-de-exito-Nova-Web-Etecnic-1.jpg\",\"width\":1280,\"height\":480},{\"@type\":\"BreadcrumbList\",\"@id\":\"https:\/\/etecnic.bisiestodeveloper.es\/ca\/casos-de-exito\/el-projecte-de-mobilitat-electrica-de-mataro-de-la-ma-de-etecnic\/#breadcrumb\",\"itemListElement\":[{\"@type\":\"ListItem\",\"position\":1,\"name\":\"Portada\",\"item\":\"https:\/\/etecnic.bisiestodeveloper.es\/ca\/\"},{\"@type\":\"ListItem\",\"position\":2,\"name\":\"Casos de \u00e9xito\",\"item\":\"https:\/\/etecnic.bisiestodeveloper.es\/ca\/casos-de-exito\/\"},{\"@type\":\"ListItem\",\"position\":3,\"name\":\"El projecte de mobilitat el\u00e8ctrica de Matar\u00f3 de la m\u00e0 de Etecnic\"}]},{\"@type\":\"WebSite\",\"@id\":\"https:\/\/etecnic.bisiestodeveloper.es\/ca\/#website\",\"url\":\"https:\/\/etecnic.bisiestodeveloper.es\/ca\/\",\"name\":\"Etecnic\",\"description\":\"\",\"publisher\":{\"@id\":\"https:\/\/etecnic.bisiestodeveloper.es\/ca\/#organization\"},\"potentialAction\":[{\"@type\":\"SearchAction\",\"target\":{\"@type\":\"EntryPoint\",\"urlTemplate\":\"https:\/\/etecnic.bisiestodeveloper.es\/ca\/?s={search_term_string}\"},\"query-input\":{\"@type\":\"PropertyValueSpecification\",\"valueRequired\":true,\"valueName\":\"search_term_string\"}}],\"inLanguage\":\"ca\"},{\"@type\":\"Organization\",\"@id\":\"https:\/\/etecnic.bisiestodeveloper.es\/ca\/#organization\",\"name\":\"Etecnic\",\"url\":\"https:\/\/etecnic.bisiestodeveloper.es\/ca\/\",\"logo\":{\"@type\":\"ImageObject\",\"inLanguage\":\"ca\",\"@id\":\"https:\/\/etecnic.bisiestodeveloper.es\/ca\/#\/schema\/logo\/image\/\",\"url\":\"https:\/\/etecnic.bisiestodeveloper.es\/wp-content\/uploads\/2025\/06\/logo-etecnic-blanco.png\",\"contentUrl\":\"https:\/\/etecnic.bisiestodeveloper.es\/wp-content\/uploads\/2025\/06\/logo-etecnic-blanco.png\",\"width\":1000,\"height\":500,\"caption\":\"Etecnic\"},\"image\":{\"@id\":\"https:\/\/etecnic.bisiestodeveloper.es\/ca\/#\/schema\/logo\/image\/\"}}]}<\/script>\n<!-- \/ Yoast SEO plugin. -->","yoast_head_json":{"title":"El projecte de mobilitat el\u00e8ctrica de Matar\u00f3 de la m\u00e0 de Etecnic","description":"Entrevista a David Gabald\u00f3n, cap de l'\u00e0rea de mobilitat de PUMSA, sobre els avan\u00e7os i reptes de la mobilitat urbana.","robots":{"index":"noindex","follow":"follow","max-snippet":"max-snippet:-1","max-image-preview":"max-image-preview:large","max-video-preview":"max-video-preview:-1"},"og_locale":"ca_ES","og_type":"article","og_title":"El projecte de mobilitat el\u00e8ctrica de Matar\u00f3 de la m\u00e0 de Etecnic","og_description":"Entrevista a David Gabald\u00f3n, cap de l'\u00e0rea de mobilitat de PUMSA, sobre els avan\u00e7os i reptes de la mobilitat urbana.","og_url":"https:\/\/etecnic.bisiestodeveloper.es\/ca\/casos-de-exito\/el-projecte-de-mobilitat-electrica-de-mataro-de-la-ma-de-etecnic\/","og_site_name":"Etecnic","article_modified_time":"2026-07-20T08:51:40+00:00","og_image":[{"url":"https:\/\/etecnic.bisiestodeveloper.es\/wp-content\/uploads\/2026\/01\/Caratula-Casos-de-exito-Nova-Web-Etecnic-1.jpg","type":"","width":"","height":""}],"twitter_card":"summary_large_image","twitter_misc":{"Temps estimat de lectura":"4 minuts"},"schema":{"@context":"https:\/\/schema.org","@graph":[{"@type":"WebPage","@id":"https:\/\/etecnic.bisiestodeveloper.es\/ca\/casos-de-exito\/el-projecte-de-mobilitat-electrica-de-mataro-de-la-ma-de-etecnic\/","url":"https:\/\/etecnic.bisiestodeveloper.es\/ca\/casos-de-exito\/el-projecte-de-mobilitat-electrica-de-mataro-de-la-ma-de-etecnic\/","name":"El projecte de mobilitat el\u00e8ctrica de Matar\u00f3 de la m\u00e0 de Etecnic","isPartOf":{"@id":"https:\/\/etecnic.bisiestodeveloper.es\/ca\/#website"},"primaryImageOfPage":{"@id":"https:\/\/etecnic.bisiestodeveloper.es\/ca\/casos-de-exito\/el-projecte-de-mobilitat-electrica-de-mataro-de-la-ma-de-etecnic\/#primaryimage"},"image":{"@id":"https:\/\/etecnic.bisiestodeveloper.es\/ca\/casos-de-exito\/el-projecte-de-mobilitat-electrica-de-mataro-de-la-ma-de-etecnic\/#primaryimage"},"thumbnailUrl":"https:\/\/etecnic.bisiestodeveloper.es\/wp-content\/uploads\/2026\/01\/Caratula-Casos-de-exito-Nova-Web-Etecnic-1.jpg","datePublished":"2026-02-09T08:38:26+00:00","dateModified":"2026-07-20T08:51:40+00:00","description":"Entrevista a David Gabald\u00f3n, cap de l'\u00e0rea de mobilitat de PUMSA, sobre els avan\u00e7os i reptes de la mobilitat urbana.","breadcrumb":{"@id":"https:\/\/etecnic.bisiestodeveloper.es\/ca\/casos-de-exito\/el-projecte-de-mobilitat-electrica-de-mataro-de-la-ma-de-etecnic\/#breadcrumb"},"inLanguage":"ca","potentialAction":[{"@type":"ReadAction","target":["https:\/\/etecnic.bisiestodeveloper.es\/ca\/casos-de-exito\/el-projecte-de-mobilitat-electrica-de-mataro-de-la-ma-de-etecnic\/"]}]},{"@type":"ImageObject","inLanguage":"ca","@id":"https:\/\/etecnic.bisiestodeveloper.es\/ca\/casos-de-exito\/el-projecte-de-mobilitat-electrica-de-mataro-de-la-ma-de-etecnic\/#primaryimage","url":"https:\/\/etecnic.bisiestodeveloper.es\/wp-content\/uploads\/2026\/01\/Caratula-Casos-de-exito-Nova-Web-Etecnic-1.jpg","contentUrl":"https:\/\/etecnic.bisiestodeveloper.es\/wp-content\/uploads\/2026\/01\/Caratula-Casos-de-exito-Nova-Web-Etecnic-1.jpg","width":1280,"height":480},{"@type":"BreadcrumbList","@id":"https:\/\/etecnic.bisiestodeveloper.es\/ca\/casos-de-exito\/el-projecte-de-mobilitat-electrica-de-mataro-de-la-ma-de-etecnic\/#breadcrumb","itemListElement":[{"@type":"ListItem","position":1,"name":"Portada","item":"https:\/\/etecnic.bisiestodeveloper.es\/ca\/"},{"@type":"ListItem","position":2,"name":"Casos de \u00e9xito","item":"https:\/\/etecnic.bisiestodeveloper.es\/ca\/casos-de-exito\/"},{"@type":"ListItem","position":3,"name":"El projecte de mobilitat el\u00e8ctrica de Matar\u00f3 de la m\u00e0 de Etecnic"}]},{"@type":"WebSite","@id":"https:\/\/etecnic.bisiestodeveloper.es\/ca\/#website","url":"https:\/\/etecnic.bisiestodeveloper.es\/ca\/","name":"Etecnic","description":"","publisher":{"@id":"https:\/\/etecnic.bisiestodeveloper.es\/ca\/#organization"},"potentialAction":[{"@type":"SearchAction","target":{"@type":"EntryPoint","urlTemplate":"https:\/\/etecnic.bisiestodeveloper.es\/ca\/?s={search_term_string}"},"query-input":{"@type":"PropertyValueSpecification","valueRequired":true,"valueName":"search_term_string"}}],"inLanguage":"ca"},{"@type":"Organization","@id":"https:\/\/etecnic.bisiestodeveloper.es\/ca\/#organization","name":"Etecnic","url":"https:\/\/etecnic.bisiestodeveloper.es\/ca\/","logo":{"@type":"ImageObject","inLanguage":"ca","@id":"https:\/\/etecnic.bisiestodeveloper.es\/ca\/#\/schema\/logo\/image\/","url":"https:\/\/etecnic.bisiestodeveloper.es\/wp-content\/uploads\/2025\/06\/logo-etecnic-blanco.png","contentUrl":"https:\/\/etecnic.bisiestodeveloper.es\/wp-content\/uploads\/2025\/06\/logo-etecnic-blanco.png","width":1000,"height":500,"caption":"Etecnic"},"image":{"@id":"https:\/\/etecnic.bisiestodeveloper.es\/ca\/#\/schema\/logo\/image\/"}}]}},"_links":{"self":[{"href":"https:\/\/etecnic.bisiestodeveloper.es\/ca\/wp-json\/wp\/v2\/casos-de-exito\/35497","targetHints":{"allow":["GET"]}}],"collection":[{"href":"https:\/\/etecnic.bisiestodeveloper.es\/ca\/wp-json\/wp\/v2\/casos-de-exito"}],"about":[{"href":"https:\/\/etecnic.bisiestodeveloper.es\/ca\/wp-json\/wp\/v2\/types\/casos-de-exito"}],"author":[{"embeddable":true,"href":"https:\/\/etecnic.bisiestodeveloper.es\/ca\/wp-json\/wp\/v2\/users\/4"}],"version-history":[{"count":1,"href":"https:\/\/etecnic.bisiestodeveloper.es\/ca\/wp-json\/wp\/v2\/casos-de-exito\/35497\/revisions"}],"predecessor-version":[{"id":35500,"href":"https:\/\/etecnic.bisiestodeveloper.es\/ca\/wp-json\/wp\/v2\/casos-de-exito\/35497\/revisions\/35500"}],"wp:attachment":[{"href":"https:\/\/etecnic.bisiestodeveloper.es\/ca\/wp-json\/wp\/v2\/media?parent=35497"}],"wp:term":[{"taxonomy":"categoria","embeddable":true,"href":"https:\/\/etecnic.bisiestodeveloper.es\/ca\/wp-json\/wp\/v2\/categoria?post=35497"}],"curies":[{"name":"wp","href":"https:\/\/api.w.org\/{rel}","templated":true}]}}

El projecte de mobilitat elèctrica de Mataró de la mà de Etecnic

<!-- This site is optimized with the Yoast SEO plugin v26.5 - https://yoast.com/wordpress/plugins/seo/ -->
<title>El projecte de mobilitat elèctrica de Mataró de la mà de Etecnic</title>
<meta name="description" content="Entrevista a David Gabaldón, cap de l&#039;àrea de mobilitat de PUMSA, sobre els avanços i reptes de la mobilitat urbana." />
<meta name="robots" content="noindex, follow, max-snippet:-1, max-image-preview:large, max-video-preview:-1" />
<meta property="og:locale" content="ca_ES" />
<meta property="og:type" content="article" />
<meta property="og:title" content="El projecte de mobilitat elèctrica de Mataró de la mà de Etecnic" />
<meta property="og:description" content="Entrevista a David Gabaldón, cap de l&#039;àrea de mobilitat de PUMSA, sobre els avanços i reptes de la mobilitat urbana." />
<meta property="og:url" content="https://etecnic.bisiestodeveloper.es/ca/casos-de-exito/el-projecte-de-mobilitat-electrica-de-mataro-de-la-ma-de-etecnic/" />
<meta property="og:site_name" content="Etecnic" />
<meta property="article:modified_time" content="2026-07-20T08:51:40+00:00" />
<meta property="og:image" content="https://etecnic.bisiestodeveloper.es/wp-content/uploads/2026/01/Caratula-Casos-de-exito-Nova-Web-Etecnic-1.jpg" />
<meta name="twitter:card" content="summary_large_image" />
<meta name="twitter:label1" content="Temps estimat de lectura" />
	<meta name="twitter:data1" content="4 minuts" />
<script type="application/ld+json" class="yoast-schema-graph">{"@context":"https://schema.org","@graph":[{"@type":"WebPage","@id":"https://etecnic.bisiestodeveloper.es/ca/casos-de-exito/el-projecte-de-mobilitat-electrica-de-mataro-de-la-ma-de-etecnic/","url":"https://etecnic.bisiestodeveloper.es/ca/casos-de-exito/el-projecte-de-mobilitat-electrica-de-mataro-de-la-ma-de-etecnic/","name":"El projecte de mobilitat elèctrica de Mataró de la mà de Etecnic","isPartOf":{"@id":"https://etecnic.bisiestodeveloper.es/ca/#website"},"primaryImageOfPage":{"@id":"https://etecnic.bisiestodeveloper.es/ca/casos-de-exito/el-projecte-de-mobilitat-electrica-de-mataro-de-la-ma-de-etecnic/#primaryimage"},"image":{"@id":"https://etecnic.bisiestodeveloper.es/ca/casos-de-exito/el-projecte-de-mobilitat-electrica-de-mataro-de-la-ma-de-etecnic/#primaryimage"},"thumbnailUrl":"https://etecnic.bisiestodeveloper.es/wp-content/uploads/2026/01/Caratula-Casos-de-exito-Nova-Web-Etecnic-1.jpg","datePublished":"2026-02-09T08:38:26+00:00","dateModified":"2026-07-20T08:51:40+00:00","description":"Entrevista a David Gabaldón, cap de l'àrea de mobilitat de PUMSA, sobre els avanços i reptes de la mobilitat urbana.","breadcrumb":{"@id":"https://etecnic.bisiestodeveloper.es/ca/casos-de-exito/el-projecte-de-mobilitat-electrica-de-mataro-de-la-ma-de-etecnic/#breadcrumb"},"inLanguage":"ca","potentialAction":[{"@type":"ReadAction","target":["https://etecnic.bisiestodeveloper.es/ca/casos-de-exito/el-projecte-de-mobilitat-electrica-de-mataro-de-la-ma-de-etecnic/"]}]},{"@type":"ImageObject","inLanguage":"ca","@id":"https://etecnic.bisiestodeveloper.es/ca/casos-de-exito/el-projecte-de-mobilitat-electrica-de-mataro-de-la-ma-de-etecnic/#primaryimage","url":"https://etecnic.bisiestodeveloper.es/wp-content/uploads/2026/01/Caratula-Casos-de-exito-Nova-Web-Etecnic-1.jpg","contentUrl":"https://etecnic.bisiestodeveloper.es/wp-content/uploads/2026/01/Caratula-Casos-de-exito-Nova-Web-Etecnic-1.jpg","width":1280,"height":480},{"@type":"BreadcrumbList","@id":"https://etecnic.bisiestodeveloper.es/ca/casos-de-exito/el-projecte-de-mobilitat-electrica-de-mataro-de-la-ma-de-etecnic/#breadcrumb","itemListElement":[{"@type":"ListItem","position":1,"name":"Portada","item":"https://etecnic.bisiestodeveloper.es/ca/"},{"@type":"ListItem","position":2,"name":"Casos de éxito","item":"https://etecnic.bisiestodeveloper.es/ca/casos-de-exito/"},{"@type":"ListItem","position":3,"name":"El projecte de mobilitat elèctrica de Mataró de la mà de Etecnic"}]},{"@type":"WebSite","@id":"https://etecnic.bisiestodeveloper.es/ca/#website","url":"https://etecnic.bisiestodeveloper.es/ca/","name":"Etecnic","description":"","publisher":{"@id":"https://etecnic.bisiestodeveloper.es/ca/#organization"},"potentialAction":[{"@type":"SearchAction","target":{"@type":"EntryPoint","urlTemplate":"https://etecnic.bisiestodeveloper.es/ca/?s={search_term_string}"},"query-input":{"@type":"PropertyValueSpecification","valueRequired":true,"valueName":"search_term_string"}}],"inLanguage":"ca"},{"@type":"Organization","@id":"https://etecnic.bisiestodeveloper.es/ca/#organization","name":"Etecnic","url":"https://etecnic.bisiestodeveloper.es/ca/","logo":{"@type":"ImageObject","inLanguage":"ca","@id":"https://etecnic.bisiestodeveloper.es/ca/#/schema/logo/image/","url":"https://etecnic.bisiestodeveloper.es/wp-content/uploads/2025/06/logo-etecnic-blanco.png","contentUrl":"https://etecnic.bisiestodeveloper.es/wp-content/uploads/2025/06/logo-etecnic-blanco.png","width":1000,"height":500,"caption":"Etecnic"},"image":{"@id":"https://etecnic.bisiestodeveloper.es/ca/#/schema/logo/image/"}}]}</script>
<!-- / Yoast SEO plugin. -->

Entrevista a David Gabaldón, cap de l'àrea de mobilitat de PUMSA, sobre els avanços i reptes de la mobilitat urbana.

Casos de éxito
