{"id":35471,"date":"2026-02-09T09:06:25","date_gmt":"2026-02-09T09:06:25","guid":{"rendered":"https:\/\/etecnic.bisiestodeveloper.es\/casos-de-exito\/projecte-de-mobilitat-electrica-escalable-per-a-mutua-immobiliaria\/"},"modified":"2026-07-20T08:26:51","modified_gmt":"2026-07-20T08:26:51","slug":"projecte-de-mobilitat-electrica-escalable-per-a-mutua-immobiliaria","status":"publish","type":"casos-de-exito","link":"https:\/\/etecnic.bisiestodeveloper.es\/ca\/casos-de-exito\/projecte-de-mobilitat-electrica-escalable-per-a-mutua-immobiliaria\/","title":{"rendered":"Projecte de mobilitat el\u00e8ctrica escalable per a M\u00fatua Immobili\u00e0ria"},"author":4,"featured_media":32078,"template":"","categoria":[611],"class_list":["post-35471","casos-de-exito","type-casos-de-exito","status-publish","has-post-thumbnail","hentry","categoria-parking-colectivo"],"yoast_head":"<!-- This site is optimized with the Yoast SEO plugin v26.5 - https:\/\/yoast.com\/wordpress\/plugins\/seo\/ -->\n<title>Projecte de mobilitat el\u00e8ctrica escalable per a M\u00fatua Immobili\u00e0ria<\/title>\n<meta name=\"description\" content=\"L&#039;Ajuntament refor\u00e7a el seu comprom\u00eds amb la mobilitat sostenible amb la segona fase d&#039;ampliaci\u00f3 de la seva xarxa de rec\u00e0rrega el\u00e8ctrica.\" \/>\n<meta name=\"robots\" content=\"noindex, follow, max-snippet:-1, max-image-preview:large, max-video-preview:-1\" \/>\n<meta property=\"og:locale\" content=\"ca_ES\" \/>\n<meta property=\"og:type\" content=\"article\" \/>\n<meta property=\"og:title\" content=\"Projecte de mobilitat el\u00e8ctrica escalable per a M\u00fatua Immobili\u00e0ria\" \/>\n<meta property=\"og:description\" content=\"L&#039;Ajuntament refor\u00e7a el seu comprom\u00eds amb la mobilitat sostenible amb la segona fase d&#039;ampliaci\u00f3 de la seva xarxa de rec\u00e0rrega el\u00e8ctrica.\" \/>\n<meta property=\"og:url\" content=\"https:\/\/etecnic.bisiestodeveloper.es\/ca\/casos-de-exito\/projecte-de-mobilitat-electrica-escalable-per-a-mutua-immobiliaria\/\" \/>\n<meta property=\"og:site_name\" content=\"Etecnic\" \/>\n<meta property=\"article:modified_time\" content=\"2026-07-20T08:26:51+00:00\" \/>\n<meta property=\"og:image\" content=\"https:\/\/etecnic.bisiestodeveloper.es\/wp-content\/uploads\/2026\/01\/Diseno-sin-titulo-29.jpg\" \/>\n\t<meta property=\"og:image:width\" content=\"1280\" \/>\n\t<meta property=\"og:image:height\" content=\"480\" \/>\n\t<meta property=\"og:image:type\" content=\"image\/jpeg\" \/>\n<meta name=\"twitter:card\" content=\"summary_large_image\" \/>\n<meta name=\"twitter:label1\" content=\"Temps estimat de lectura\" \/>\n\t<meta name=\"twitter:data1\" content=\"3 minuts\" \/>\n<script type=\"application\/ld+json\" class=\"yoast-schema-graph\">{\"@context\":\"https:\/\/schema.org\",\"@graph\":[{\"@type\":\"WebPage\",\"@id\":\"https:\/\/etecnic.bisiestodeveloper.es\/ca\/casos-de-exito\/projecte-de-mobilitat-electrica-escalable-per-a-mutua-immobiliaria\/\",\"url\":\"https:\/\/etecnic.bisiestodeveloper.es\/ca\/casos-de-exito\/projecte-de-mobilitat-electrica-escalable-per-a-mutua-immobiliaria\/\",\"name\":\"Projecte de mobilitat el\u00e8ctrica escalable per a M\u00fatua Immobili\u00e0ria\",\"isPartOf\":{\"@id\":\"https:\/\/etecnic.bisiestodeveloper.es\/ca\/#website\"},\"primaryImageOfPage\":{\"@id\":\"https:\/\/etecnic.bisiestodeveloper.es\/ca\/casos-de-exito\/projecte-de-mobilitat-electrica-escalable-per-a-mutua-immobiliaria\/#primaryimage\"},\"image\":{\"@id\":\"https:\/\/etecnic.bisiestodeveloper.es\/ca\/casos-de-exito\/projecte-de-mobilitat-electrica-escalable-per-a-mutua-immobiliaria\/#primaryimage\"},\"thumbnailUrl\":\"https:\/\/etecnic.bisiestodeveloper.es\/wp-content\/uploads\/2026\/01\/Diseno-sin-titulo-29.jpg\",\"datePublished\":\"2026-02-09T09:06:25+00:00\",\"dateModified\":\"2026-07-20T08:26:51+00:00\",\"description\":\"L'Ajuntament refor\u00e7a el seu comprom\u00eds amb la mobilitat sostenible amb la segona fase d'ampliaci\u00f3 de la seva xarxa de rec\u00e0rrega el\u00e8ctrica.\",\"breadcrumb\":{\"@id\":\"https:\/\/etecnic.bisiestodeveloper.es\/ca\/casos-de-exito\/projecte-de-mobilitat-electrica-escalable-per-a-mutua-immobiliaria\/#breadcrumb\"},\"inLanguage\":\"ca\",\"potentialAction\":[{\"@type\":\"ReadAction\",\"target\":[\"https:\/\/etecnic.bisiestodeveloper.es\/ca\/casos-de-exito\/projecte-de-mobilitat-electrica-escalable-per-a-mutua-immobiliaria\/\"]}]},{\"@type\":\"ImageObject\",\"inLanguage\":\"ca\",\"@id\":\"https:\/\/etecnic.bisiestodeveloper.es\/ca\/casos-de-exito\/projecte-de-mobilitat-electrica-escalable-per-a-mutua-immobiliaria\/#primaryimage\",\"url\":\"https:\/\/etecnic.bisiestodeveloper.es\/wp-content\/uploads\/2026\/01\/Diseno-sin-titulo-29.jpg\",\"contentUrl\":\"https:\/\/etecnic.bisiestodeveloper.es\/wp-content\/uploads\/2026\/01\/Diseno-sin-titulo-29.jpg\",\"width\":1280,\"height\":480},{\"@type\":\"BreadcrumbList\",\"@id\":\"https:\/\/etecnic.bisiestodeveloper.es\/ca\/casos-de-exito\/projecte-de-mobilitat-electrica-escalable-per-a-mutua-immobiliaria\/#breadcrumb\",\"itemListElement\":[{\"@type\":\"ListItem\",\"position\":1,\"name\":\"Portada\",\"item\":\"https:\/\/etecnic.bisiestodeveloper.es\/ca\/\"},{\"@type\":\"ListItem\",\"position\":2,\"name\":\"Casos de \u00e9xito\",\"item\":\"https:\/\/etecnic.bisiestodeveloper.es\/ca\/casos-de-exito\/\"},{\"@type\":\"ListItem\",\"position\":3,\"name\":\"Projecte de mobilitat el\u00e8ctrica escalable per a M\u00fatua Immobili\u00e0ria\"}]},{\"@type\":\"WebSite\",\"@id\":\"https:\/\/etecnic.bisiestodeveloper.es\/ca\/#website\",\"url\":\"https:\/\/etecnic.bisiestodeveloper.es\/ca\/\",\"name\":\"Etecnic\",\"description\":\"\",\"publisher\":{\"@id\":\"https:\/\/etecnic.bisiestodeveloper.es\/ca\/#organization\"},\"potentialAction\":[{\"@type\":\"SearchAction\",\"target\":{\"@type\":\"EntryPoint\",\"urlTemplate\":\"https:\/\/etecnic.bisiestodeveloper.es\/ca\/?s={search_term_string}\"},\"query-input\":{\"@type\":\"PropertyValueSpecification\",\"valueRequired\":true,\"valueName\":\"search_term_string\"}}],\"inLanguage\":\"ca\"},{\"@type\":\"Organization\",\"@id\":\"https:\/\/etecnic.bisiestodeveloper.es\/ca\/#organization\",\"name\":\"Etecnic\",\"url\":\"https:\/\/etecnic.bisiestodeveloper.es\/ca\/\",\"logo\":{\"@type\":\"ImageObject\",\"inLanguage\":\"ca\",\"@id\":\"https:\/\/etecnic.bisiestodeveloper.es\/ca\/#\/schema\/logo\/image\/\",\"url\":\"https:\/\/etecnic.bisiestodeveloper.es\/wp-content\/uploads\/2025\/06\/logo-etecnic-blanco.png\",\"contentUrl\":\"https:\/\/etecnic.bisiestodeveloper.es\/wp-content\/uploads\/2025\/06\/logo-etecnic-blanco.png\",\"width\":1000,\"height\":500,\"caption\":\"Etecnic\"},\"image\":{\"@id\":\"https:\/\/etecnic.bisiestodeveloper.es\/ca\/#\/schema\/logo\/image\/\"}}]}<\/script>\n<!-- \/ Yoast SEO plugin. -->","yoast_head_json":{"title":"Projecte de mobilitat el\u00e8ctrica escalable per a M\u00fatua Immobili\u00e0ria","description":"L'Ajuntament refor\u00e7a el seu comprom\u00eds amb la mobilitat sostenible amb la segona fase d'ampliaci\u00f3 de la seva xarxa de rec\u00e0rrega el\u00e8ctrica.","robots":{"index":"noindex","follow":"follow","max-snippet":"max-snippet:-1","max-image-preview":"max-image-preview:large","max-video-preview":"max-video-preview:-1"},"og_locale":"ca_ES","og_type":"article","og_title":"Projecte de mobilitat el\u00e8ctrica escalable per a M\u00fatua Immobili\u00e0ria","og_description":"L'Ajuntament refor\u00e7a el seu comprom\u00eds amb la mobilitat sostenible amb la segona fase d'ampliaci\u00f3 de la seva xarxa de rec\u00e0rrega el\u00e8ctrica.","og_url":"https:\/\/etecnic.bisiestodeveloper.es\/ca\/casos-de-exito\/projecte-de-mobilitat-electrica-escalable-per-a-mutua-immobiliaria\/","og_site_name":"Etecnic","article_modified_time":"2026-07-20T08:26:51+00:00","og_image":[{"width":1280,"height":480,"url":"https:\/\/etecnic.bisiestodeveloper.es\/wp-content\/uploads\/2026\/01\/Diseno-sin-titulo-29.jpg","type":"image\/jpeg"}],"twitter_card":"summary_large_image","twitter_misc":{"Temps estimat de lectura":"3 minuts"},"schema":{"@context":"https:\/\/schema.org","@graph":[{"@type":"WebPage","@id":"https:\/\/etecnic.bisiestodeveloper.es\/ca\/casos-de-exito\/projecte-de-mobilitat-electrica-escalable-per-a-mutua-immobiliaria\/","url":"https:\/\/etecnic.bisiestodeveloper.es\/ca\/casos-de-exito\/projecte-de-mobilitat-electrica-escalable-per-a-mutua-immobiliaria\/","name":"Projecte de mobilitat el\u00e8ctrica escalable per a M\u00fatua Immobili\u00e0ria","isPartOf":{"@id":"https:\/\/etecnic.bisiestodeveloper.es\/ca\/#website"},"primaryImageOfPage":{"@id":"https:\/\/etecnic.bisiestodeveloper.es\/ca\/casos-de-exito\/projecte-de-mobilitat-electrica-escalable-per-a-mutua-immobiliaria\/#primaryimage"},"image":{"@id":"https:\/\/etecnic.bisiestodeveloper.es\/ca\/casos-de-exito\/projecte-de-mobilitat-electrica-escalable-per-a-mutua-immobiliaria\/#primaryimage"},"thumbnailUrl":"https:\/\/etecnic.bisiestodeveloper.es\/wp-content\/uploads\/2026\/01\/Diseno-sin-titulo-29.jpg","datePublished":"2026-02-09T09:06:25+00:00","dateModified":"2026-07-20T08:26:51+00:00","description":"L'Ajuntament refor\u00e7a el seu comprom\u00eds amb la mobilitat sostenible amb la segona fase d'ampliaci\u00f3 de la seva xarxa de rec\u00e0rrega el\u00e8ctrica.","breadcrumb":{"@id":"https:\/\/etecnic.bisiestodeveloper.es\/ca\/casos-de-exito\/projecte-de-mobilitat-electrica-escalable-per-a-mutua-immobiliaria\/#breadcrumb"},"inLanguage":"ca","potentialAction":[{"@type":"ReadAction","target":["https:\/\/etecnic.bisiestodeveloper.es\/ca\/casos-de-exito\/projecte-de-mobilitat-electrica-escalable-per-a-mutua-immobiliaria\/"]}]},{"@type":"ImageObject","inLanguage":"ca","@id":"https:\/\/etecnic.bisiestodeveloper.es\/ca\/casos-de-exito\/projecte-de-mobilitat-electrica-escalable-per-a-mutua-immobiliaria\/#primaryimage","url":"https:\/\/etecnic.bisiestodeveloper.es\/wp-content\/uploads\/2026\/01\/Diseno-sin-titulo-29.jpg","contentUrl":"https:\/\/etecnic.bisiestodeveloper.es\/wp-content\/uploads\/2026\/01\/Diseno-sin-titulo-29.jpg","width":1280,"height":480},{"@type":"BreadcrumbList","@id":"https:\/\/etecnic.bisiestodeveloper.es\/ca\/casos-de-exito\/projecte-de-mobilitat-electrica-escalable-per-a-mutua-immobiliaria\/#breadcrumb","itemListElement":[{"@type":"ListItem","position":1,"name":"Portada","item":"https:\/\/etecnic.bisiestodeveloper.es\/ca\/"},{"@type":"ListItem","position":2,"name":"Casos de \u00e9xito","item":"https:\/\/etecnic.bisiestodeveloper.es\/ca\/casos-de-exito\/"},{"@type":"ListItem","position":3,"name":"Projecte de mobilitat el\u00e8ctrica escalable per a M\u00fatua Immobili\u00e0ria"}]},{"@type":"WebSite","@id":"https:\/\/etecnic.bisiestodeveloper.es\/ca\/#website","url":"https:\/\/etecnic.bisiestodeveloper.es\/ca\/","name":"Etecnic","description":"","publisher":{"@id":"https:\/\/etecnic.bisiestodeveloper.es\/ca\/#organization"},"potentialAction":[{"@type":"SearchAction","target":{"@type":"EntryPoint","urlTemplate":"https:\/\/etecnic.bisiestodeveloper.es\/ca\/?s={search_term_string}"},"query-input":{"@type":"PropertyValueSpecification","valueRequired":true,"valueName":"search_term_string"}}],"inLanguage":"ca"},{"@type":"Organization","@id":"https:\/\/etecnic.bisiestodeveloper.es\/ca\/#organization","name":"Etecnic","url":"https:\/\/etecnic.bisiestodeveloper.es\/ca\/","logo":{"@type":"ImageObject","inLanguage":"ca","@id":"https:\/\/etecnic.bisiestodeveloper.es\/ca\/#\/schema\/logo\/image\/","url":"https:\/\/etecnic.bisiestodeveloper.es\/wp-content\/uploads\/2025\/06\/logo-etecnic-blanco.png","contentUrl":"https:\/\/etecnic.bisiestodeveloper.es\/wp-content\/uploads\/2025\/06\/logo-etecnic-blanco.png","width":1000,"height":500,"caption":"Etecnic"},"image":{"@id":"https:\/\/etecnic.bisiestodeveloper.es\/ca\/#\/schema\/logo\/image\/"}}]}},"_links":{"self":[{"href":"https:\/\/etecnic.bisiestodeveloper.es\/ca\/wp-json\/wp\/v2\/casos-de-exito\/35471","targetHints":{"allow":["GET"]}}],"collection":[{"href":"https:\/\/etecnic.bisiestodeveloper.es\/ca\/wp-json\/wp\/v2\/casos-de-exito"}],"about":[{"href":"https:\/\/etecnic.bisiestodeveloper.es\/ca\/wp-json\/wp\/v2\/types\/casos-de-exito"}],"author":[{"embeddable":true,"href":"https:\/\/etecnic.bisiestodeveloper.es\/ca\/wp-json\/wp\/v2\/users\/4"}],"version-history":[{"count":1,"href":"https:\/\/etecnic.bisiestodeveloper.es\/ca\/wp-json\/wp\/v2\/casos-de-exito\/35471\/revisions"}],"predecessor-version":[{"id":35476,"href":"https:\/\/etecnic.bisiestodeveloper.es\/ca\/wp-json\/wp\/v2\/casos-de-exito\/35471\/revisions\/35476"}],"wp:featuredmedia":[{"embeddable":true,"href":"https:\/\/etecnic.bisiestodeveloper.es\/ca\/wp-json\/wp\/v2\/media\/32078"}],"wp:attachment":[{"href":"https:\/\/etecnic.bisiestodeveloper.es\/ca\/wp-json\/wp\/v2\/media?parent=35471"}],"wp:term":[{"taxonomy":"categoria","embeddable":true,"href":"https:\/\/etecnic.bisiestodeveloper.es\/ca\/wp-json\/wp\/v2\/categoria?post=35471"}],"curies":[{"name":"wp","href":"https:\/\/api.w.org\/{rel}","templated":true}]}}

Projecte de mobilitat elèctrica escalable per a Mútua Immobiliària

<!-- This site is optimized with the Yoast SEO plugin v26.5 - https://yoast.com/wordpress/plugins/seo/ -->
<title>Projecte de mobilitat elèctrica escalable per a Mútua Immobiliària</title>
<meta name="description" content="L&#039;Ajuntament reforça el seu compromís amb la mobilitat sostenible amb la segona fase d&#039;ampliació de la seva xarxa de recàrrega elèctrica." />
<meta name="robots" content="noindex, follow, max-snippet:-1, max-image-preview:large, max-video-preview:-1" />
<meta property="og:locale" content="ca_ES" />
<meta property="og:type" content="article" />
<meta property="og:title" content="Projecte de mobilitat elèctrica escalable per a Mútua Immobiliària" />
<meta property="og:description" content="L&#039;Ajuntament reforça el seu compromís amb la mobilitat sostenible amb la segona fase d&#039;ampliació de la seva xarxa de recàrrega elèctrica." />
<meta property="og:url" content="https://etecnic.bisiestodeveloper.es/ca/casos-de-exito/projecte-de-mobilitat-electrica-escalable-per-a-mutua-immobiliaria/" />
<meta property="og:site_name" content="Etecnic" />
<meta property="article:modified_time" content="2026-07-20T08:26:51+00:00" />
<meta property="og:image" content="https://etecnic.bisiestodeveloper.es/wp-content/uploads/2026/01/Diseno-sin-titulo-29.jpg" />
	<meta property="og:image:width" content="1280" />
	<meta property="og:image:height" content="480" />
	<meta property="og:image:type" content="image/jpeg" />
<meta name="twitter:card" content="summary_large_image" />
<meta name="twitter:label1" content="Temps estimat de lectura" />
	<meta name="twitter:data1" content="3 minuts" />
<script type="application/ld+json" class="yoast-schema-graph">{"@context":"https://schema.org","@graph":[{"@type":"WebPage","@id":"https://etecnic.bisiestodeveloper.es/ca/casos-de-exito/projecte-de-mobilitat-electrica-escalable-per-a-mutua-immobiliaria/","url":"https://etecnic.bisiestodeveloper.es/ca/casos-de-exito/projecte-de-mobilitat-electrica-escalable-per-a-mutua-immobiliaria/","name":"Projecte de mobilitat elèctrica escalable per a Mútua Immobiliària","isPartOf":{"@id":"https://etecnic.bisiestodeveloper.es/ca/#website"},"primaryImageOfPage":{"@id":"https://etecnic.bisiestodeveloper.es/ca/casos-de-exito/projecte-de-mobilitat-electrica-escalable-per-a-mutua-immobiliaria/#primaryimage"},"image":{"@id":"https://etecnic.bisiestodeveloper.es/ca/casos-de-exito/projecte-de-mobilitat-electrica-escalable-per-a-mutua-immobiliaria/#primaryimage"},"thumbnailUrl":"https://etecnic.bisiestodeveloper.es/wp-content/uploads/2026/01/Diseno-sin-titulo-29.jpg","datePublished":"2026-02-09T09:06:25+00:00","dateModified":"2026-07-20T08:26:51+00:00","description":"L'Ajuntament reforça el seu compromís amb la mobilitat sostenible amb la segona fase d'ampliació de la seva xarxa de recàrrega elèctrica.","breadcrumb":{"@id":"https://etecnic.bisiestodeveloper.es/ca/casos-de-exito/projecte-de-mobilitat-electrica-escalable-per-a-mutua-immobiliaria/#breadcrumb"},"inLanguage":"ca","potentialAction":[{"@type":"ReadAction","target":["https://etecnic.bisiestodeveloper.es/ca/casos-de-exito/projecte-de-mobilitat-electrica-escalable-per-a-mutua-immobiliaria/"]}]},{"@type":"ImageObject","inLanguage":"ca","@id":"https://etecnic.bisiestodeveloper.es/ca/casos-de-exito/projecte-de-mobilitat-electrica-escalable-per-a-mutua-immobiliaria/#primaryimage","url":"https://etecnic.bisiestodeveloper.es/wp-content/uploads/2026/01/Diseno-sin-titulo-29.jpg","contentUrl":"https://etecnic.bisiestodeveloper.es/wp-content/uploads/2026/01/Diseno-sin-titulo-29.jpg","width":1280,"height":480},{"@type":"BreadcrumbList","@id":"https://etecnic.bisiestodeveloper.es/ca/casos-de-exito/projecte-de-mobilitat-electrica-escalable-per-a-mutua-immobiliaria/#breadcrumb","itemListElement":[{"@type":"ListItem","position":1,"name":"Portada","item":"https://etecnic.bisiestodeveloper.es/ca/"},{"@type":"ListItem","position":2,"name":"Casos de éxito","item":"https://etecnic.bisiestodeveloper.es/ca/casos-de-exito/"},{"@type":"ListItem","position":3,"name":"Projecte de mobilitat elèctrica escalable per a Mútua Immobiliària"}]},{"@type":"WebSite","@id":"https://etecnic.bisiestodeveloper.es/ca/#website","url":"https://etecnic.bisiestodeveloper.es/ca/","name":"Etecnic","description":"","publisher":{"@id":"https://etecnic.bisiestodeveloper.es/ca/#organization"},"potentialAction":[{"@type":"SearchAction","target":{"@type":"EntryPoint","urlTemplate":"https://etecnic.bisiestodeveloper.es/ca/?s={search_term_string}"},"query-input":{"@type":"PropertyValueSpecification","valueRequired":true,"valueName":"search_term_string"}}],"inLanguage":"ca"},{"@type":"Organization","@id":"https://etecnic.bisiestodeveloper.es/ca/#organization","name":"Etecnic","url":"https://etecnic.bisiestodeveloper.es/ca/","logo":{"@type":"ImageObject","inLanguage":"ca","@id":"https://etecnic.bisiestodeveloper.es/ca/#/schema/logo/image/","url":"https://etecnic.bisiestodeveloper.es/wp-content/uploads/2025/06/logo-etecnic-blanco.png","contentUrl":"https://etecnic.bisiestodeveloper.es/wp-content/uploads/2025/06/logo-etecnic-blanco.png","width":1000,"height":500,"caption":"Etecnic"},"image":{"@id":"https://etecnic.bisiestodeveloper.es/ca/#/schema/logo/image/"}}]}</script>
<!-- / Yoast SEO plugin. -->

L'Ajuntament reforça el seu compromís amb la mobilitat sostenible amb la segona fase d'ampliació de la seva xarxa de recàrrega elèctrica.

Casos de éxito
