{"id":35455,"date":"2026-02-09T09:41:54","date_gmt":"2026-02-09T09:41:54","guid":{"rendered":"https:\/\/etecnic.bisiestodeveloper.es\/casos-de-exito\/ucg-installa-el-primer-carregador-ultrarapid-a-igualada\/"},"modified":"2026-07-20T08:15:24","modified_gmt":"2026-07-20T08:15:24","slug":"ucg-installa-el-primer-carregador-ultrarapid-a-igualada","status":"publish","type":"casos-de-exito","link":"https:\/\/etecnic.bisiestodeveloper.es\/ca\/casos-de-exito\/ucg-installa-el-primer-carregador-ultrarapid-a-igualada\/","title":{"rendered":"UCG instal\u00b7la el primer carregador ultrar\u00e0pid a Igualada"},"author":4,"featured_media":32063,"template":"","categoria":[610],"class_list":["post-35455","casos-de-exito","type-casos-de-exito","status-publish","has-post-thumbnail","hentry","categoria-estaciones-de-servicio"],"yoast_head":"<!-- This site is optimized with the Yoast SEO plugin v26.5 - https:\/\/yoast.com\/wordpress\/plugins\/seo\/ -->\n<title>UCG instal\u00b7la el primer carregador ultrar\u00e0pid a Igualada<\/title>\n<meta name=\"description\" content=\"L&#039;empresa UCG, actualment canviada de nom a RE+, va comen\u00e7ar fa m\u00e9s de vint anys com una associaci\u00f3 per a distribuir gasoil a domicili.\" \/>\n<meta name=\"robots\" content=\"noindex, follow, max-snippet:-1, max-image-preview:large, max-video-preview:-1\" \/>\n<meta property=\"og:locale\" content=\"ca_ES\" \/>\n<meta property=\"og:type\" content=\"article\" \/>\n<meta property=\"og:title\" content=\"UCG instal\u00b7la el primer carregador ultrar\u00e0pid a Igualada\" \/>\n<meta property=\"og:description\" content=\"L&#039;empresa UCG, actualment canviada de nom a RE+, va comen\u00e7ar fa m\u00e9s de vint anys com una associaci\u00f3 per a distribuir gasoil a domicili.\" \/>\n<meta property=\"og:url\" content=\"https:\/\/etecnic.bisiestodeveloper.es\/ca\/casos-de-exito\/ucg-installa-el-primer-carregador-ultrarapid-a-igualada\/\" \/>\n<meta property=\"og:site_name\" content=\"Etecnic\" \/>\n<meta property=\"article:modified_time\" content=\"2026-07-20T08:15:24+00:00\" \/>\n<meta property=\"og:image\" content=\"https:\/\/etecnic.bisiestodeveloper.es\/wp-content\/uploads\/2026\/01\/Caratula-Casos-de-exito-Nova-Web-Etecnic-2.jpg\" \/>\n<meta name=\"twitter:card\" content=\"summary_large_image\" \/>\n<meta name=\"twitter:label1\" content=\"Temps estimat de lectura\" \/>\n\t<meta name=\"twitter:data1\" content=\"3 minuts\" \/>\n<script type=\"application\/ld+json\" class=\"yoast-schema-graph\">{\"@context\":\"https:\/\/schema.org\",\"@graph\":[{\"@type\":\"WebPage\",\"@id\":\"https:\/\/etecnic.bisiestodeveloper.es\/ca\/casos-de-exito\/ucg-installa-el-primer-carregador-ultrarapid-a-igualada\/\",\"url\":\"https:\/\/etecnic.bisiestodeveloper.es\/ca\/casos-de-exito\/ucg-installa-el-primer-carregador-ultrarapid-a-igualada\/\",\"name\":\"UCG instal\u00b7la el primer carregador ultrar\u00e0pid a Igualada\",\"isPartOf\":{\"@id\":\"https:\/\/etecnic.bisiestodeveloper.es\/ca\/#website\"},\"primaryImageOfPage\":{\"@id\":\"https:\/\/etecnic.bisiestodeveloper.es\/ca\/casos-de-exito\/ucg-installa-el-primer-carregador-ultrarapid-a-igualada\/#primaryimage\"},\"image\":{\"@id\":\"https:\/\/etecnic.bisiestodeveloper.es\/ca\/casos-de-exito\/ucg-installa-el-primer-carregador-ultrarapid-a-igualada\/#primaryimage\"},\"thumbnailUrl\":\"https:\/\/etecnic.bisiestodeveloper.es\/wp-content\/uploads\/2026\/01\/Caratula-Casos-de-exito-Nova-Web-Etecnic-2.jpg\",\"datePublished\":\"2026-02-09T09:41:54+00:00\",\"dateModified\":\"2026-07-20T08:15:24+00:00\",\"description\":\"L'empresa UCG, actualment canviada de nom a RE+, va comen\u00e7ar fa m\u00e9s de vint anys com una associaci\u00f3 per a distribuir gasoil a domicili.\",\"breadcrumb\":{\"@id\":\"https:\/\/etecnic.bisiestodeveloper.es\/ca\/casos-de-exito\/ucg-installa-el-primer-carregador-ultrarapid-a-igualada\/#breadcrumb\"},\"inLanguage\":\"ca\",\"potentialAction\":[{\"@type\":\"ReadAction\",\"target\":[\"https:\/\/etecnic.bisiestodeveloper.es\/ca\/casos-de-exito\/ucg-installa-el-primer-carregador-ultrarapid-a-igualada\/\"]}]},{\"@type\":\"ImageObject\",\"inLanguage\":\"ca\",\"@id\":\"https:\/\/etecnic.bisiestodeveloper.es\/ca\/casos-de-exito\/ucg-installa-el-primer-carregador-ultrarapid-a-igualada\/#primaryimage\",\"url\":\"https:\/\/etecnic.bisiestodeveloper.es\/wp-content\/uploads\/2026\/01\/Caratula-Casos-de-exito-Nova-Web-Etecnic-2.jpg\",\"contentUrl\":\"https:\/\/etecnic.bisiestodeveloper.es\/wp-content\/uploads\/2026\/01\/Caratula-Casos-de-exito-Nova-Web-Etecnic-2.jpg\",\"width\":1280,\"height\":480},{\"@type\":\"BreadcrumbList\",\"@id\":\"https:\/\/etecnic.bisiestodeveloper.es\/ca\/casos-de-exito\/ucg-installa-el-primer-carregador-ultrarapid-a-igualada\/#breadcrumb\",\"itemListElement\":[{\"@type\":\"ListItem\",\"position\":1,\"name\":\"Portada\",\"item\":\"https:\/\/etecnic.bisiestodeveloper.es\/ca\/\"},{\"@type\":\"ListItem\",\"position\":2,\"name\":\"Casos de \u00e9xito\",\"item\":\"https:\/\/etecnic.bisiestodeveloper.es\/ca\/casos-de-exito\/\"},{\"@type\":\"ListItem\",\"position\":3,\"name\":\"UCG instal\u00b7la el primer carregador ultrar\u00e0pid a Igualada\"}]},{\"@type\":\"WebSite\",\"@id\":\"https:\/\/etecnic.bisiestodeveloper.es\/ca\/#website\",\"url\":\"https:\/\/etecnic.bisiestodeveloper.es\/ca\/\",\"name\":\"Etecnic\",\"description\":\"\",\"publisher\":{\"@id\":\"https:\/\/etecnic.bisiestodeveloper.es\/ca\/#organization\"},\"potentialAction\":[{\"@type\":\"SearchAction\",\"target\":{\"@type\":\"EntryPoint\",\"urlTemplate\":\"https:\/\/etecnic.bisiestodeveloper.es\/ca\/?s={search_term_string}\"},\"query-input\":{\"@type\":\"PropertyValueSpecification\",\"valueRequired\":true,\"valueName\":\"search_term_string\"}}],\"inLanguage\":\"ca\"},{\"@type\":\"Organization\",\"@id\":\"https:\/\/etecnic.bisiestodeveloper.es\/ca\/#organization\",\"name\":\"Etecnic\",\"url\":\"https:\/\/etecnic.bisiestodeveloper.es\/ca\/\",\"logo\":{\"@type\":\"ImageObject\",\"inLanguage\":\"ca\",\"@id\":\"https:\/\/etecnic.bisiestodeveloper.es\/ca\/#\/schema\/logo\/image\/\",\"url\":\"https:\/\/etecnic.bisiestodeveloper.es\/wp-content\/uploads\/2025\/06\/logo-etecnic-blanco.png\",\"contentUrl\":\"https:\/\/etecnic.bisiestodeveloper.es\/wp-content\/uploads\/2025\/06\/logo-etecnic-blanco.png\",\"width\":1000,\"height\":500,\"caption\":\"Etecnic\"},\"image\":{\"@id\":\"https:\/\/etecnic.bisiestodeveloper.es\/ca\/#\/schema\/logo\/image\/\"}}]}<\/script>\n<!-- \/ Yoast SEO plugin. -->","yoast_head_json":{"title":"UCG instal\u00b7la el primer carregador ultrar\u00e0pid a Igualada","description":"L'empresa UCG, actualment canviada de nom a RE+, va comen\u00e7ar fa m\u00e9s de vint anys com una associaci\u00f3 per a distribuir gasoil a domicili.","robots":{"index":"noindex","follow":"follow","max-snippet":"max-snippet:-1","max-image-preview":"max-image-preview:large","max-video-preview":"max-video-preview:-1"},"og_locale":"ca_ES","og_type":"article","og_title":"UCG instal\u00b7la el primer carregador ultrar\u00e0pid a Igualada","og_description":"L'empresa UCG, actualment canviada de nom a RE+, va comen\u00e7ar fa m\u00e9s de vint anys com una associaci\u00f3 per a distribuir gasoil a domicili.","og_url":"https:\/\/etecnic.bisiestodeveloper.es\/ca\/casos-de-exito\/ucg-installa-el-primer-carregador-ultrarapid-a-igualada\/","og_site_name":"Etecnic","article_modified_time":"2026-07-20T08:15:24+00:00","og_image":[{"url":"https:\/\/etecnic.bisiestodeveloper.es\/wp-content\/uploads\/2026\/01\/Caratula-Casos-de-exito-Nova-Web-Etecnic-2.jpg","type":"","width":"","height":""}],"twitter_card":"summary_large_image","twitter_misc":{"Temps estimat de lectura":"3 minuts"},"schema":{"@context":"https:\/\/schema.org","@graph":[{"@type":"WebPage","@id":"https:\/\/etecnic.bisiestodeveloper.es\/ca\/casos-de-exito\/ucg-installa-el-primer-carregador-ultrarapid-a-igualada\/","url":"https:\/\/etecnic.bisiestodeveloper.es\/ca\/casos-de-exito\/ucg-installa-el-primer-carregador-ultrarapid-a-igualada\/","name":"UCG instal\u00b7la el primer carregador ultrar\u00e0pid a Igualada","isPartOf":{"@id":"https:\/\/etecnic.bisiestodeveloper.es\/ca\/#website"},"primaryImageOfPage":{"@id":"https:\/\/etecnic.bisiestodeveloper.es\/ca\/casos-de-exito\/ucg-installa-el-primer-carregador-ultrarapid-a-igualada\/#primaryimage"},"image":{"@id":"https:\/\/etecnic.bisiestodeveloper.es\/ca\/casos-de-exito\/ucg-installa-el-primer-carregador-ultrarapid-a-igualada\/#primaryimage"},"thumbnailUrl":"https:\/\/etecnic.bisiestodeveloper.es\/wp-content\/uploads\/2026\/01\/Caratula-Casos-de-exito-Nova-Web-Etecnic-2.jpg","datePublished":"2026-02-09T09:41:54+00:00","dateModified":"2026-07-20T08:15:24+00:00","description":"L'empresa UCG, actualment canviada de nom a RE+, va comen\u00e7ar fa m\u00e9s de vint anys com una associaci\u00f3 per a distribuir gasoil a domicili.","breadcrumb":{"@id":"https:\/\/etecnic.bisiestodeveloper.es\/ca\/casos-de-exito\/ucg-installa-el-primer-carregador-ultrarapid-a-igualada\/#breadcrumb"},"inLanguage":"ca","potentialAction":[{"@type":"ReadAction","target":["https:\/\/etecnic.bisiestodeveloper.es\/ca\/casos-de-exito\/ucg-installa-el-primer-carregador-ultrarapid-a-igualada\/"]}]},{"@type":"ImageObject","inLanguage":"ca","@id":"https:\/\/etecnic.bisiestodeveloper.es\/ca\/casos-de-exito\/ucg-installa-el-primer-carregador-ultrarapid-a-igualada\/#primaryimage","url":"https:\/\/etecnic.bisiestodeveloper.es\/wp-content\/uploads\/2026\/01\/Caratula-Casos-de-exito-Nova-Web-Etecnic-2.jpg","contentUrl":"https:\/\/etecnic.bisiestodeveloper.es\/wp-content\/uploads\/2026\/01\/Caratula-Casos-de-exito-Nova-Web-Etecnic-2.jpg","width":1280,"height":480},{"@type":"BreadcrumbList","@id":"https:\/\/etecnic.bisiestodeveloper.es\/ca\/casos-de-exito\/ucg-installa-el-primer-carregador-ultrarapid-a-igualada\/#breadcrumb","itemListElement":[{"@type":"ListItem","position":1,"name":"Portada","item":"https:\/\/etecnic.bisiestodeveloper.es\/ca\/"},{"@type":"ListItem","position":2,"name":"Casos de \u00e9xito","item":"https:\/\/etecnic.bisiestodeveloper.es\/ca\/casos-de-exito\/"},{"@type":"ListItem","position":3,"name":"UCG instal\u00b7la el primer carregador ultrar\u00e0pid a Igualada"}]},{"@type":"WebSite","@id":"https:\/\/etecnic.bisiestodeveloper.es\/ca\/#website","url":"https:\/\/etecnic.bisiestodeveloper.es\/ca\/","name":"Etecnic","description":"","publisher":{"@id":"https:\/\/etecnic.bisiestodeveloper.es\/ca\/#organization"},"potentialAction":[{"@type":"SearchAction","target":{"@type":"EntryPoint","urlTemplate":"https:\/\/etecnic.bisiestodeveloper.es\/ca\/?s={search_term_string}"},"query-input":{"@type":"PropertyValueSpecification","valueRequired":true,"valueName":"search_term_string"}}],"inLanguage":"ca"},{"@type":"Organization","@id":"https:\/\/etecnic.bisiestodeveloper.es\/ca\/#organization","name":"Etecnic","url":"https:\/\/etecnic.bisiestodeveloper.es\/ca\/","logo":{"@type":"ImageObject","inLanguage":"ca","@id":"https:\/\/etecnic.bisiestodeveloper.es\/ca\/#\/schema\/logo\/image\/","url":"https:\/\/etecnic.bisiestodeveloper.es\/wp-content\/uploads\/2025\/06\/logo-etecnic-blanco.png","contentUrl":"https:\/\/etecnic.bisiestodeveloper.es\/wp-content\/uploads\/2025\/06\/logo-etecnic-blanco.png","width":1000,"height":500,"caption":"Etecnic"},"image":{"@id":"https:\/\/etecnic.bisiestodeveloper.es\/ca\/#\/schema\/logo\/image\/"}}]}},"_links":{"self":[{"href":"https:\/\/etecnic.bisiestodeveloper.es\/ca\/wp-json\/wp\/v2\/casos-de-exito\/35455","targetHints":{"allow":["GET"]}}],"collection":[{"href":"https:\/\/etecnic.bisiestodeveloper.es\/ca\/wp-json\/wp\/v2\/casos-de-exito"}],"about":[{"href":"https:\/\/etecnic.bisiestodeveloper.es\/ca\/wp-json\/wp\/v2\/types\/casos-de-exito"}],"author":[{"embeddable":true,"href":"https:\/\/etecnic.bisiestodeveloper.es\/ca\/wp-json\/wp\/v2\/users\/4"}],"version-history":[{"count":1,"href":"https:\/\/etecnic.bisiestodeveloper.es\/ca\/wp-json\/wp\/v2\/casos-de-exito\/35455\/revisions"}],"predecessor-version":[{"id":35458,"href":"https:\/\/etecnic.bisiestodeveloper.es\/ca\/wp-json\/wp\/v2\/casos-de-exito\/35455\/revisions\/35458"}],"wp:featuredmedia":[{"embeddable":true,"href":"https:\/\/etecnic.bisiestodeveloper.es\/ca\/wp-json\/wp\/v2\/media\/32063"}],"wp:attachment":[{"href":"https:\/\/etecnic.bisiestodeveloper.es\/ca\/wp-json\/wp\/v2\/media?parent=35455"}],"wp:term":[{"taxonomy":"categoria","embeddable":true,"href":"https:\/\/etecnic.bisiestodeveloper.es\/ca\/wp-json\/wp\/v2\/categoria?post=35455"}],"curies":[{"name":"wp","href":"https:\/\/api.w.org\/{rel}","templated":true}]}}

UCG instal·la el primer carregador ultraràpid a Igualada

<!-- This site is optimized with the Yoast SEO plugin v26.5 - https://yoast.com/wordpress/plugins/seo/ -->
<title>UCG instal·la el primer carregador ultraràpid a Igualada</title>
<meta name="description" content="L&#039;empresa UCG, actualment canviada de nom a RE+, va començar fa més de vint anys com una associació per a distribuir gasoil a domicili." />
<meta name="robots" content="noindex, follow, max-snippet:-1, max-image-preview:large, max-video-preview:-1" />
<meta property="og:locale" content="ca_ES" />
<meta property="og:type" content="article" />
<meta property="og:title" content="UCG instal·la el primer carregador ultraràpid a Igualada" />
<meta property="og:description" content="L&#039;empresa UCG, actualment canviada de nom a RE+, va començar fa més de vint anys com una associació per a distribuir gasoil a domicili." />
<meta property="og:url" content="https://etecnic.bisiestodeveloper.es/ca/casos-de-exito/ucg-installa-el-primer-carregador-ultrarapid-a-igualada/" />
<meta property="og:site_name" content="Etecnic" />
<meta property="article:modified_time" content="2026-07-20T08:15:24+00:00" />
<meta property="og:image" content="https://etecnic.bisiestodeveloper.es/wp-content/uploads/2026/01/Caratula-Casos-de-exito-Nova-Web-Etecnic-2.jpg" />
<meta name="twitter:card" content="summary_large_image" />
<meta name="twitter:label1" content="Temps estimat de lectura" />
	<meta name="twitter:data1" content="3 minuts" />
<script type="application/ld+json" class="yoast-schema-graph">{"@context":"https://schema.org","@graph":[{"@type":"WebPage","@id":"https://etecnic.bisiestodeveloper.es/ca/casos-de-exito/ucg-installa-el-primer-carregador-ultrarapid-a-igualada/","url":"https://etecnic.bisiestodeveloper.es/ca/casos-de-exito/ucg-installa-el-primer-carregador-ultrarapid-a-igualada/","name":"UCG instal·la el primer carregador ultraràpid a Igualada","isPartOf":{"@id":"https://etecnic.bisiestodeveloper.es/ca/#website"},"primaryImageOfPage":{"@id":"https://etecnic.bisiestodeveloper.es/ca/casos-de-exito/ucg-installa-el-primer-carregador-ultrarapid-a-igualada/#primaryimage"},"image":{"@id":"https://etecnic.bisiestodeveloper.es/ca/casos-de-exito/ucg-installa-el-primer-carregador-ultrarapid-a-igualada/#primaryimage"},"thumbnailUrl":"https://etecnic.bisiestodeveloper.es/wp-content/uploads/2026/01/Caratula-Casos-de-exito-Nova-Web-Etecnic-2.jpg","datePublished":"2026-02-09T09:41:54+00:00","dateModified":"2026-07-20T08:15:24+00:00","description":"L'empresa UCG, actualment canviada de nom a RE+, va començar fa més de vint anys com una associació per a distribuir gasoil a domicili.","breadcrumb":{"@id":"https://etecnic.bisiestodeveloper.es/ca/casos-de-exito/ucg-installa-el-primer-carregador-ultrarapid-a-igualada/#breadcrumb"},"inLanguage":"ca","potentialAction":[{"@type":"ReadAction","target":["https://etecnic.bisiestodeveloper.es/ca/casos-de-exito/ucg-installa-el-primer-carregador-ultrarapid-a-igualada/"]}]},{"@type":"ImageObject","inLanguage":"ca","@id":"https://etecnic.bisiestodeveloper.es/ca/casos-de-exito/ucg-installa-el-primer-carregador-ultrarapid-a-igualada/#primaryimage","url":"https://etecnic.bisiestodeveloper.es/wp-content/uploads/2026/01/Caratula-Casos-de-exito-Nova-Web-Etecnic-2.jpg","contentUrl":"https://etecnic.bisiestodeveloper.es/wp-content/uploads/2026/01/Caratula-Casos-de-exito-Nova-Web-Etecnic-2.jpg","width":1280,"height":480},{"@type":"BreadcrumbList","@id":"https://etecnic.bisiestodeveloper.es/ca/casos-de-exito/ucg-installa-el-primer-carregador-ultrarapid-a-igualada/#breadcrumb","itemListElement":[{"@type":"ListItem","position":1,"name":"Portada","item":"https://etecnic.bisiestodeveloper.es/ca/"},{"@type":"ListItem","position":2,"name":"Casos de éxito","item":"https://etecnic.bisiestodeveloper.es/ca/casos-de-exito/"},{"@type":"ListItem","position":3,"name":"UCG instal·la el primer carregador ultraràpid a Igualada"}]},{"@type":"WebSite","@id":"https://etecnic.bisiestodeveloper.es/ca/#website","url":"https://etecnic.bisiestodeveloper.es/ca/","name":"Etecnic","description":"","publisher":{"@id":"https://etecnic.bisiestodeveloper.es/ca/#organization"},"potentialAction":[{"@type":"SearchAction","target":{"@type":"EntryPoint","urlTemplate":"https://etecnic.bisiestodeveloper.es/ca/?s={search_term_string}"},"query-input":{"@type":"PropertyValueSpecification","valueRequired":true,"valueName":"search_term_string"}}],"inLanguage":"ca"},{"@type":"Organization","@id":"https://etecnic.bisiestodeveloper.es/ca/#organization","name":"Etecnic","url":"https://etecnic.bisiestodeveloper.es/ca/","logo":{"@type":"ImageObject","inLanguage":"ca","@id":"https://etecnic.bisiestodeveloper.es/ca/#/schema/logo/image/","url":"https://etecnic.bisiestodeveloper.es/wp-content/uploads/2025/06/logo-etecnic-blanco.png","contentUrl":"https://etecnic.bisiestodeveloper.es/wp-content/uploads/2025/06/logo-etecnic-blanco.png","width":1000,"height":500,"caption":"Etecnic"},"image":{"@id":"https://etecnic.bisiestodeveloper.es/ca/#/schema/logo/image/"}}]}</script>
<!-- / Yoast SEO plugin. -->

L'empresa UCG, actualment canviada de nom a RE+, va començar fa més de vint anys com una associació per a distribuir gasoil a domicili.

Casos de éxito
