{"id":35436,"date":"2026-02-09T09:42:01","date_gmt":"2026-02-09T09:42:01","guid":{"rendered":"https:\/\/etecnic.bisiestodeveloper.es\/casos-de-exito\/etecnic360-finalitza-el-projecte-dexpansio-dels-punts-de-recarrega-del-consell-insular-de-formentera\/"},"modified":"2026-07-20T07:47:24","modified_gmt":"2026-07-20T07:47:24","slug":"etecnic360-finalitza-el-projecte-dexpansio-dels-punts-de-recarrega-del-consell-insular-de-formentera","status":"publish","type":"casos-de-exito","link":"https:\/\/etecnic.bisiestodeveloper.es\/ca\/casos-de-exito\/etecnic360-finalitza-el-projecte-dexpansio-dels-punts-de-recarrega-del-consell-insular-de-formentera\/","title":{"rendered":"Etecnic360 finalitza el projecte d&#8217;expansi\u00f3 dels punts de rec\u00e0rrega del Consell Insular de Formentera"},"author":4,"featured_media":31962,"template":"","categoria":[611],"class_list":["post-35436","casos-de-exito","type-casos-de-exito","status-publish","has-post-thumbnail","hentry","categoria-parking-colectivo"],"yoast_head":"<!-- This site is optimized with the Yoast SEO plugin v26.5 - https:\/\/yoast.com\/wordpress\/plugins\/seo\/ -->\n<title>Etecnic360 amplia la xarxa de rec\u00e0rrega a Formentera<\/title>\n<meta name=\"description\" content=\"La mobilitat el\u00e8ctrica \u00e9s clau per a una transici\u00f3 energ\u00e8tica sostenible en les administracions p\u00fabliques.\" \/>\n<meta name=\"robots\" content=\"noindex, follow, max-snippet:-1, max-image-preview:large, max-video-preview:-1\" \/>\n<meta property=\"og:locale\" content=\"ca_ES\" \/>\n<meta property=\"og:type\" content=\"article\" \/>\n<meta property=\"og:title\" content=\"Etecnic360 amplia la xarxa de rec\u00e0rrega a Formentera\" \/>\n<meta property=\"og:description\" content=\"La mobilitat el\u00e8ctrica \u00e9s clau per a una transici\u00f3 energ\u00e8tica sostenible en les administracions p\u00fabliques.\" \/>\n<meta property=\"og:url\" content=\"https:\/\/etecnic.bisiestodeveloper.es\/ca\/casos-de-exito\/etecnic360-finalitza-el-projecte-dexpansio-dels-punts-de-recarrega-del-consell-insular-de-formentera\/\" \/>\n<meta property=\"og:site_name\" content=\"Etecnic\" \/>\n<meta property=\"article:modified_time\" content=\"2026-07-20T07:47:24+00:00\" \/>\n<meta property=\"og:image\" content=\"https:\/\/etecnic.bisiestodeveloper.es\/wp-content\/uploads\/2026\/01\/Caratula-Casos-de-exito-Nova-Web-Etecnic.jpg\" \/>\n<meta name=\"twitter:card\" content=\"summary_large_image\" \/>\n<meta name=\"twitter:label1\" content=\"Temps estimat de lectura\" \/>\n\t<meta name=\"twitter:data1\" content=\"4 minuts\" \/>\n<script type=\"application\/ld+json\" class=\"yoast-schema-graph\">{\"@context\":\"https:\/\/schema.org\",\"@graph\":[{\"@type\":\"WebPage\",\"@id\":\"https:\/\/etecnic.bisiestodeveloper.es\/ca\/casos-de-exito\/etecnic360-finalitza-el-projecte-dexpansio-dels-punts-de-recarrega-del-consell-insular-de-formentera\/\",\"url\":\"https:\/\/etecnic.bisiestodeveloper.es\/ca\/casos-de-exito\/etecnic360-finalitza-el-projecte-dexpansio-dels-punts-de-recarrega-del-consell-insular-de-formentera\/\",\"name\":\"Etecnic360 amplia la xarxa de rec\u00e0rrega a Formentera\",\"isPartOf\":{\"@id\":\"https:\/\/etecnic.bisiestodeveloper.es\/ca\/#website\"},\"primaryImageOfPage\":{\"@id\":\"https:\/\/etecnic.bisiestodeveloper.es\/ca\/casos-de-exito\/etecnic360-finalitza-el-projecte-dexpansio-dels-punts-de-recarrega-del-consell-insular-de-formentera\/#primaryimage\"},\"image\":{\"@id\":\"https:\/\/etecnic.bisiestodeveloper.es\/ca\/casos-de-exito\/etecnic360-finalitza-el-projecte-dexpansio-dels-punts-de-recarrega-del-consell-insular-de-formentera\/#primaryimage\"},\"thumbnailUrl\":\"https:\/\/etecnic.bisiestodeveloper.es\/wp-content\/uploads\/2026\/01\/Caratula-Casos-de-exito-Nova-Web-Etecnic.jpg\",\"datePublished\":\"2026-02-09T09:42:01+00:00\",\"dateModified\":\"2026-07-20T07:47:24+00:00\",\"description\":\"La mobilitat el\u00e8ctrica \u00e9s clau per a una transici\u00f3 energ\u00e8tica sostenible en les administracions p\u00fabliques.\",\"breadcrumb\":{\"@id\":\"https:\/\/etecnic.bisiestodeveloper.es\/ca\/casos-de-exito\/etecnic360-finalitza-el-projecte-dexpansio-dels-punts-de-recarrega-del-consell-insular-de-formentera\/#breadcrumb\"},\"inLanguage\":\"ca\",\"potentialAction\":[{\"@type\":\"ReadAction\",\"target\":[\"https:\/\/etecnic.bisiestodeveloper.es\/ca\/casos-de-exito\/etecnic360-finalitza-el-projecte-dexpansio-dels-punts-de-recarrega-del-consell-insular-de-formentera\/\"]}]},{\"@type\":\"ImageObject\",\"inLanguage\":\"ca\",\"@id\":\"https:\/\/etecnic.bisiestodeveloper.es\/ca\/casos-de-exito\/etecnic360-finalitza-el-projecte-dexpansio-dels-punts-de-recarrega-del-consell-insular-de-formentera\/#primaryimage\",\"url\":\"https:\/\/etecnic.bisiestodeveloper.es\/wp-content\/uploads\/2026\/01\/Caratula-Casos-de-exito-Nova-Web-Etecnic.jpg\",\"contentUrl\":\"https:\/\/etecnic.bisiestodeveloper.es\/wp-content\/uploads\/2026\/01\/Caratula-Casos-de-exito-Nova-Web-Etecnic.jpg\",\"width\":1280,\"height\":480},{\"@type\":\"BreadcrumbList\",\"@id\":\"https:\/\/etecnic.bisiestodeveloper.es\/ca\/casos-de-exito\/etecnic360-finalitza-el-projecte-dexpansio-dels-punts-de-recarrega-del-consell-insular-de-formentera\/#breadcrumb\",\"itemListElement\":[{\"@type\":\"ListItem\",\"position\":1,\"name\":\"Portada\",\"item\":\"https:\/\/etecnic.bisiestodeveloper.es\/ca\/\"},{\"@type\":\"ListItem\",\"position\":2,\"name\":\"Casos de \u00e9xito\",\"item\":\"https:\/\/etecnic.bisiestodeveloper.es\/ca\/casos-de-exito\/\"},{\"@type\":\"ListItem\",\"position\":3,\"name\":\"Etecnic360 finalitza el projecte d&#8217;expansi\u00f3 dels punts de rec\u00e0rrega del Consell Insular de Formentera\"}]},{\"@type\":\"WebSite\",\"@id\":\"https:\/\/etecnic.bisiestodeveloper.es\/ca\/#website\",\"url\":\"https:\/\/etecnic.bisiestodeveloper.es\/ca\/\",\"name\":\"Etecnic\",\"description\":\"\",\"publisher\":{\"@id\":\"https:\/\/etecnic.bisiestodeveloper.es\/ca\/#organization\"},\"potentialAction\":[{\"@type\":\"SearchAction\",\"target\":{\"@type\":\"EntryPoint\",\"urlTemplate\":\"https:\/\/etecnic.bisiestodeveloper.es\/ca\/?s={search_term_string}\"},\"query-input\":{\"@type\":\"PropertyValueSpecification\",\"valueRequired\":true,\"valueName\":\"search_term_string\"}}],\"inLanguage\":\"ca\"},{\"@type\":\"Organization\",\"@id\":\"https:\/\/etecnic.bisiestodeveloper.es\/ca\/#organization\",\"name\":\"Etecnic\",\"url\":\"https:\/\/etecnic.bisiestodeveloper.es\/ca\/\",\"logo\":{\"@type\":\"ImageObject\",\"inLanguage\":\"ca\",\"@id\":\"https:\/\/etecnic.bisiestodeveloper.es\/ca\/#\/schema\/logo\/image\/\",\"url\":\"https:\/\/etecnic.bisiestodeveloper.es\/wp-content\/uploads\/2025\/06\/logo-etecnic-blanco.png\",\"contentUrl\":\"https:\/\/etecnic.bisiestodeveloper.es\/wp-content\/uploads\/2025\/06\/logo-etecnic-blanco.png\",\"width\":1000,\"height\":500,\"caption\":\"Etecnic\"},\"image\":{\"@id\":\"https:\/\/etecnic.bisiestodeveloper.es\/ca\/#\/schema\/logo\/image\/\"}}]}<\/script>\n<!-- \/ Yoast SEO plugin. -->","yoast_head_json":{"title":"Etecnic360 amplia la xarxa de rec\u00e0rrega a Formentera","description":"La mobilitat el\u00e8ctrica \u00e9s clau per a una transici\u00f3 energ\u00e8tica sostenible en les administracions p\u00fabliques.","robots":{"index":"noindex","follow":"follow","max-snippet":"max-snippet:-1","max-image-preview":"max-image-preview:large","max-video-preview":"max-video-preview:-1"},"og_locale":"ca_ES","og_type":"article","og_title":"Etecnic360 amplia la xarxa de rec\u00e0rrega a Formentera","og_description":"La mobilitat el\u00e8ctrica \u00e9s clau per a una transici\u00f3 energ\u00e8tica sostenible en les administracions p\u00fabliques.","og_url":"https:\/\/etecnic.bisiestodeveloper.es\/ca\/casos-de-exito\/etecnic360-finalitza-el-projecte-dexpansio-dels-punts-de-recarrega-del-consell-insular-de-formentera\/","og_site_name":"Etecnic","article_modified_time":"2026-07-20T07:47:24+00:00","og_image":[{"url":"https:\/\/etecnic.bisiestodeveloper.es\/wp-content\/uploads\/2026\/01\/Caratula-Casos-de-exito-Nova-Web-Etecnic.jpg","type":"","width":"","height":""}],"twitter_card":"summary_large_image","twitter_misc":{"Temps estimat de lectura":"4 minuts"},"schema":{"@context":"https:\/\/schema.org","@graph":[{"@type":"WebPage","@id":"https:\/\/etecnic.bisiestodeveloper.es\/ca\/casos-de-exito\/etecnic360-finalitza-el-projecte-dexpansio-dels-punts-de-recarrega-del-consell-insular-de-formentera\/","url":"https:\/\/etecnic.bisiestodeveloper.es\/ca\/casos-de-exito\/etecnic360-finalitza-el-projecte-dexpansio-dels-punts-de-recarrega-del-consell-insular-de-formentera\/","name":"Etecnic360 amplia la xarxa de rec\u00e0rrega a Formentera","isPartOf":{"@id":"https:\/\/etecnic.bisiestodeveloper.es\/ca\/#website"},"primaryImageOfPage":{"@id":"https:\/\/etecnic.bisiestodeveloper.es\/ca\/casos-de-exito\/etecnic360-finalitza-el-projecte-dexpansio-dels-punts-de-recarrega-del-consell-insular-de-formentera\/#primaryimage"},"image":{"@id":"https:\/\/etecnic.bisiestodeveloper.es\/ca\/casos-de-exito\/etecnic360-finalitza-el-projecte-dexpansio-dels-punts-de-recarrega-del-consell-insular-de-formentera\/#primaryimage"},"thumbnailUrl":"https:\/\/etecnic.bisiestodeveloper.es\/wp-content\/uploads\/2026\/01\/Caratula-Casos-de-exito-Nova-Web-Etecnic.jpg","datePublished":"2026-02-09T09:42:01+00:00","dateModified":"2026-07-20T07:47:24+00:00","description":"La mobilitat el\u00e8ctrica \u00e9s clau per a una transici\u00f3 energ\u00e8tica sostenible en les administracions p\u00fabliques.","breadcrumb":{"@id":"https:\/\/etecnic.bisiestodeveloper.es\/ca\/casos-de-exito\/etecnic360-finalitza-el-projecte-dexpansio-dels-punts-de-recarrega-del-consell-insular-de-formentera\/#breadcrumb"},"inLanguage":"ca","potentialAction":[{"@type":"ReadAction","target":["https:\/\/etecnic.bisiestodeveloper.es\/ca\/casos-de-exito\/etecnic360-finalitza-el-projecte-dexpansio-dels-punts-de-recarrega-del-consell-insular-de-formentera\/"]}]},{"@type":"ImageObject","inLanguage":"ca","@id":"https:\/\/etecnic.bisiestodeveloper.es\/ca\/casos-de-exito\/etecnic360-finalitza-el-projecte-dexpansio-dels-punts-de-recarrega-del-consell-insular-de-formentera\/#primaryimage","url":"https:\/\/etecnic.bisiestodeveloper.es\/wp-content\/uploads\/2026\/01\/Caratula-Casos-de-exito-Nova-Web-Etecnic.jpg","contentUrl":"https:\/\/etecnic.bisiestodeveloper.es\/wp-content\/uploads\/2026\/01\/Caratula-Casos-de-exito-Nova-Web-Etecnic.jpg","width":1280,"height":480},{"@type":"BreadcrumbList","@id":"https:\/\/etecnic.bisiestodeveloper.es\/ca\/casos-de-exito\/etecnic360-finalitza-el-projecte-dexpansio-dels-punts-de-recarrega-del-consell-insular-de-formentera\/#breadcrumb","itemListElement":[{"@type":"ListItem","position":1,"name":"Portada","item":"https:\/\/etecnic.bisiestodeveloper.es\/ca\/"},{"@type":"ListItem","position":2,"name":"Casos de \u00e9xito","item":"https:\/\/etecnic.bisiestodeveloper.es\/ca\/casos-de-exito\/"},{"@type":"ListItem","position":3,"name":"Etecnic360 finalitza el projecte d&#8217;expansi\u00f3 dels punts de rec\u00e0rrega del Consell Insular de Formentera"}]},{"@type":"WebSite","@id":"https:\/\/etecnic.bisiestodeveloper.es\/ca\/#website","url":"https:\/\/etecnic.bisiestodeveloper.es\/ca\/","name":"Etecnic","description":"","publisher":{"@id":"https:\/\/etecnic.bisiestodeveloper.es\/ca\/#organization"},"potentialAction":[{"@type":"SearchAction","target":{"@type":"EntryPoint","urlTemplate":"https:\/\/etecnic.bisiestodeveloper.es\/ca\/?s={search_term_string}"},"query-input":{"@type":"PropertyValueSpecification","valueRequired":true,"valueName":"search_term_string"}}],"inLanguage":"ca"},{"@type":"Organization","@id":"https:\/\/etecnic.bisiestodeveloper.es\/ca\/#organization","name":"Etecnic","url":"https:\/\/etecnic.bisiestodeveloper.es\/ca\/","logo":{"@type":"ImageObject","inLanguage":"ca","@id":"https:\/\/etecnic.bisiestodeveloper.es\/ca\/#\/schema\/logo\/image\/","url":"https:\/\/etecnic.bisiestodeveloper.es\/wp-content\/uploads\/2025\/06\/logo-etecnic-blanco.png","contentUrl":"https:\/\/etecnic.bisiestodeveloper.es\/wp-content\/uploads\/2025\/06\/logo-etecnic-blanco.png","width":1000,"height":500,"caption":"Etecnic"},"image":{"@id":"https:\/\/etecnic.bisiestodeveloper.es\/ca\/#\/schema\/logo\/image\/"}}]}},"_links":{"self":[{"href":"https:\/\/etecnic.bisiestodeveloper.es\/ca\/wp-json\/wp\/v2\/casos-de-exito\/35436","targetHints":{"allow":["GET"]}}],"collection":[{"href":"https:\/\/etecnic.bisiestodeveloper.es\/ca\/wp-json\/wp\/v2\/casos-de-exito"}],"about":[{"href":"https:\/\/etecnic.bisiestodeveloper.es\/ca\/wp-json\/wp\/v2\/types\/casos-de-exito"}],"author":[{"embeddable":true,"href":"https:\/\/etecnic.bisiestodeveloper.es\/ca\/wp-json\/wp\/v2\/users\/4"}],"version-history":[{"count":1,"href":"https:\/\/etecnic.bisiestodeveloper.es\/ca\/wp-json\/wp\/v2\/casos-de-exito\/35436\/revisions"}],"predecessor-version":[{"id":35439,"href":"https:\/\/etecnic.bisiestodeveloper.es\/ca\/wp-json\/wp\/v2\/casos-de-exito\/35436\/revisions\/35439"}],"wp:featuredmedia":[{"embeddable":true,"href":"https:\/\/etecnic.bisiestodeveloper.es\/ca\/wp-json\/wp\/v2\/media\/31962"}],"wp:attachment":[{"href":"https:\/\/etecnic.bisiestodeveloper.es\/ca\/wp-json\/wp\/v2\/media?parent=35436"}],"wp:term":[{"taxonomy":"categoria","embeddable":true,"href":"https:\/\/etecnic.bisiestodeveloper.es\/ca\/wp-json\/wp\/v2\/categoria?post=35436"}],"curies":[{"name":"wp","href":"https:\/\/api.w.org\/{rel}","templated":true}]}}

Etecnic360 finalitza el projecte d&#8217;expansió dels punts de recàrrega del Consell Insular de Formentera

<!-- This site is optimized with the Yoast SEO plugin v26.5 - https://yoast.com/wordpress/plugins/seo/ -->
<title>Etecnic360 amplia la xarxa de recàrrega a Formentera</title>
<meta name="description" content="La mobilitat elèctrica és clau per a una transició energètica sostenible en les administracions públiques." />
<meta name="robots" content="noindex, follow, max-snippet:-1, max-image-preview:large, max-video-preview:-1" />
<meta property="og:locale" content="ca_ES" />
<meta property="og:type" content="article" />
<meta property="og:title" content="Etecnic360 amplia la xarxa de recàrrega a Formentera" />
<meta property="og:description" content="La mobilitat elèctrica és clau per a una transició energètica sostenible en les administracions públiques." />
<meta property="og:url" content="https://etecnic.bisiestodeveloper.es/ca/casos-de-exito/etecnic360-finalitza-el-projecte-dexpansio-dels-punts-de-recarrega-del-consell-insular-de-formentera/" />
<meta property="og:site_name" content="Etecnic" />
<meta property="article:modified_time" content="2026-07-20T07:47:24+00:00" />
<meta property="og:image" content="https://etecnic.bisiestodeveloper.es/wp-content/uploads/2026/01/Caratula-Casos-de-exito-Nova-Web-Etecnic.jpg" />
<meta name="twitter:card" content="summary_large_image" />
<meta name="twitter:label1" content="Temps estimat de lectura" />
	<meta name="twitter:data1" content="4 minuts" />
<script type="application/ld+json" class="yoast-schema-graph">{"@context":"https://schema.org","@graph":[{"@type":"WebPage","@id":"https://etecnic.bisiestodeveloper.es/ca/casos-de-exito/etecnic360-finalitza-el-projecte-dexpansio-dels-punts-de-recarrega-del-consell-insular-de-formentera/","url":"https://etecnic.bisiestodeveloper.es/ca/casos-de-exito/etecnic360-finalitza-el-projecte-dexpansio-dels-punts-de-recarrega-del-consell-insular-de-formentera/","name":"Etecnic360 amplia la xarxa de recàrrega a Formentera","isPartOf":{"@id":"https://etecnic.bisiestodeveloper.es/ca/#website"},"primaryImageOfPage":{"@id":"https://etecnic.bisiestodeveloper.es/ca/casos-de-exito/etecnic360-finalitza-el-projecte-dexpansio-dels-punts-de-recarrega-del-consell-insular-de-formentera/#primaryimage"},"image":{"@id":"https://etecnic.bisiestodeveloper.es/ca/casos-de-exito/etecnic360-finalitza-el-projecte-dexpansio-dels-punts-de-recarrega-del-consell-insular-de-formentera/#primaryimage"},"thumbnailUrl":"https://etecnic.bisiestodeveloper.es/wp-content/uploads/2026/01/Caratula-Casos-de-exito-Nova-Web-Etecnic.jpg","datePublished":"2026-02-09T09:42:01+00:00","dateModified":"2026-07-20T07:47:24+00:00","description":"La mobilitat elèctrica és clau per a una transició energètica sostenible en les administracions públiques.","breadcrumb":{"@id":"https://etecnic.bisiestodeveloper.es/ca/casos-de-exito/etecnic360-finalitza-el-projecte-dexpansio-dels-punts-de-recarrega-del-consell-insular-de-formentera/#breadcrumb"},"inLanguage":"ca","potentialAction":[{"@type":"ReadAction","target":["https://etecnic.bisiestodeveloper.es/ca/casos-de-exito/etecnic360-finalitza-el-projecte-dexpansio-dels-punts-de-recarrega-del-consell-insular-de-formentera/"]}]},{"@type":"ImageObject","inLanguage":"ca","@id":"https://etecnic.bisiestodeveloper.es/ca/casos-de-exito/etecnic360-finalitza-el-projecte-dexpansio-dels-punts-de-recarrega-del-consell-insular-de-formentera/#primaryimage","url":"https://etecnic.bisiestodeveloper.es/wp-content/uploads/2026/01/Caratula-Casos-de-exito-Nova-Web-Etecnic.jpg","contentUrl":"https://etecnic.bisiestodeveloper.es/wp-content/uploads/2026/01/Caratula-Casos-de-exito-Nova-Web-Etecnic.jpg","width":1280,"height":480},{"@type":"BreadcrumbList","@id":"https://etecnic.bisiestodeveloper.es/ca/casos-de-exito/etecnic360-finalitza-el-projecte-dexpansio-dels-punts-de-recarrega-del-consell-insular-de-formentera/#breadcrumb","itemListElement":[{"@type":"ListItem","position":1,"name":"Portada","item":"https://etecnic.bisiestodeveloper.es/ca/"},{"@type":"ListItem","position":2,"name":"Casos de éxito","item":"https://etecnic.bisiestodeveloper.es/ca/casos-de-exito/"},{"@type":"ListItem","position":3,"name":"Etecnic360 finalitza el projecte d&#8217;expansió dels punts de recàrrega del Consell Insular de Formentera"}]},{"@type":"WebSite","@id":"https://etecnic.bisiestodeveloper.es/ca/#website","url":"https://etecnic.bisiestodeveloper.es/ca/","name":"Etecnic","description":"","publisher":{"@id":"https://etecnic.bisiestodeveloper.es/ca/#organization"},"potentialAction":[{"@type":"SearchAction","target":{"@type":"EntryPoint","urlTemplate":"https://etecnic.bisiestodeveloper.es/ca/?s={search_term_string}"},"query-input":{"@type":"PropertyValueSpecification","valueRequired":true,"valueName":"search_term_string"}}],"inLanguage":"ca"},{"@type":"Organization","@id":"https://etecnic.bisiestodeveloper.es/ca/#organization","name":"Etecnic","url":"https://etecnic.bisiestodeveloper.es/ca/","logo":{"@type":"ImageObject","inLanguage":"ca","@id":"https://etecnic.bisiestodeveloper.es/ca/#/schema/logo/image/","url":"https://etecnic.bisiestodeveloper.es/wp-content/uploads/2025/06/logo-etecnic-blanco.png","contentUrl":"https://etecnic.bisiestodeveloper.es/wp-content/uploads/2025/06/logo-etecnic-blanco.png","width":1000,"height":500,"caption":"Etecnic"},"image":{"@id":"https://etecnic.bisiestodeveloper.es/ca/#/schema/logo/image/"}}]}</script>
<!-- / Yoast SEO plugin. -->

Etecnic360 amplia la xarxa de recàrrega a Formentera

La mobilitat elèctrica és clau per a una transició energètica sostenible en les administracions públiques.

Casos de éxito
