{"id":35657,"date":"2018-09-10T09:07:13","date_gmt":"2018-09-10T09:07:13","guid":{"rendered":"https:\/\/etecnic.bisiestodeveloper.es\/avada_portfolio\/celsia-gestio-de-39-punts-de-recarrega-mitjancant-mobility-smart-manager-a-colombia-i-panama\/"},"modified":"2018-09-10T09:07:13","modified_gmt":"2018-09-10T09:07:13","slug":"celsia-gestio-de-39-punts-de-recarrega-mitjancant-mobility-smart-manager-a-colombia-i-panama","status":"publish","type":"avada_portfolio","link":"https:\/\/etecnic.bisiestodeveloper.es\/ca\/avada_portfolio\/celsia-gestio-de-39-punts-de-recarrega-mitjancant-mobility-smart-manager-a-colombia-i-panama\/","title":{"rendered":"Celsia. Gesti\u00f3 de 39 punts de rec\u00e0rrega mitjan\u00e7ant Mobility Smart Manager a Col\u00f2mbia i Panam\u00e0"},"content":{"rendered":"<p>Col\u00f2mbia i P\u00e2nama: Gesti\u00f3 de 39 punts de rec\u00e0rrega mitjan\u00e7ant el programari de gesti\u00f3 Mobility Smart Manager.<\/p>\n","protected":false},"author":3,"featured_media":35656,"template":"","portfolio_tags":[826],"portfolio_skills":[794,799],"portfolio_category":[807,798],"class_list":["post-35657","avada_portfolio","type-avada_portfolio","status-publish","has-post-thumbnail","hentry","portfolio_tags-circutor","portfolio_skills-2-tomas","portfolio_skills-22kw","portfolio_category-privado","portfolio_category-semirrapida"],"yoast_head":"<!-- This site is optimized with the Yoast SEO plugin v26.5 - https:\/\/yoast.com\/wordpress\/plugins\/seo\/ -->\n<title>Celsia. Gesti\u00f3 de 39 punts de rec\u00e0rrega mitjan\u00e7ant Mobility Smart Manager a Col\u00f2mbia i Panam\u00e0 - Etecnic<\/title>\n<meta name=\"robots\" content=\"noindex, follow, max-snippet:-1, max-image-preview:large, max-video-preview:-1\" \/>\n<meta property=\"og:locale\" content=\"ca_ES\" \/>\n<meta property=\"og:type\" content=\"article\" \/>\n<meta property=\"og:title\" content=\"Celsia. Gesti\u00f3 de 39 punts de rec\u00e0rrega mitjan\u00e7ant Mobility Smart Manager a Col\u00f2mbia i Panam\u00e0 - Etecnic\" \/>\n<meta property=\"og:description\" content=\"Gesti\u00f3 de xarxa privada de rec\u00e0rrega per a Celsia amb programari Mobility Smart Manager\" \/>\n<meta property=\"og:url\" content=\"https:\/\/etecnic.bisiestodeveloper.es\/ca\/avada_portfolio\/celsia-gestio-de-39-punts-de-recarrega-mitjancant-mobility-smart-manager-a-colombia-i-panama\/\" \/>\n<meta property=\"og:site_name\" content=\"Etecnic\" \/>\n<meta property=\"og:image\" content=\"https:\/\/etecnic.bisiestodeveloper.es\/wp-content\/uploads\/2019\/09\/etecnic-celsia.jpeg\" \/>\n\t<meta property=\"og:image:width\" content=\"1200\" \/>\n\t<meta property=\"og:image:height\" content=\"799\" \/>\n\t<meta property=\"og:image:type\" content=\"image\/jpeg\" \/>\n<meta name=\"twitter:card\" content=\"summary_large_image\" \/>\n<script type=\"application\/ld+json\" class=\"yoast-schema-graph\">{\"@context\":\"https:\/\/schema.org\",\"@graph\":[{\"@type\":\"WebPage\",\"@id\":\"https:\/\/etecnic.bisiestodeveloper.es\/ca\/avada_portfolio\/celsia-gestio-de-39-punts-de-recarrega-mitjancant-mobility-smart-manager-a-colombia-i-panama\/\",\"url\":\"https:\/\/etecnic.bisiestodeveloper.es\/ca\/avada_portfolio\/celsia-gestio-de-39-punts-de-recarrega-mitjancant-mobility-smart-manager-a-colombia-i-panama\/\",\"name\":\"Celsia. Gesti\u00f3 de 39 punts de rec\u00e0rrega mitjan\u00e7ant Mobility Smart Manager a Col\u00f2mbia i Panam\u00e0 - Etecnic\",\"isPartOf\":{\"@id\":\"https:\/\/etecnic.bisiestodeveloper.es\/ca\/#website\"},\"primaryImageOfPage\":{\"@id\":\"https:\/\/etecnic.bisiestodeveloper.es\/ca\/avada_portfolio\/celsia-gestio-de-39-punts-de-recarrega-mitjancant-mobility-smart-manager-a-colombia-i-panama\/#primaryimage\"},\"image\":{\"@id\":\"https:\/\/etecnic.bisiestodeveloper.es\/ca\/avada_portfolio\/celsia-gestio-de-39-punts-de-recarrega-mitjancant-mobility-smart-manager-a-colombia-i-panama\/#primaryimage\"},\"thumbnailUrl\":\"https:\/\/etecnic.bisiestodeveloper.es\/wp-content\/uploads\/2019\/09\/etecnic-celsia.jpeg\",\"datePublished\":\"2018-09-10T09:07:13+00:00\",\"breadcrumb\":{\"@id\":\"https:\/\/etecnic.bisiestodeveloper.es\/ca\/avada_portfolio\/celsia-gestio-de-39-punts-de-recarrega-mitjancant-mobility-smart-manager-a-colombia-i-panama\/#breadcrumb\"},\"inLanguage\":\"ca\",\"potentialAction\":[{\"@type\":\"ReadAction\",\"target\":[\"https:\/\/etecnic.bisiestodeveloper.es\/ca\/avada_portfolio\/celsia-gestio-de-39-punts-de-recarrega-mitjancant-mobility-smart-manager-a-colombia-i-panama\/\"]}]},{\"@type\":\"ImageObject\",\"inLanguage\":\"ca\",\"@id\":\"https:\/\/etecnic.bisiestodeveloper.es\/ca\/avada_portfolio\/celsia-gestio-de-39-punts-de-recarrega-mitjancant-mobility-smart-manager-a-colombia-i-panama\/#primaryimage\",\"url\":\"https:\/\/etecnic.bisiestodeveloper.es\/wp-content\/uploads\/2019\/09\/etecnic-celsia.jpeg\",\"contentUrl\":\"https:\/\/etecnic.bisiestodeveloper.es\/wp-content\/uploads\/2019\/09\/etecnic-celsia.jpeg\",\"width\":1200,\"height\":799},{\"@type\":\"BreadcrumbList\",\"@id\":\"https:\/\/etecnic.bisiestodeveloper.es\/ca\/avada_portfolio\/celsia-gestio-de-39-punts-de-recarrega-mitjancant-mobility-smart-manager-a-colombia-i-panama\/#breadcrumb\",\"itemListElement\":[{\"@type\":\"ListItem\",\"position\":1,\"name\":\"Portada\",\"item\":\"https:\/\/etecnic.bisiestodeveloper.es\/ca\/\"},{\"@type\":\"ListItem\",\"position\":2,\"name\":\"Portfolio\",\"item\":\"https:\/\/etecnic.bisiestodeveloper.es\/ca\/avada_portfolio\/\"},{\"@type\":\"ListItem\",\"position\":3,\"name\":\"Celsia. Gesti\u00f3 de 39 punts de rec\u00e0rrega mitjan\u00e7ant Mobility Smart Manager a Col\u00f2mbia i Panam\u00e0\"}]},{\"@type\":\"WebSite\",\"@id\":\"https:\/\/etecnic.bisiestodeveloper.es\/ca\/#website\",\"url\":\"https:\/\/etecnic.bisiestodeveloper.es\/ca\/\",\"name\":\"Etecnic\",\"description\":\"\",\"publisher\":{\"@id\":\"https:\/\/etecnic.bisiestodeveloper.es\/ca\/#organization\"},\"potentialAction\":[{\"@type\":\"SearchAction\",\"target\":{\"@type\":\"EntryPoint\",\"urlTemplate\":\"https:\/\/etecnic.bisiestodeveloper.es\/ca\/?s={search_term_string}\"},\"query-input\":{\"@type\":\"PropertyValueSpecification\",\"valueRequired\":true,\"valueName\":\"search_term_string\"}}],\"inLanguage\":\"ca\"},{\"@type\":\"Organization\",\"@id\":\"https:\/\/etecnic.bisiestodeveloper.es\/ca\/#organization\",\"name\":\"Etecnic\",\"url\":\"https:\/\/etecnic.bisiestodeveloper.es\/ca\/\",\"logo\":{\"@type\":\"ImageObject\",\"inLanguage\":\"ca\",\"@id\":\"https:\/\/etecnic.bisiestodeveloper.es\/ca\/#\/schema\/logo\/image\/\",\"url\":\"https:\/\/etecnic.bisiestodeveloper.es\/wp-content\/uploads\/2025\/06\/logo-etecnic-blanco.png\",\"contentUrl\":\"https:\/\/etecnic.bisiestodeveloper.es\/wp-content\/uploads\/2025\/06\/logo-etecnic-blanco.png\",\"width\":1000,\"height\":500,\"caption\":\"Etecnic\"},\"image\":{\"@id\":\"https:\/\/etecnic.bisiestodeveloper.es\/ca\/#\/schema\/logo\/image\/\"}}]}<\/script>\n<!-- \/ Yoast SEO plugin. -->","yoast_head_json":{"title":"Celsia. Gesti\u00f3 de 39 punts de rec\u00e0rrega mitjan\u00e7ant Mobility Smart Manager a Col\u00f2mbia i Panam\u00e0 - Etecnic","robots":{"index":"noindex","follow":"follow","max-snippet":"max-snippet:-1","max-image-preview":"max-image-preview:large","max-video-preview":"max-video-preview:-1"},"og_locale":"ca_ES","og_type":"article","og_title":"Celsia. Gesti\u00f3 de 39 punts de rec\u00e0rrega mitjan\u00e7ant Mobility Smart Manager a Col\u00f2mbia i Panam\u00e0 - Etecnic","og_description":"Gesti\u00f3 de xarxa privada de rec\u00e0rrega per a Celsia amb programari Mobility Smart Manager","og_url":"https:\/\/etecnic.bisiestodeveloper.es\/ca\/avada_portfolio\/celsia-gestio-de-39-punts-de-recarrega-mitjancant-mobility-smart-manager-a-colombia-i-panama\/","og_site_name":"Etecnic","og_image":[{"width":1200,"height":799,"url":"https:\/\/etecnic.bisiestodeveloper.es\/wp-content\/uploads\/2019\/09\/etecnic-celsia.jpeg","type":"image\/jpeg"}],"twitter_card":"summary_large_image","schema":{"@context":"https:\/\/schema.org","@graph":[{"@type":"WebPage","@id":"https:\/\/etecnic.bisiestodeveloper.es\/ca\/avada_portfolio\/celsia-gestio-de-39-punts-de-recarrega-mitjancant-mobility-smart-manager-a-colombia-i-panama\/","url":"https:\/\/etecnic.bisiestodeveloper.es\/ca\/avada_portfolio\/celsia-gestio-de-39-punts-de-recarrega-mitjancant-mobility-smart-manager-a-colombia-i-panama\/","name":"Celsia. Gesti\u00f3 de 39 punts de rec\u00e0rrega mitjan\u00e7ant Mobility Smart Manager a Col\u00f2mbia i Panam\u00e0 - Etecnic","isPartOf":{"@id":"https:\/\/etecnic.bisiestodeveloper.es\/ca\/#website"},"primaryImageOfPage":{"@id":"https:\/\/etecnic.bisiestodeveloper.es\/ca\/avada_portfolio\/celsia-gestio-de-39-punts-de-recarrega-mitjancant-mobility-smart-manager-a-colombia-i-panama\/#primaryimage"},"image":{"@id":"https:\/\/etecnic.bisiestodeveloper.es\/ca\/avada_portfolio\/celsia-gestio-de-39-punts-de-recarrega-mitjancant-mobility-smart-manager-a-colombia-i-panama\/#primaryimage"},"thumbnailUrl":"https:\/\/etecnic.bisiestodeveloper.es\/wp-content\/uploads\/2019\/09\/etecnic-celsia.jpeg","datePublished":"2018-09-10T09:07:13+00:00","breadcrumb":{"@id":"https:\/\/etecnic.bisiestodeveloper.es\/ca\/avada_portfolio\/celsia-gestio-de-39-punts-de-recarrega-mitjancant-mobility-smart-manager-a-colombia-i-panama\/#breadcrumb"},"inLanguage":"ca","potentialAction":[{"@type":"ReadAction","target":["https:\/\/etecnic.bisiestodeveloper.es\/ca\/avada_portfolio\/celsia-gestio-de-39-punts-de-recarrega-mitjancant-mobility-smart-manager-a-colombia-i-panama\/"]}]},{"@type":"ImageObject","inLanguage":"ca","@id":"https:\/\/etecnic.bisiestodeveloper.es\/ca\/avada_portfolio\/celsia-gestio-de-39-punts-de-recarrega-mitjancant-mobility-smart-manager-a-colombia-i-panama\/#primaryimage","url":"https:\/\/etecnic.bisiestodeveloper.es\/wp-content\/uploads\/2019\/09\/etecnic-celsia.jpeg","contentUrl":"https:\/\/etecnic.bisiestodeveloper.es\/wp-content\/uploads\/2019\/09\/etecnic-celsia.jpeg","width":1200,"height":799},{"@type":"BreadcrumbList","@id":"https:\/\/etecnic.bisiestodeveloper.es\/ca\/avada_portfolio\/celsia-gestio-de-39-punts-de-recarrega-mitjancant-mobility-smart-manager-a-colombia-i-panama\/#breadcrumb","itemListElement":[{"@type":"ListItem","position":1,"name":"Portada","item":"https:\/\/etecnic.bisiestodeveloper.es\/ca\/"},{"@type":"ListItem","position":2,"name":"Portfolio","item":"https:\/\/etecnic.bisiestodeveloper.es\/ca\/avada_portfolio\/"},{"@type":"ListItem","position":3,"name":"Celsia. Gesti\u00f3 de 39 punts de rec\u00e0rrega mitjan\u00e7ant Mobility Smart Manager a Col\u00f2mbia i Panam\u00e0"}]},{"@type":"WebSite","@id":"https:\/\/etecnic.bisiestodeveloper.es\/ca\/#website","url":"https:\/\/etecnic.bisiestodeveloper.es\/ca\/","name":"Etecnic","description":"","publisher":{"@id":"https:\/\/etecnic.bisiestodeveloper.es\/ca\/#organization"},"potentialAction":[{"@type":"SearchAction","target":{"@type":"EntryPoint","urlTemplate":"https:\/\/etecnic.bisiestodeveloper.es\/ca\/?s={search_term_string}"},"query-input":{"@type":"PropertyValueSpecification","valueRequired":true,"valueName":"search_term_string"}}],"inLanguage":"ca"},{"@type":"Organization","@id":"https:\/\/etecnic.bisiestodeveloper.es\/ca\/#organization","name":"Etecnic","url":"https:\/\/etecnic.bisiestodeveloper.es\/ca\/","logo":{"@type":"ImageObject","inLanguage":"ca","@id":"https:\/\/etecnic.bisiestodeveloper.es\/ca\/#\/schema\/logo\/image\/","url":"https:\/\/etecnic.bisiestodeveloper.es\/wp-content\/uploads\/2025\/06\/logo-etecnic-blanco.png","contentUrl":"https:\/\/etecnic.bisiestodeveloper.es\/wp-content\/uploads\/2025\/06\/logo-etecnic-blanco.png","width":1000,"height":500,"caption":"Etecnic"},"image":{"@id":"https:\/\/etecnic.bisiestodeveloper.es\/ca\/#\/schema\/logo\/image\/"}}]}},"_links":{"self":[{"href":"https:\/\/etecnic.bisiestodeveloper.es\/ca\/wp-json\/wp\/v2\/avada_portfolio\/35657","targetHints":{"allow":["GET"]}}],"collection":[{"href":"https:\/\/etecnic.bisiestodeveloper.es\/ca\/wp-json\/wp\/v2\/avada_portfolio"}],"about":[{"href":"https:\/\/etecnic.bisiestodeveloper.es\/ca\/wp-json\/wp\/v2\/types\/avada_portfolio"}],"author":[{"embeddable":true,"href":"https:\/\/etecnic.bisiestodeveloper.es\/ca\/wp-json\/wp\/v2\/users\/3"}],"version-history":[{"count":0,"href":"https:\/\/etecnic.bisiestodeveloper.es\/ca\/wp-json\/wp\/v2\/avada_portfolio\/35657\/revisions"}],"wp:attachment":[{"href":"https:\/\/etecnic.bisiestodeveloper.es\/ca\/wp-json\/wp\/v2\/media?parent=35657"}],"wp:term":[{"taxonomy":"portfolio_tags","embeddable":true,"href":"https:\/\/etecnic.bisiestodeveloper.es\/ca\/wp-json\/wp\/v2\/portfolio_tags?post=35657"},{"taxonomy":"portfolio_skills","embeddable":true,"href":"https:\/\/etecnic.bisiestodeveloper.es\/ca\/wp-json\/wp\/v2\/portfolio_skills?post=35657"},{"taxonomy":"portfolio_category","embeddable":true,"href":"https:\/\/etecnic.bisiestodeveloper.es\/ca\/wp-json\/wp\/v2\/portfolio_category?post=35657"}],"curies":[{"name":"wp","href":"https:\/\/api.w.org\/{rel}","templated":true}]}}

Celsia. Gestió de 39 punts de recàrrega mitjançant Mobility Smart Manager a Colòmbia i Panamà

<p>Colòmbia i Pânama: Gestió de 39 punts de recàrrega mitjançant el programari de gestió Mobility Smart Manager.</p>

<!-- This site is optimized with the Yoast SEO plugin v26.5 - https://yoast.com/wordpress/plugins/seo/ -->
<title>Celsia. Gestió de 39 punts de recàrrega mitjançant Mobility Smart Manager a Colòmbia i Panamà - Etecnic</title>
<meta name="robots" content="noindex, follow, max-snippet:-1, max-image-preview:large, max-video-preview:-1" />
<meta property="og:locale" content="ca_ES" />
<meta property="og:type" content="article" />
<meta property="og:title" content="Celsia. Gestió de 39 punts de recàrrega mitjançant Mobility Smart Manager a Colòmbia i Panamà - Etecnic" />
<meta property="og:description" content="Gestió de xarxa privada de recàrrega per a Celsia amb programari Mobility Smart Manager" />
<meta property="og:url" content="https://etecnic.bisiestodeveloper.es/ca/avada_portfolio/celsia-gestio-de-39-punts-de-recarrega-mitjancant-mobility-smart-manager-a-colombia-i-panama/" />
<meta property="og:site_name" content="Etecnic" />
<meta property="og:image" content="https://etecnic.bisiestodeveloper.es/wp-content/uploads/2019/09/etecnic-celsia.jpeg" />
	<meta property="og:image:width" content="1200" />
	<meta property="og:image:height" content="799" />
	<meta property="og:image:type" content="image/jpeg" />
<meta name="twitter:card" content="summary_large_image" />
<script type="application/ld+json" class="yoast-schema-graph">{"@context":"https://schema.org","@graph":[{"@type":"WebPage","@id":"https://etecnic.bisiestodeveloper.es/ca/avada_portfolio/celsia-gestio-de-39-punts-de-recarrega-mitjancant-mobility-smart-manager-a-colombia-i-panama/","url":"https://etecnic.bisiestodeveloper.es/ca/avada_portfolio/celsia-gestio-de-39-punts-de-recarrega-mitjancant-mobility-smart-manager-a-colombia-i-panama/","name":"Celsia. Gestió de 39 punts de recàrrega mitjançant Mobility Smart Manager a Colòmbia i Panamà - Etecnic","isPartOf":{"@id":"https://etecnic.bisiestodeveloper.es/ca/#website"},"primaryImageOfPage":{"@id":"https://etecnic.bisiestodeveloper.es/ca/avada_portfolio/celsia-gestio-de-39-punts-de-recarrega-mitjancant-mobility-smart-manager-a-colombia-i-panama/#primaryimage"},"image":{"@id":"https://etecnic.bisiestodeveloper.es/ca/avada_portfolio/celsia-gestio-de-39-punts-de-recarrega-mitjancant-mobility-smart-manager-a-colombia-i-panama/#primaryimage"},"thumbnailUrl":"https://etecnic.bisiestodeveloper.es/wp-content/uploads/2019/09/etecnic-celsia.jpeg","datePublished":"2018-09-10T09:07:13+00:00","breadcrumb":{"@id":"https://etecnic.bisiestodeveloper.es/ca/avada_portfolio/celsia-gestio-de-39-punts-de-recarrega-mitjancant-mobility-smart-manager-a-colombia-i-panama/#breadcrumb"},"inLanguage":"ca","potentialAction":[{"@type":"ReadAction","target":["https://etecnic.bisiestodeveloper.es/ca/avada_portfolio/celsia-gestio-de-39-punts-de-recarrega-mitjancant-mobility-smart-manager-a-colombia-i-panama/"]}]},{"@type":"ImageObject","inLanguage":"ca","@id":"https://etecnic.bisiestodeveloper.es/ca/avada_portfolio/celsia-gestio-de-39-punts-de-recarrega-mitjancant-mobility-smart-manager-a-colombia-i-panama/#primaryimage","url":"https://etecnic.bisiestodeveloper.es/wp-content/uploads/2019/09/etecnic-celsia.jpeg","contentUrl":"https://etecnic.bisiestodeveloper.es/wp-content/uploads/2019/09/etecnic-celsia.jpeg","width":1200,"height":799},{"@type":"BreadcrumbList","@id":"https://etecnic.bisiestodeveloper.es/ca/avada_portfolio/celsia-gestio-de-39-punts-de-recarrega-mitjancant-mobility-smart-manager-a-colombia-i-panama/#breadcrumb","itemListElement":[{"@type":"ListItem","position":1,"name":"Portada","item":"https://etecnic.bisiestodeveloper.es/ca/"},{"@type":"ListItem","position":2,"name":"Portfolio","item":"https://etecnic.bisiestodeveloper.es/ca/avada_portfolio/"},{"@type":"ListItem","position":3,"name":"Celsia. Gestió de 39 punts de recàrrega mitjançant Mobility Smart Manager a Colòmbia i Panamà"}]},{"@type":"WebSite","@id":"https://etecnic.bisiestodeveloper.es/ca/#website","url":"https://etecnic.bisiestodeveloper.es/ca/","name":"Etecnic","description":"","publisher":{"@id":"https://etecnic.bisiestodeveloper.es/ca/#organization"},"potentialAction":[{"@type":"SearchAction","target":{"@type":"EntryPoint","urlTemplate":"https://etecnic.bisiestodeveloper.es/ca/?s={search_term_string}"},"query-input":{"@type":"PropertyValueSpecification","valueRequired":true,"valueName":"search_term_string"}}],"inLanguage":"ca"},{"@type":"Organization","@id":"https://etecnic.bisiestodeveloper.es/ca/#organization","name":"Etecnic","url":"https://etecnic.bisiestodeveloper.es/ca/","logo":{"@type":"ImageObject","inLanguage":"ca","@id":"https://etecnic.bisiestodeveloper.es/ca/#/schema/logo/image/","url":"https://etecnic.bisiestodeveloper.es/wp-content/uploads/2025/06/logo-etecnic-blanco.png","contentUrl":"https://etecnic.bisiestodeveloper.es/wp-content/uploads/2025/06/logo-etecnic-blanco.png","width":1000,"height":500,"caption":"Etecnic"},"image":{"@id":"https://etecnic.bisiestodeveloper.es/ca/#/schema/logo/image/"}}]}</script>
<!-- / Yoast SEO plugin. -->

Celsia. Gestió de 39 punts de recàrrega mitjançant Mobility Smart Manager a Colòmbia i Panamà - Etecnic

Gestió de xarxa privada de recàrrega per a Celsia amb programari Mobility Smart Manager
