{"id":35653,"date":"2019-07-16T09:21:50","date_gmt":"2019-07-16T09:21:50","guid":{"rendered":"https:\/\/etecnic.bisiestodeveloper.es\/avada_portfolio\/camping-els-medes-1-punt-de-recarrega-privat\/"},"modified":"2019-07-16T09:21:50","modified_gmt":"2019-07-16T09:21:50","slug":"camping-els-medes-1-punt-de-recarrega-privat","status":"publish","type":"avada_portfolio","link":"https:\/\/etecnic.bisiestodeveloper.es\/ca\/avada_portfolio\/camping-els-medes-1-punt-de-recarrega-privat\/","title":{"rendered":"C\u00e0mping Els Medes. 1 punt de rec\u00e0rrega privat."},"content":{"rendered":"<p>C\u00e0mping Els Medes: Instal\u00b7laci\u00f3 d&#8217;1 punts de rec\u00e0rrega: Ingeteam-*City Duo amb 2 preses i una pot\u00e8ncia m\u00e0xima de 22 kW. Situat en el p\u00e0rquing del C\u00e0mping Els Medes a Estartit &#8211; Girona. Gestionat pel propi c\u00e0mping mitjan\u00e7ant el programari de gesti\u00f3 de punts de rec\u00e0rrega Mobility Smart Manager.<\/p>\n","protected":false},"author":3,"featured_media":35652,"template":"","portfolio_tags":[811],"portfolio_skills":[794,799,796],"portfolio_category":[795,807,798],"class_list":["post-35653","avada_portfolio","type-avada_portfolio","status-publish","has-post-thumbnail","hentry","portfolio_tags-girona","portfolio_skills-2-tomas","portfolio_skills-22kw","portfolio_skills-cargador","portfolio_category-795","portfolio_category-privado","portfolio_category-semirrapida"],"yoast_head":"<!-- This site is optimized with the Yoast SEO plugin v26.5 - https:\/\/yoast.com\/wordpress\/plugins\/seo\/ -->\n<title>C\u00e0mping Els Medes. 1 punt de rec\u00e0rrega privat. - Etecnic<\/title>\n<meta name=\"robots\" content=\"noindex, follow, max-snippet:-1, max-image-preview:large, max-video-preview:-1\" \/>\n<meta property=\"og:locale\" content=\"ca_ES\" \/>\n<meta property=\"og:type\" content=\"article\" \/>\n<meta property=\"og:title\" content=\"C\u00e0mping Els Medes. 1 punt de rec\u00e0rrega privat. - Etecnic\" \/>\n<meta property=\"og:description\" content=\"Ingeteam City Duo amb 2 preses i una pot\u00e8ncia de fins a 22 kW de pot\u00e8ncia m\u00e0xima\" \/>\n<meta property=\"og:url\" content=\"https:\/\/etecnic.bisiestodeveloper.es\/ca\/avada_portfolio\/camping-els-medes-1-punt-de-recarrega-privat\/\" \/>\n<meta property=\"og:site_name\" content=\"Etecnic\" \/>\n<meta property=\"og:image\" content=\"https:\/\/etecnic.bisiestodeveloper.es\/wp-content\/uploads\/2019\/07\/medes-etecnic.jpg\" \/>\n\t<meta property=\"og:image:width\" content=\"400\" \/>\n\t<meta property=\"og:image:height\" content=\"300\" \/>\n\t<meta property=\"og:image:type\" content=\"image\/jpeg\" \/>\n<meta name=\"twitter:card\" content=\"summary_large_image\" \/>\n<script type=\"application\/ld+json\" class=\"yoast-schema-graph\">{\"@context\":\"https:\/\/schema.org\",\"@graph\":[{\"@type\":\"WebPage\",\"@id\":\"https:\/\/etecnic.bisiestodeveloper.es\/ca\/avada_portfolio\/camping-els-medes-1-punt-de-recarrega-privat\/\",\"url\":\"https:\/\/etecnic.bisiestodeveloper.es\/ca\/avada_portfolio\/camping-els-medes-1-punt-de-recarrega-privat\/\",\"name\":\"C\u00e0mping Els Medes. 1 punt de rec\u00e0rrega privat. - Etecnic\",\"isPartOf\":{\"@id\":\"https:\/\/etecnic.bisiestodeveloper.es\/ca\/#website\"},\"primaryImageOfPage\":{\"@id\":\"https:\/\/etecnic.bisiestodeveloper.es\/ca\/avada_portfolio\/camping-els-medes-1-punt-de-recarrega-privat\/#primaryimage\"},\"image\":{\"@id\":\"https:\/\/etecnic.bisiestodeveloper.es\/ca\/avada_portfolio\/camping-els-medes-1-punt-de-recarrega-privat\/#primaryimage\"},\"thumbnailUrl\":\"https:\/\/etecnic.bisiestodeveloper.es\/wp-content\/uploads\/2019\/07\/medes-etecnic.jpg\",\"datePublished\":\"2019-07-16T09:21:50+00:00\",\"breadcrumb\":{\"@id\":\"https:\/\/etecnic.bisiestodeveloper.es\/ca\/avada_portfolio\/camping-els-medes-1-punt-de-recarrega-privat\/#breadcrumb\"},\"inLanguage\":\"ca\",\"potentialAction\":[{\"@type\":\"ReadAction\",\"target\":[\"https:\/\/etecnic.bisiestodeveloper.es\/ca\/avada_portfolio\/camping-els-medes-1-punt-de-recarrega-privat\/\"]}]},{\"@type\":\"ImageObject\",\"inLanguage\":\"ca\",\"@id\":\"https:\/\/etecnic.bisiestodeveloper.es\/ca\/avada_portfolio\/camping-els-medes-1-punt-de-recarrega-privat\/#primaryimage\",\"url\":\"https:\/\/etecnic.bisiestodeveloper.es\/wp-content\/uploads\/2019\/07\/medes-etecnic.jpg\",\"contentUrl\":\"https:\/\/etecnic.bisiestodeveloper.es\/wp-content\/uploads\/2019\/07\/medes-etecnic.jpg\",\"width\":400,\"height\":300},{\"@type\":\"BreadcrumbList\",\"@id\":\"https:\/\/etecnic.bisiestodeveloper.es\/ca\/avada_portfolio\/camping-els-medes-1-punt-de-recarrega-privat\/#breadcrumb\",\"itemListElement\":[{\"@type\":\"ListItem\",\"position\":1,\"name\":\"Portada\",\"item\":\"https:\/\/etecnic.bisiestodeveloper.es\/ca\/\"},{\"@type\":\"ListItem\",\"position\":2,\"name\":\"Portfolio\",\"item\":\"https:\/\/etecnic.bisiestodeveloper.es\/ca\/avada_portfolio\/\"},{\"@type\":\"ListItem\",\"position\":3,\"name\":\"C\u00e0mping Els Medes. 1 punt de rec\u00e0rrega privat.\"}]},{\"@type\":\"WebSite\",\"@id\":\"https:\/\/etecnic.bisiestodeveloper.es\/ca\/#website\",\"url\":\"https:\/\/etecnic.bisiestodeveloper.es\/ca\/\",\"name\":\"Etecnic\",\"description\":\"\",\"publisher\":{\"@id\":\"https:\/\/etecnic.bisiestodeveloper.es\/ca\/#organization\"},\"potentialAction\":[{\"@type\":\"SearchAction\",\"target\":{\"@type\":\"EntryPoint\",\"urlTemplate\":\"https:\/\/etecnic.bisiestodeveloper.es\/ca\/?s={search_term_string}\"},\"query-input\":{\"@type\":\"PropertyValueSpecification\",\"valueRequired\":true,\"valueName\":\"search_term_string\"}}],\"inLanguage\":\"ca\"},{\"@type\":\"Organization\",\"@id\":\"https:\/\/etecnic.bisiestodeveloper.es\/ca\/#organization\",\"name\":\"Etecnic\",\"url\":\"https:\/\/etecnic.bisiestodeveloper.es\/ca\/\",\"logo\":{\"@type\":\"ImageObject\",\"inLanguage\":\"ca\",\"@id\":\"https:\/\/etecnic.bisiestodeveloper.es\/ca\/#\/schema\/logo\/image\/\",\"url\":\"https:\/\/etecnic.bisiestodeveloper.es\/wp-content\/uploads\/2025\/06\/logo-etecnic-blanco.png\",\"contentUrl\":\"https:\/\/etecnic.bisiestodeveloper.es\/wp-content\/uploads\/2025\/06\/logo-etecnic-blanco.png\",\"width\":1000,\"height\":500,\"caption\":\"Etecnic\"},\"image\":{\"@id\":\"https:\/\/etecnic.bisiestodeveloper.es\/ca\/#\/schema\/logo\/image\/\"}}]}<\/script>\n<!-- \/ Yoast SEO plugin. -->","yoast_head_json":{"title":"C\u00e0mping Els Medes. 1 punt de rec\u00e0rrega privat. - Etecnic","robots":{"index":"noindex","follow":"follow","max-snippet":"max-snippet:-1","max-image-preview":"max-image-preview:large","max-video-preview":"max-video-preview:-1"},"og_locale":"ca_ES","og_type":"article","og_title":"C\u00e0mping Els Medes. 1 punt de rec\u00e0rrega privat. - Etecnic","og_description":"Ingeteam City Duo amb 2 preses i una pot\u00e8ncia de fins a 22 kW de pot\u00e8ncia m\u00e0xima","og_url":"https:\/\/etecnic.bisiestodeveloper.es\/ca\/avada_portfolio\/camping-els-medes-1-punt-de-recarrega-privat\/","og_site_name":"Etecnic","og_image":[{"width":400,"height":300,"url":"https:\/\/etecnic.bisiestodeveloper.es\/wp-content\/uploads\/2019\/07\/medes-etecnic.jpg","type":"image\/jpeg"}],"twitter_card":"summary_large_image","schema":{"@context":"https:\/\/schema.org","@graph":[{"@type":"WebPage","@id":"https:\/\/etecnic.bisiestodeveloper.es\/ca\/avada_portfolio\/camping-els-medes-1-punt-de-recarrega-privat\/","url":"https:\/\/etecnic.bisiestodeveloper.es\/ca\/avada_portfolio\/camping-els-medes-1-punt-de-recarrega-privat\/","name":"C\u00e0mping Els Medes. 1 punt de rec\u00e0rrega privat. - Etecnic","isPartOf":{"@id":"https:\/\/etecnic.bisiestodeveloper.es\/ca\/#website"},"primaryImageOfPage":{"@id":"https:\/\/etecnic.bisiestodeveloper.es\/ca\/avada_portfolio\/camping-els-medes-1-punt-de-recarrega-privat\/#primaryimage"},"image":{"@id":"https:\/\/etecnic.bisiestodeveloper.es\/ca\/avada_portfolio\/camping-els-medes-1-punt-de-recarrega-privat\/#primaryimage"},"thumbnailUrl":"https:\/\/etecnic.bisiestodeveloper.es\/wp-content\/uploads\/2019\/07\/medes-etecnic.jpg","datePublished":"2019-07-16T09:21:50+00:00","breadcrumb":{"@id":"https:\/\/etecnic.bisiestodeveloper.es\/ca\/avada_portfolio\/camping-els-medes-1-punt-de-recarrega-privat\/#breadcrumb"},"inLanguage":"ca","potentialAction":[{"@type":"ReadAction","target":["https:\/\/etecnic.bisiestodeveloper.es\/ca\/avada_portfolio\/camping-els-medes-1-punt-de-recarrega-privat\/"]}]},{"@type":"ImageObject","inLanguage":"ca","@id":"https:\/\/etecnic.bisiestodeveloper.es\/ca\/avada_portfolio\/camping-els-medes-1-punt-de-recarrega-privat\/#primaryimage","url":"https:\/\/etecnic.bisiestodeveloper.es\/wp-content\/uploads\/2019\/07\/medes-etecnic.jpg","contentUrl":"https:\/\/etecnic.bisiestodeveloper.es\/wp-content\/uploads\/2019\/07\/medes-etecnic.jpg","width":400,"height":300},{"@type":"BreadcrumbList","@id":"https:\/\/etecnic.bisiestodeveloper.es\/ca\/avada_portfolio\/camping-els-medes-1-punt-de-recarrega-privat\/#breadcrumb","itemListElement":[{"@type":"ListItem","position":1,"name":"Portada","item":"https:\/\/etecnic.bisiestodeveloper.es\/ca\/"},{"@type":"ListItem","position":2,"name":"Portfolio","item":"https:\/\/etecnic.bisiestodeveloper.es\/ca\/avada_portfolio\/"},{"@type":"ListItem","position":3,"name":"C\u00e0mping Els Medes. 1 punt de rec\u00e0rrega privat."}]},{"@type":"WebSite","@id":"https:\/\/etecnic.bisiestodeveloper.es\/ca\/#website","url":"https:\/\/etecnic.bisiestodeveloper.es\/ca\/","name":"Etecnic","description":"","publisher":{"@id":"https:\/\/etecnic.bisiestodeveloper.es\/ca\/#organization"},"potentialAction":[{"@type":"SearchAction","target":{"@type":"EntryPoint","urlTemplate":"https:\/\/etecnic.bisiestodeveloper.es\/ca\/?s={search_term_string}"},"query-input":{"@type":"PropertyValueSpecification","valueRequired":true,"valueName":"search_term_string"}}],"inLanguage":"ca"},{"@type":"Organization","@id":"https:\/\/etecnic.bisiestodeveloper.es\/ca\/#organization","name":"Etecnic","url":"https:\/\/etecnic.bisiestodeveloper.es\/ca\/","logo":{"@type":"ImageObject","inLanguage":"ca","@id":"https:\/\/etecnic.bisiestodeveloper.es\/ca\/#\/schema\/logo\/image\/","url":"https:\/\/etecnic.bisiestodeveloper.es\/wp-content\/uploads\/2025\/06\/logo-etecnic-blanco.png","contentUrl":"https:\/\/etecnic.bisiestodeveloper.es\/wp-content\/uploads\/2025\/06\/logo-etecnic-blanco.png","width":1000,"height":500,"caption":"Etecnic"},"image":{"@id":"https:\/\/etecnic.bisiestodeveloper.es\/ca\/#\/schema\/logo\/image\/"}}]}},"_links":{"self":[{"href":"https:\/\/etecnic.bisiestodeveloper.es\/ca\/wp-json\/wp\/v2\/avada_portfolio\/35653","targetHints":{"allow":["GET"]}}],"collection":[{"href":"https:\/\/etecnic.bisiestodeveloper.es\/ca\/wp-json\/wp\/v2\/avada_portfolio"}],"about":[{"href":"https:\/\/etecnic.bisiestodeveloper.es\/ca\/wp-json\/wp\/v2\/types\/avada_portfolio"}],"author":[{"embeddable":true,"href":"https:\/\/etecnic.bisiestodeveloper.es\/ca\/wp-json\/wp\/v2\/users\/3"}],"version-history":[{"count":0,"href":"https:\/\/etecnic.bisiestodeveloper.es\/ca\/wp-json\/wp\/v2\/avada_portfolio\/35653\/revisions"}],"wp:attachment":[{"href":"https:\/\/etecnic.bisiestodeveloper.es\/ca\/wp-json\/wp\/v2\/media?parent=35653"}],"wp:term":[{"taxonomy":"portfolio_tags","embeddable":true,"href":"https:\/\/etecnic.bisiestodeveloper.es\/ca\/wp-json\/wp\/v2\/portfolio_tags?post=35653"},{"taxonomy":"portfolio_skills","embeddable":true,"href":"https:\/\/etecnic.bisiestodeveloper.es\/ca\/wp-json\/wp\/v2\/portfolio_skills?post=35653"},{"taxonomy":"portfolio_category","embeddable":true,"href":"https:\/\/etecnic.bisiestodeveloper.es\/ca\/wp-json\/wp\/v2\/portfolio_category?post=35653"}],"curies":[{"name":"wp","href":"https:\/\/api.w.org\/{rel}","templated":true}]}}

Càmping Els Medes. 1 punt de recàrrega privat.

<p>Càmping Els Medes: Instal·lació d&#8217;1 punts de recàrrega: Ingeteam-*City Duo amb 2 preses i una potència màxima de 22 kW. Situat en el pàrquing del Càmping Els Medes a Estartit &#8211; Girona. Gestionat pel propi càmping mitjançant el programari de gestió de punts de recàrrega Mobility Smart Manager.</p>

<!-- This site is optimized with the Yoast SEO plugin v26.5 - https://yoast.com/wordpress/plugins/seo/ -->
<title>Càmping Els Medes. 1 punt de recàrrega privat. - Etecnic</title>
<meta name="robots" content="noindex, follow, max-snippet:-1, max-image-preview:large, max-video-preview:-1" />
<meta property="og:locale" content="ca_ES" />
<meta property="og:type" content="article" />
<meta property="og:title" content="Càmping Els Medes. 1 punt de recàrrega privat. - Etecnic" />
<meta property="og:description" content="Ingeteam City Duo amb 2 preses i una potència de fins a 22 kW de potència màxima" />
<meta property="og:url" content="https://etecnic.bisiestodeveloper.es/ca/avada_portfolio/camping-els-medes-1-punt-de-recarrega-privat/" />
<meta property="og:site_name" content="Etecnic" />
<meta property="og:image" content="https://etecnic.bisiestodeveloper.es/wp-content/uploads/2019/07/medes-etecnic.jpg" />
	<meta property="og:image:width" content="400" />
	<meta property="og:image:height" content="300" />
	<meta property="og:image:type" content="image/jpeg" />
<meta name="twitter:card" content="summary_large_image" />
<script type="application/ld+json" class="yoast-schema-graph">{"@context":"https://schema.org","@graph":[{"@type":"WebPage","@id":"https://etecnic.bisiestodeveloper.es/ca/avada_portfolio/camping-els-medes-1-punt-de-recarrega-privat/","url":"https://etecnic.bisiestodeveloper.es/ca/avada_portfolio/camping-els-medes-1-punt-de-recarrega-privat/","name":"Càmping Els Medes. 1 punt de recàrrega privat. - Etecnic","isPartOf":{"@id":"https://etecnic.bisiestodeveloper.es/ca/#website"},"primaryImageOfPage":{"@id":"https://etecnic.bisiestodeveloper.es/ca/avada_portfolio/camping-els-medes-1-punt-de-recarrega-privat/#primaryimage"},"image":{"@id":"https://etecnic.bisiestodeveloper.es/ca/avada_portfolio/camping-els-medes-1-punt-de-recarrega-privat/#primaryimage"},"thumbnailUrl":"https://etecnic.bisiestodeveloper.es/wp-content/uploads/2019/07/medes-etecnic.jpg","datePublished":"2019-07-16T09:21:50+00:00","breadcrumb":{"@id":"https://etecnic.bisiestodeveloper.es/ca/avada_portfolio/camping-els-medes-1-punt-de-recarrega-privat/#breadcrumb"},"inLanguage":"ca","potentialAction":[{"@type":"ReadAction","target":["https://etecnic.bisiestodeveloper.es/ca/avada_portfolio/camping-els-medes-1-punt-de-recarrega-privat/"]}]},{"@type":"ImageObject","inLanguage":"ca","@id":"https://etecnic.bisiestodeveloper.es/ca/avada_portfolio/camping-els-medes-1-punt-de-recarrega-privat/#primaryimage","url":"https://etecnic.bisiestodeveloper.es/wp-content/uploads/2019/07/medes-etecnic.jpg","contentUrl":"https://etecnic.bisiestodeveloper.es/wp-content/uploads/2019/07/medes-etecnic.jpg","width":400,"height":300},{"@type":"BreadcrumbList","@id":"https://etecnic.bisiestodeveloper.es/ca/avada_portfolio/camping-els-medes-1-punt-de-recarrega-privat/#breadcrumb","itemListElement":[{"@type":"ListItem","position":1,"name":"Portada","item":"https://etecnic.bisiestodeveloper.es/ca/"},{"@type":"ListItem","position":2,"name":"Portfolio","item":"https://etecnic.bisiestodeveloper.es/ca/avada_portfolio/"},{"@type":"ListItem","position":3,"name":"Càmping Els Medes. 1 punt de recàrrega privat."}]},{"@type":"WebSite","@id":"https://etecnic.bisiestodeveloper.es/ca/#website","url":"https://etecnic.bisiestodeveloper.es/ca/","name":"Etecnic","description":"","publisher":{"@id":"https://etecnic.bisiestodeveloper.es/ca/#organization"},"potentialAction":[{"@type":"SearchAction","target":{"@type":"EntryPoint","urlTemplate":"https://etecnic.bisiestodeveloper.es/ca/?s={search_term_string}"},"query-input":{"@type":"PropertyValueSpecification","valueRequired":true,"valueName":"search_term_string"}}],"inLanguage":"ca"},{"@type":"Organization","@id":"https://etecnic.bisiestodeveloper.es/ca/#organization","name":"Etecnic","url":"https://etecnic.bisiestodeveloper.es/ca/","logo":{"@type":"ImageObject","inLanguage":"ca","@id":"https://etecnic.bisiestodeveloper.es/ca/#/schema/logo/image/","url":"https://etecnic.bisiestodeveloper.es/wp-content/uploads/2025/06/logo-etecnic-blanco.png","contentUrl":"https://etecnic.bisiestodeveloper.es/wp-content/uploads/2025/06/logo-etecnic-blanco.png","width":1000,"height":500,"caption":"Etecnic"},"image":{"@id":"https://etecnic.bisiestodeveloper.es/ca/#/schema/logo/image/"}}]}</script>
<!-- / Yoast SEO plugin. -->

Càmping Els Medes. 1 punt de recàrrega privat. - Etecnic

Ingeteam City Duo amb 2 preses i una potència de fins a 22 kW de potència màxima
