{"id":35639,"date":"2019-07-16T11:15:51","date_gmt":"2019-07-16T11:15:51","guid":{"rendered":"https:\/\/etecnic.bisiestodeveloper.es\/avada_portfolio\/port-aventura-5-punts-de-recarrega-privats\/"},"modified":"2019-07-16T11:15:51","modified_gmt":"2019-07-16T11:15:51","slug":"port-aventura-5-punts-de-recarrega-privats","status":"publish","type":"avada_portfolio","link":"https:\/\/etecnic.bisiestodeveloper.es\/ca\/avada_portfolio\/port-aventura-5-punts-de-recarrega-privats\/","title":{"rendered":"Port Aventura. 5 punts de rec\u00e0rrega privats."},"content":{"rendered":"<p>Port Aventura ha instal\u00b7lat nous punts de rec\u00e0rrega.<\/p>\n<p>Instal\u00b7laci\u00f3 de 2 punts de rec\u00e0rrega: Ingeteam-*City Ground amb 1 presa i una pot\u00e8ncia m\u00e0xima de 22 kW. Situats en el p\u00e0rquing de clients de Port Aventura. Gestionats per Port Aventura mitjan\u00e7ant el programari de gesti\u00f3 de punts de rec\u00e0rrega <a href=\"http:\/\/evcharge.net\">EVcharge<\/a>.<\/p>\n<p>Instal\u00b7laci\u00f3 de 3 SELBA SL1014 amb una pot\u00e8ncia de 22kW (32A), amb 2 preses Type-2. Situats a l&#8217;Hotel Acolorit Creek, Hotel Port Aventura i en el Centre de Convencions del mateix parc d&#8217;atraccions.<\/p>\n","protected":false},"author":3,"featured_media":35638,"template":"","portfolio_tags":[818,819],"portfolio_skills":[817,799,796],"portfolio_category":[795,802,807,798],"class_list":["post-35639","avada_portfolio","type-avada_portfolio","status-publish","has-post-thumbnail","hentry","portfolio_tags-city-ground","portfolio_tags-port-aventura","portfolio_skills-1-toma","portfolio_skills-22kw","portfolio_skills-cargador","portfolio_category-795","portfolio_category-empresa","portfolio_category-privado","portfolio_category-semirrapida"],"yoast_head":"<!-- This site is optimized with the Yoast SEO plugin v26.5 - https:\/\/yoast.com\/wordpress\/plugins\/seo\/ -->\n<title>Port Aventura ja disposa de 5 punts de rec\u00e0rrega per a cotxe el\u00e8ctric.<\/title>\n<meta name=\"description\" content=\"Port Aventura pensa en la mobilitat el\u00e8ctrica i instal\u00b7la nous punts de rec\u00e0rrega en els p\u00e0rquings del parc, ja hi ha un total de 5 punts.\" \/>\n<meta name=\"robots\" content=\"noindex, follow, max-snippet:-1, max-image-preview:large, max-video-preview:-1\" \/>\n<meta property=\"og:locale\" content=\"ca_ES\" \/>\n<meta property=\"og:type\" content=\"article\" \/>\n<meta property=\"og:title\" content=\"Port Aventura ja disposa de 5 punts de rec\u00e0rrega per a cotxe el\u00e8ctric.\" \/>\n<meta property=\"og:description\" content=\"Port Aventura pensa en la mobilitat el\u00e8ctrica i instal\u00b7la nous punts de rec\u00e0rrega en els p\u00e0rquings del parc, ja hi ha un total de 5 punts.\" \/>\n<meta property=\"og:url\" content=\"https:\/\/etecnic.bisiestodeveloper.es\/ca\/avada_portfolio\/port-aventura-5-punts-de-recarrega-privats\/\" \/>\n<meta property=\"og:site_name\" content=\"Etecnic\" \/>\n<meta property=\"og:image\" content=\"https:\/\/etecnic.bisiestodeveloper.es\/wp-content\/uploads\/2019\/06\/menu-carga-empresa.jpg\" \/>\n\t<meta property=\"og:image:width\" content=\"400\" \/>\n\t<meta property=\"og:image:height\" content=\"232\" \/>\n\t<meta property=\"og:image:type\" content=\"image\/jpeg\" \/>\n<meta name=\"twitter:card\" content=\"summary_large_image\" \/>\n<script type=\"application\/ld+json\" class=\"yoast-schema-graph\">{\"@context\":\"https:\/\/schema.org\",\"@graph\":[{\"@type\":\"WebPage\",\"@id\":\"https:\/\/etecnic.bisiestodeveloper.es\/ca\/avada_portfolio\/port-aventura-5-punts-de-recarrega-privats\/\",\"url\":\"https:\/\/etecnic.bisiestodeveloper.es\/ca\/avada_portfolio\/port-aventura-5-punts-de-recarrega-privats\/\",\"name\":\"Port Aventura ja disposa de 5 punts de rec\u00e0rrega per a cotxe el\u00e8ctric.\",\"isPartOf\":{\"@id\":\"https:\/\/etecnic.bisiestodeveloper.es\/ca\/#website\"},\"primaryImageOfPage\":{\"@id\":\"https:\/\/etecnic.bisiestodeveloper.es\/ca\/avada_portfolio\/port-aventura-5-punts-de-recarrega-privats\/#primaryimage\"},\"image\":{\"@id\":\"https:\/\/etecnic.bisiestodeveloper.es\/ca\/avada_portfolio\/port-aventura-5-punts-de-recarrega-privats\/#primaryimage\"},\"thumbnailUrl\":\"https:\/\/etecnic.bisiestodeveloper.es\/wp-content\/uploads\/2019\/06\/menu-carga-empresa.jpg\",\"datePublished\":\"2019-07-16T11:15:51+00:00\",\"description\":\"Port Aventura pensa en la mobilitat el\u00e8ctrica i instal\u00b7la nous punts de rec\u00e0rrega en els p\u00e0rquings del parc, ja hi ha un total de 5 punts.\",\"breadcrumb\":{\"@id\":\"https:\/\/etecnic.bisiestodeveloper.es\/ca\/avada_portfolio\/port-aventura-5-punts-de-recarrega-privats\/#breadcrumb\"},\"inLanguage\":\"ca\",\"potentialAction\":[{\"@type\":\"ReadAction\",\"target\":[\"https:\/\/etecnic.bisiestodeveloper.es\/ca\/avada_portfolio\/port-aventura-5-punts-de-recarrega-privats\/\"]}]},{\"@type\":\"ImageObject\",\"inLanguage\":\"ca\",\"@id\":\"https:\/\/etecnic.bisiestodeveloper.es\/ca\/avada_portfolio\/port-aventura-5-punts-de-recarrega-privats\/#primaryimage\",\"url\":\"https:\/\/etecnic.bisiestodeveloper.es\/wp-content\/uploads\/2019\/06\/menu-carga-empresa.jpg\",\"contentUrl\":\"https:\/\/etecnic.bisiestodeveloper.es\/wp-content\/uploads\/2019\/06\/menu-carga-empresa.jpg\",\"width\":400,\"height\":232},{\"@type\":\"BreadcrumbList\",\"@id\":\"https:\/\/etecnic.bisiestodeveloper.es\/ca\/avada_portfolio\/port-aventura-5-punts-de-recarrega-privats\/#breadcrumb\",\"itemListElement\":[{\"@type\":\"ListItem\",\"position\":1,\"name\":\"Portada\",\"item\":\"https:\/\/etecnic.bisiestodeveloper.es\/ca\/\"},{\"@type\":\"ListItem\",\"position\":2,\"name\":\"Portfolio\",\"item\":\"https:\/\/etecnic.bisiestodeveloper.es\/ca\/avada_portfolio\/\"},{\"@type\":\"ListItem\",\"position\":3,\"name\":\"Port Aventura. 5 punts de rec\u00e0rrega privats.\"}]},{\"@type\":\"WebSite\",\"@id\":\"https:\/\/etecnic.bisiestodeveloper.es\/ca\/#website\",\"url\":\"https:\/\/etecnic.bisiestodeveloper.es\/ca\/\",\"name\":\"Etecnic\",\"description\":\"\",\"publisher\":{\"@id\":\"https:\/\/etecnic.bisiestodeveloper.es\/ca\/#organization\"},\"potentialAction\":[{\"@type\":\"SearchAction\",\"target\":{\"@type\":\"EntryPoint\",\"urlTemplate\":\"https:\/\/etecnic.bisiestodeveloper.es\/ca\/?s={search_term_string}\"},\"query-input\":{\"@type\":\"PropertyValueSpecification\",\"valueRequired\":true,\"valueName\":\"search_term_string\"}}],\"inLanguage\":\"ca\"},{\"@type\":\"Organization\",\"@id\":\"https:\/\/etecnic.bisiestodeveloper.es\/ca\/#organization\",\"name\":\"Etecnic\",\"url\":\"https:\/\/etecnic.bisiestodeveloper.es\/ca\/\",\"logo\":{\"@type\":\"ImageObject\",\"inLanguage\":\"ca\",\"@id\":\"https:\/\/etecnic.bisiestodeveloper.es\/ca\/#\/schema\/logo\/image\/\",\"url\":\"https:\/\/etecnic.bisiestodeveloper.es\/wp-content\/uploads\/2025\/06\/logo-etecnic-blanco.png\",\"contentUrl\":\"https:\/\/etecnic.bisiestodeveloper.es\/wp-content\/uploads\/2025\/06\/logo-etecnic-blanco.png\",\"width\":1000,\"height\":500,\"caption\":\"Etecnic\"},\"image\":{\"@id\":\"https:\/\/etecnic.bisiestodeveloper.es\/ca\/#\/schema\/logo\/image\/\"}}]}<\/script>\n<!-- \/ Yoast SEO plugin. -->","yoast_head_json":{"title":"Port Aventura ja disposa de 5 punts de rec\u00e0rrega per a cotxe el\u00e8ctric.","description":"Port Aventura pensa en la mobilitat el\u00e8ctrica i instal\u00b7la nous punts de rec\u00e0rrega en els p\u00e0rquings del parc, ja hi ha un total de 5 punts.","robots":{"index":"noindex","follow":"follow","max-snippet":"max-snippet:-1","max-image-preview":"max-image-preview:large","max-video-preview":"max-video-preview:-1"},"og_locale":"ca_ES","og_type":"article","og_title":"Port Aventura ja disposa de 5 punts de rec\u00e0rrega per a cotxe el\u00e8ctric.","og_description":"Port Aventura pensa en la mobilitat el\u00e8ctrica i instal\u00b7la nous punts de rec\u00e0rrega en els p\u00e0rquings del parc, ja hi ha un total de 5 punts.","og_url":"https:\/\/etecnic.bisiestodeveloper.es\/ca\/avada_portfolio\/port-aventura-5-punts-de-recarrega-privats\/","og_site_name":"Etecnic","og_image":[{"width":400,"height":232,"url":"https:\/\/etecnic.bisiestodeveloper.es\/wp-content\/uploads\/2019\/06\/menu-carga-empresa.jpg","type":"image\/jpeg"}],"twitter_card":"summary_large_image","schema":{"@context":"https:\/\/schema.org","@graph":[{"@type":"WebPage","@id":"https:\/\/etecnic.bisiestodeveloper.es\/ca\/avada_portfolio\/port-aventura-5-punts-de-recarrega-privats\/","url":"https:\/\/etecnic.bisiestodeveloper.es\/ca\/avada_portfolio\/port-aventura-5-punts-de-recarrega-privats\/","name":"Port Aventura ja disposa de 5 punts de rec\u00e0rrega per a cotxe el\u00e8ctric.","isPartOf":{"@id":"https:\/\/etecnic.bisiestodeveloper.es\/ca\/#website"},"primaryImageOfPage":{"@id":"https:\/\/etecnic.bisiestodeveloper.es\/ca\/avada_portfolio\/port-aventura-5-punts-de-recarrega-privats\/#primaryimage"},"image":{"@id":"https:\/\/etecnic.bisiestodeveloper.es\/ca\/avada_portfolio\/port-aventura-5-punts-de-recarrega-privats\/#primaryimage"},"thumbnailUrl":"https:\/\/etecnic.bisiestodeveloper.es\/wp-content\/uploads\/2019\/06\/menu-carga-empresa.jpg","datePublished":"2019-07-16T11:15:51+00:00","description":"Port Aventura pensa en la mobilitat el\u00e8ctrica i instal\u00b7la nous punts de rec\u00e0rrega en els p\u00e0rquings del parc, ja hi ha un total de 5 punts.","breadcrumb":{"@id":"https:\/\/etecnic.bisiestodeveloper.es\/ca\/avada_portfolio\/port-aventura-5-punts-de-recarrega-privats\/#breadcrumb"},"inLanguage":"ca","potentialAction":[{"@type":"ReadAction","target":["https:\/\/etecnic.bisiestodeveloper.es\/ca\/avada_portfolio\/port-aventura-5-punts-de-recarrega-privats\/"]}]},{"@type":"ImageObject","inLanguage":"ca","@id":"https:\/\/etecnic.bisiestodeveloper.es\/ca\/avada_portfolio\/port-aventura-5-punts-de-recarrega-privats\/#primaryimage","url":"https:\/\/etecnic.bisiestodeveloper.es\/wp-content\/uploads\/2019\/06\/menu-carga-empresa.jpg","contentUrl":"https:\/\/etecnic.bisiestodeveloper.es\/wp-content\/uploads\/2019\/06\/menu-carga-empresa.jpg","width":400,"height":232},{"@type":"BreadcrumbList","@id":"https:\/\/etecnic.bisiestodeveloper.es\/ca\/avada_portfolio\/port-aventura-5-punts-de-recarrega-privats\/#breadcrumb","itemListElement":[{"@type":"ListItem","position":1,"name":"Portada","item":"https:\/\/etecnic.bisiestodeveloper.es\/ca\/"},{"@type":"ListItem","position":2,"name":"Portfolio","item":"https:\/\/etecnic.bisiestodeveloper.es\/ca\/avada_portfolio\/"},{"@type":"ListItem","position":3,"name":"Port Aventura. 5 punts de rec\u00e0rrega privats."}]},{"@type":"WebSite","@id":"https:\/\/etecnic.bisiestodeveloper.es\/ca\/#website","url":"https:\/\/etecnic.bisiestodeveloper.es\/ca\/","name":"Etecnic","description":"","publisher":{"@id":"https:\/\/etecnic.bisiestodeveloper.es\/ca\/#organization"},"potentialAction":[{"@type":"SearchAction","target":{"@type":"EntryPoint","urlTemplate":"https:\/\/etecnic.bisiestodeveloper.es\/ca\/?s={search_term_string}"},"query-input":{"@type":"PropertyValueSpecification","valueRequired":true,"valueName":"search_term_string"}}],"inLanguage":"ca"},{"@type":"Organization","@id":"https:\/\/etecnic.bisiestodeveloper.es\/ca\/#organization","name":"Etecnic","url":"https:\/\/etecnic.bisiestodeveloper.es\/ca\/","logo":{"@type":"ImageObject","inLanguage":"ca","@id":"https:\/\/etecnic.bisiestodeveloper.es\/ca\/#\/schema\/logo\/image\/","url":"https:\/\/etecnic.bisiestodeveloper.es\/wp-content\/uploads\/2025\/06\/logo-etecnic-blanco.png","contentUrl":"https:\/\/etecnic.bisiestodeveloper.es\/wp-content\/uploads\/2025\/06\/logo-etecnic-blanco.png","width":1000,"height":500,"caption":"Etecnic"},"image":{"@id":"https:\/\/etecnic.bisiestodeveloper.es\/ca\/#\/schema\/logo\/image\/"}}]}},"_links":{"self":[{"href":"https:\/\/etecnic.bisiestodeveloper.es\/ca\/wp-json\/wp\/v2\/avada_portfolio\/35639","targetHints":{"allow":["GET"]}}],"collection":[{"href":"https:\/\/etecnic.bisiestodeveloper.es\/ca\/wp-json\/wp\/v2\/avada_portfolio"}],"about":[{"href":"https:\/\/etecnic.bisiestodeveloper.es\/ca\/wp-json\/wp\/v2\/types\/avada_portfolio"}],"author":[{"embeddable":true,"href":"https:\/\/etecnic.bisiestodeveloper.es\/ca\/wp-json\/wp\/v2\/users\/3"}],"version-history":[{"count":0,"href":"https:\/\/etecnic.bisiestodeveloper.es\/ca\/wp-json\/wp\/v2\/avada_portfolio\/35639\/revisions"}],"wp:attachment":[{"href":"https:\/\/etecnic.bisiestodeveloper.es\/ca\/wp-json\/wp\/v2\/media?parent=35639"}],"wp:term":[{"taxonomy":"portfolio_tags","embeddable":true,"href":"https:\/\/etecnic.bisiestodeveloper.es\/ca\/wp-json\/wp\/v2\/portfolio_tags?post=35639"},{"taxonomy":"portfolio_skills","embeddable":true,"href":"https:\/\/etecnic.bisiestodeveloper.es\/ca\/wp-json\/wp\/v2\/portfolio_skills?post=35639"},{"taxonomy":"portfolio_category","embeddable":true,"href":"https:\/\/etecnic.bisiestodeveloper.es\/ca\/wp-json\/wp\/v2\/portfolio_category?post=35639"}],"curies":[{"name":"wp","href":"https:\/\/api.w.org\/{rel}","templated":true}]}}

Port Aventura. 5 punts de recàrrega privats.

<p>Port Aventura ha instal·lat nous punts de recàrrega.</p>
<p>Instal·lació de 2 punts de recàrrega: Ingeteam-*City Ground amb 1 presa i una potència màxima de 22 kW. Situats en el pàrquing de clients de Port Aventura. Gestionats per Port Aventura mitjançant el programari de gestió de punts de recàrrega <a href="http://evcharge.net">EVcharge</a>.</p>
<p>Instal·lació de 3 SELBA SL1014 amb una potència de 22kW (32A), amb 2 preses Type-2. Situats a l&#8217;Hotel Acolorit Creek, Hotel Port Aventura i en el Centre de Convencions del mateix parc d&#8217;atraccions.</p>

<!-- This site is optimized with the Yoast SEO plugin v26.5 - https://yoast.com/wordpress/plugins/seo/ -->
<title>Port Aventura ja disposa de 5 punts de recàrrega per a cotxe elèctric.</title>
<meta name="description" content="Port Aventura pensa en la mobilitat elèctrica i instal·la nous punts de recàrrega en els pàrquings del parc, ja hi ha un total de 5 punts." />
<meta name="robots" content="noindex, follow, max-snippet:-1, max-image-preview:large, max-video-preview:-1" />
<meta property="og:locale" content="ca_ES" />
<meta property="og:type" content="article" />
<meta property="og:title" content="Port Aventura ja disposa de 5 punts de recàrrega per a cotxe elèctric." />
<meta property="og:description" content="Port Aventura pensa en la mobilitat elèctrica i instal·la nous punts de recàrrega en els pàrquings del parc, ja hi ha un total de 5 punts." />
<meta property="og:url" content="https://etecnic.bisiestodeveloper.es/ca/avada_portfolio/port-aventura-5-punts-de-recarrega-privats/" />
<meta property="og:site_name" content="Etecnic" />
<meta property="og:image" content="https://etecnic.bisiestodeveloper.es/wp-content/uploads/2019/06/menu-carga-empresa.jpg" />
	<meta property="og:image:width" content="400" />
	<meta property="og:image:height" content="232" />
	<meta property="og:image:type" content="image/jpeg" />
<meta name="twitter:card" content="summary_large_image" />
<script type="application/ld+json" class="yoast-schema-graph">{"@context":"https://schema.org","@graph":[{"@type":"WebPage","@id":"https://etecnic.bisiestodeveloper.es/ca/avada_portfolio/port-aventura-5-punts-de-recarrega-privats/","url":"https://etecnic.bisiestodeveloper.es/ca/avada_portfolio/port-aventura-5-punts-de-recarrega-privats/","name":"Port Aventura ja disposa de 5 punts de recàrrega per a cotxe elèctric.","isPartOf":{"@id":"https://etecnic.bisiestodeveloper.es/ca/#website"},"primaryImageOfPage":{"@id":"https://etecnic.bisiestodeveloper.es/ca/avada_portfolio/port-aventura-5-punts-de-recarrega-privats/#primaryimage"},"image":{"@id":"https://etecnic.bisiestodeveloper.es/ca/avada_portfolio/port-aventura-5-punts-de-recarrega-privats/#primaryimage"},"thumbnailUrl":"https://etecnic.bisiestodeveloper.es/wp-content/uploads/2019/06/menu-carga-empresa.jpg","datePublished":"2019-07-16T11:15:51+00:00","description":"Port Aventura pensa en la mobilitat elèctrica i instal·la nous punts de recàrrega en els pàrquings del parc, ja hi ha un total de 5 punts.","breadcrumb":{"@id":"https://etecnic.bisiestodeveloper.es/ca/avada_portfolio/port-aventura-5-punts-de-recarrega-privats/#breadcrumb"},"inLanguage":"ca","potentialAction":[{"@type":"ReadAction","target":["https://etecnic.bisiestodeveloper.es/ca/avada_portfolio/port-aventura-5-punts-de-recarrega-privats/"]}]},{"@type":"ImageObject","inLanguage":"ca","@id":"https://etecnic.bisiestodeveloper.es/ca/avada_portfolio/port-aventura-5-punts-de-recarrega-privats/#primaryimage","url":"https://etecnic.bisiestodeveloper.es/wp-content/uploads/2019/06/menu-carga-empresa.jpg","contentUrl":"https://etecnic.bisiestodeveloper.es/wp-content/uploads/2019/06/menu-carga-empresa.jpg","width":400,"height":232},{"@type":"BreadcrumbList","@id":"https://etecnic.bisiestodeveloper.es/ca/avada_portfolio/port-aventura-5-punts-de-recarrega-privats/#breadcrumb","itemListElement":[{"@type":"ListItem","position":1,"name":"Portada","item":"https://etecnic.bisiestodeveloper.es/ca/"},{"@type":"ListItem","position":2,"name":"Portfolio","item":"https://etecnic.bisiestodeveloper.es/ca/avada_portfolio/"},{"@type":"ListItem","position":3,"name":"Port Aventura. 5 punts de recàrrega privats."}]},{"@type":"WebSite","@id":"https://etecnic.bisiestodeveloper.es/ca/#website","url":"https://etecnic.bisiestodeveloper.es/ca/","name":"Etecnic","description":"","publisher":{"@id":"https://etecnic.bisiestodeveloper.es/ca/#organization"},"potentialAction":[{"@type":"SearchAction","target":{"@type":"EntryPoint","urlTemplate":"https://etecnic.bisiestodeveloper.es/ca/?s={search_term_string}"},"query-input":{"@type":"PropertyValueSpecification","valueRequired":true,"valueName":"search_term_string"}}],"inLanguage":"ca"},{"@type":"Organization","@id":"https://etecnic.bisiestodeveloper.es/ca/#organization","name":"Etecnic","url":"https://etecnic.bisiestodeveloper.es/ca/","logo":{"@type":"ImageObject","inLanguage":"ca","@id":"https://etecnic.bisiestodeveloper.es/ca/#/schema/logo/image/","url":"https://etecnic.bisiestodeveloper.es/wp-content/uploads/2025/06/logo-etecnic-blanco.png","contentUrl":"https://etecnic.bisiestodeveloper.es/wp-content/uploads/2025/06/logo-etecnic-blanco.png","width":1000,"height":500,"caption":"Etecnic"},"image":{"@id":"https://etecnic.bisiestodeveloper.es/ca/#/schema/logo/image/"}}]}</script>
<!-- / Yoast SEO plugin. -->

Port Aventura ja disposa de 5 punts de recàrrega per a cotxe elèctric.

Port Aventura pensa en la mobilitat elèctrica i instal·la nous punts de recàrrega en els pàrquings del parc, ja hi ha un total de 5 punts.
