{"id":35633,"date":"2019-07-16T11:54:21","date_gmt":"2019-07-16T11:54:21","guid":{"rendered":"https:\/\/etecnic.bisiestodeveloper.es\/avada_portfolio\/petrem-3-punts-de-recarrega-privats\/"},"modified":"2019-07-16T11:54:21","modified_gmt":"2019-07-16T11:54:21","slug":"petrem-3-punts-de-recarrega-privats","status":"publish","type":"avada_portfolio","link":"https:\/\/etecnic.bisiestodeveloper.es\/ca\/avada_portfolio\/petrem-3-punts-de-recarrega-privats\/","title":{"rendered":"Petrem. 3 punts de rec\u00e0rrega privats."},"content":{"rendered":"<p>Petrem: Instal\u00b7laci\u00f3 de 3 punts de rec\u00e0rrega: Lafon Premi QC50-3 amb 3 preses cadascun i una pot\u00e8ncia m\u00e0xima de 55 kW. Situats a Figueres, Girona i Santa Llogaia d&#8217;\u00c0lguema. Gestionats per Petrem mitjan\u00e7ant el programari de gesti\u00f3 de punts de rec\u00e0rrega Mobility Smart Manager.<\/p>\n","protected":false},"author":3,"featured_media":35632,"template":"","portfolio_tags":[814,811,815,816],"portfolio_skills":[805,806,796],"portfolio_category":[795,808,807,803],"class_list":["post-35633","avada_portfolio","type-avada_portfolio","status-publish","has-post-thumbnail","hentry","portfolio_tags-figueres","portfolio_tags-girona","portfolio_tags-petrem","portfolio_tags-santa-llogaia-dalguema","portfolio_skills-3-tomas","portfolio_skills-50kw","portfolio_skills-cargador","portfolio_category-795","portfolio_category-eess","portfolio_category-privado","portfolio_category-rapida"],"yoast_head":"<!-- This site is optimized with the Yoast SEO plugin v26.5 - https:\/\/yoast.com\/wordpress\/plugins\/seo\/ -->\n<title>Petrem. 3 punts de rec\u00e0rrega privats. - Etecnic<\/title>\n<meta name=\"robots\" content=\"noindex, follow, max-snippet:-1, max-image-preview:large, max-video-preview:-1\" \/>\n<meta property=\"og:locale\" content=\"ca_ES\" \/>\n<meta property=\"og:type\" content=\"article\" \/>\n<meta property=\"og:title\" content=\"Petrem. 3 punts de rec\u00e0rrega privats. - Etecnic\" \/>\n<meta property=\"og:description\" content=\"Lafon Premi QC-50 amb 3 preses i una pot\u00e8ncia m\u00e0xima de 55 kW.\" \/>\n<meta property=\"og:url\" content=\"https:\/\/etecnic.bisiestodeveloper.es\/ca\/avada_portfolio\/petrem-3-punts-de-recarrega-privats\/\" \/>\n<meta property=\"og:site_name\" content=\"Etecnic\" \/>\n<meta property=\"og:image\" content=\"https:\/\/etecnic.bisiestodeveloper.es\/wp-content\/uploads\/2019\/07\/petrem-etecnic.jpg\" \/>\n\t<meta property=\"og:image:width\" content=\"1500\" \/>\n\t<meta property=\"og:image:height\" content=\"879\" \/>\n\t<meta property=\"og:image:type\" content=\"image\/jpeg\" \/>\n<meta name=\"twitter:card\" content=\"summary_large_image\" \/>\n<script type=\"application\/ld+json\" class=\"yoast-schema-graph\">{\"@context\":\"https:\/\/schema.org\",\"@graph\":[{\"@type\":\"WebPage\",\"@id\":\"https:\/\/etecnic.bisiestodeveloper.es\/ca\/avada_portfolio\/petrem-3-punts-de-recarrega-privats\/\",\"url\":\"https:\/\/etecnic.bisiestodeveloper.es\/ca\/avada_portfolio\/petrem-3-punts-de-recarrega-privats\/\",\"name\":\"Petrem. 3 punts de rec\u00e0rrega privats. - Etecnic\",\"isPartOf\":{\"@id\":\"https:\/\/etecnic.bisiestodeveloper.es\/ca\/#website\"},\"primaryImageOfPage\":{\"@id\":\"https:\/\/etecnic.bisiestodeveloper.es\/ca\/avada_portfolio\/petrem-3-punts-de-recarrega-privats\/#primaryimage\"},\"image\":{\"@id\":\"https:\/\/etecnic.bisiestodeveloper.es\/ca\/avada_portfolio\/petrem-3-punts-de-recarrega-privats\/#primaryimage\"},\"thumbnailUrl\":\"https:\/\/etecnic.bisiestodeveloper.es\/wp-content\/uploads\/2019\/07\/petrem-etecnic.jpg\",\"datePublished\":\"2019-07-16T11:54:21+00:00\",\"breadcrumb\":{\"@id\":\"https:\/\/etecnic.bisiestodeveloper.es\/ca\/avada_portfolio\/petrem-3-punts-de-recarrega-privats\/#breadcrumb\"},\"inLanguage\":\"ca\",\"potentialAction\":[{\"@type\":\"ReadAction\",\"target\":[\"https:\/\/etecnic.bisiestodeveloper.es\/ca\/avada_portfolio\/petrem-3-punts-de-recarrega-privats\/\"]}]},{\"@type\":\"ImageObject\",\"inLanguage\":\"ca\",\"@id\":\"https:\/\/etecnic.bisiestodeveloper.es\/ca\/avada_portfolio\/petrem-3-punts-de-recarrega-privats\/#primaryimage\",\"url\":\"https:\/\/etecnic.bisiestodeveloper.es\/wp-content\/uploads\/2019\/07\/petrem-etecnic.jpg\",\"contentUrl\":\"https:\/\/etecnic.bisiestodeveloper.es\/wp-content\/uploads\/2019\/07\/petrem-etecnic.jpg\",\"width\":1500,\"height\":879},{\"@type\":\"BreadcrumbList\",\"@id\":\"https:\/\/etecnic.bisiestodeveloper.es\/ca\/avada_portfolio\/petrem-3-punts-de-recarrega-privats\/#breadcrumb\",\"itemListElement\":[{\"@type\":\"ListItem\",\"position\":1,\"name\":\"Portada\",\"item\":\"https:\/\/etecnic.bisiestodeveloper.es\/ca\/\"},{\"@type\":\"ListItem\",\"position\":2,\"name\":\"Portfolio\",\"item\":\"https:\/\/etecnic.bisiestodeveloper.es\/ca\/avada_portfolio\/\"},{\"@type\":\"ListItem\",\"position\":3,\"name\":\"Petrem. 3 punts de rec\u00e0rrega privats.\"}]},{\"@type\":\"WebSite\",\"@id\":\"https:\/\/etecnic.bisiestodeveloper.es\/ca\/#website\",\"url\":\"https:\/\/etecnic.bisiestodeveloper.es\/ca\/\",\"name\":\"Etecnic\",\"description\":\"\",\"publisher\":{\"@id\":\"https:\/\/etecnic.bisiestodeveloper.es\/ca\/#organization\"},\"potentialAction\":[{\"@type\":\"SearchAction\",\"target\":{\"@type\":\"EntryPoint\",\"urlTemplate\":\"https:\/\/etecnic.bisiestodeveloper.es\/ca\/?s={search_term_string}\"},\"query-input\":{\"@type\":\"PropertyValueSpecification\",\"valueRequired\":true,\"valueName\":\"search_term_string\"}}],\"inLanguage\":\"ca\"},{\"@type\":\"Organization\",\"@id\":\"https:\/\/etecnic.bisiestodeveloper.es\/ca\/#organization\",\"name\":\"Etecnic\",\"url\":\"https:\/\/etecnic.bisiestodeveloper.es\/ca\/\",\"logo\":{\"@type\":\"ImageObject\",\"inLanguage\":\"ca\",\"@id\":\"https:\/\/etecnic.bisiestodeveloper.es\/ca\/#\/schema\/logo\/image\/\",\"url\":\"https:\/\/etecnic.bisiestodeveloper.es\/wp-content\/uploads\/2025\/06\/logo-etecnic-blanco.png\",\"contentUrl\":\"https:\/\/etecnic.bisiestodeveloper.es\/wp-content\/uploads\/2025\/06\/logo-etecnic-blanco.png\",\"width\":1000,\"height\":500,\"caption\":\"Etecnic\"},\"image\":{\"@id\":\"https:\/\/etecnic.bisiestodeveloper.es\/ca\/#\/schema\/logo\/image\/\"}}]}<\/script>\n<!-- \/ Yoast SEO plugin. -->","yoast_head_json":{"title":"Petrem. 3 punts de rec\u00e0rrega privats. - Etecnic","robots":{"index":"noindex","follow":"follow","max-snippet":"max-snippet:-1","max-image-preview":"max-image-preview:large","max-video-preview":"max-video-preview:-1"},"og_locale":"ca_ES","og_type":"article","og_title":"Petrem. 3 punts de rec\u00e0rrega privats. - Etecnic","og_description":"Lafon Premi QC-50 amb 3 preses i una pot\u00e8ncia m\u00e0xima de 55 kW.","og_url":"https:\/\/etecnic.bisiestodeveloper.es\/ca\/avada_portfolio\/petrem-3-punts-de-recarrega-privats\/","og_site_name":"Etecnic","og_image":[{"width":1500,"height":879,"url":"https:\/\/etecnic.bisiestodeveloper.es\/wp-content\/uploads\/2019\/07\/petrem-etecnic.jpg","type":"image\/jpeg"}],"twitter_card":"summary_large_image","schema":{"@context":"https:\/\/schema.org","@graph":[{"@type":"WebPage","@id":"https:\/\/etecnic.bisiestodeveloper.es\/ca\/avada_portfolio\/petrem-3-punts-de-recarrega-privats\/","url":"https:\/\/etecnic.bisiestodeveloper.es\/ca\/avada_portfolio\/petrem-3-punts-de-recarrega-privats\/","name":"Petrem. 3 punts de rec\u00e0rrega privats. - Etecnic","isPartOf":{"@id":"https:\/\/etecnic.bisiestodeveloper.es\/ca\/#website"},"primaryImageOfPage":{"@id":"https:\/\/etecnic.bisiestodeveloper.es\/ca\/avada_portfolio\/petrem-3-punts-de-recarrega-privats\/#primaryimage"},"image":{"@id":"https:\/\/etecnic.bisiestodeveloper.es\/ca\/avada_portfolio\/petrem-3-punts-de-recarrega-privats\/#primaryimage"},"thumbnailUrl":"https:\/\/etecnic.bisiestodeveloper.es\/wp-content\/uploads\/2019\/07\/petrem-etecnic.jpg","datePublished":"2019-07-16T11:54:21+00:00","breadcrumb":{"@id":"https:\/\/etecnic.bisiestodeveloper.es\/ca\/avada_portfolio\/petrem-3-punts-de-recarrega-privats\/#breadcrumb"},"inLanguage":"ca","potentialAction":[{"@type":"ReadAction","target":["https:\/\/etecnic.bisiestodeveloper.es\/ca\/avada_portfolio\/petrem-3-punts-de-recarrega-privats\/"]}]},{"@type":"ImageObject","inLanguage":"ca","@id":"https:\/\/etecnic.bisiestodeveloper.es\/ca\/avada_portfolio\/petrem-3-punts-de-recarrega-privats\/#primaryimage","url":"https:\/\/etecnic.bisiestodeveloper.es\/wp-content\/uploads\/2019\/07\/petrem-etecnic.jpg","contentUrl":"https:\/\/etecnic.bisiestodeveloper.es\/wp-content\/uploads\/2019\/07\/petrem-etecnic.jpg","width":1500,"height":879},{"@type":"BreadcrumbList","@id":"https:\/\/etecnic.bisiestodeveloper.es\/ca\/avada_portfolio\/petrem-3-punts-de-recarrega-privats\/#breadcrumb","itemListElement":[{"@type":"ListItem","position":1,"name":"Portada","item":"https:\/\/etecnic.bisiestodeveloper.es\/ca\/"},{"@type":"ListItem","position":2,"name":"Portfolio","item":"https:\/\/etecnic.bisiestodeveloper.es\/ca\/avada_portfolio\/"},{"@type":"ListItem","position":3,"name":"Petrem. 3 punts de rec\u00e0rrega privats."}]},{"@type":"WebSite","@id":"https:\/\/etecnic.bisiestodeveloper.es\/ca\/#website","url":"https:\/\/etecnic.bisiestodeveloper.es\/ca\/","name":"Etecnic","description":"","publisher":{"@id":"https:\/\/etecnic.bisiestodeveloper.es\/ca\/#organization"},"potentialAction":[{"@type":"SearchAction","target":{"@type":"EntryPoint","urlTemplate":"https:\/\/etecnic.bisiestodeveloper.es\/ca\/?s={search_term_string}"},"query-input":{"@type":"PropertyValueSpecification","valueRequired":true,"valueName":"search_term_string"}}],"inLanguage":"ca"},{"@type":"Organization","@id":"https:\/\/etecnic.bisiestodeveloper.es\/ca\/#organization","name":"Etecnic","url":"https:\/\/etecnic.bisiestodeveloper.es\/ca\/","logo":{"@type":"ImageObject","inLanguage":"ca","@id":"https:\/\/etecnic.bisiestodeveloper.es\/ca\/#\/schema\/logo\/image\/","url":"https:\/\/etecnic.bisiestodeveloper.es\/wp-content\/uploads\/2025\/06\/logo-etecnic-blanco.png","contentUrl":"https:\/\/etecnic.bisiestodeveloper.es\/wp-content\/uploads\/2025\/06\/logo-etecnic-blanco.png","width":1000,"height":500,"caption":"Etecnic"},"image":{"@id":"https:\/\/etecnic.bisiestodeveloper.es\/ca\/#\/schema\/logo\/image\/"}}]}},"_links":{"self":[{"href":"https:\/\/etecnic.bisiestodeveloper.es\/ca\/wp-json\/wp\/v2\/avada_portfolio\/35633","targetHints":{"allow":["GET"]}}],"collection":[{"href":"https:\/\/etecnic.bisiestodeveloper.es\/ca\/wp-json\/wp\/v2\/avada_portfolio"}],"about":[{"href":"https:\/\/etecnic.bisiestodeveloper.es\/ca\/wp-json\/wp\/v2\/types\/avada_portfolio"}],"author":[{"embeddable":true,"href":"https:\/\/etecnic.bisiestodeveloper.es\/ca\/wp-json\/wp\/v2\/users\/3"}],"version-history":[{"count":0,"href":"https:\/\/etecnic.bisiestodeveloper.es\/ca\/wp-json\/wp\/v2\/avada_portfolio\/35633\/revisions"}],"wp:attachment":[{"href":"https:\/\/etecnic.bisiestodeveloper.es\/ca\/wp-json\/wp\/v2\/media?parent=35633"}],"wp:term":[{"taxonomy":"portfolio_tags","embeddable":true,"href":"https:\/\/etecnic.bisiestodeveloper.es\/ca\/wp-json\/wp\/v2\/portfolio_tags?post=35633"},{"taxonomy":"portfolio_skills","embeddable":true,"href":"https:\/\/etecnic.bisiestodeveloper.es\/ca\/wp-json\/wp\/v2\/portfolio_skills?post=35633"},{"taxonomy":"portfolio_category","embeddable":true,"href":"https:\/\/etecnic.bisiestodeveloper.es\/ca\/wp-json\/wp\/v2\/portfolio_category?post=35633"}],"curies":[{"name":"wp","href":"https:\/\/api.w.org\/{rel}","templated":true}]}}

Petrem. 3 punts de recàrrega privats.

<p>Petrem: Instal·lació de 3 punts de recàrrega: Lafon Premi QC50-3 amb 3 preses cadascun i una potència màxima de 55 kW. Situats a Figueres, Girona i Santa Llogaia d&#8217;Àlguema. Gestionats per Petrem mitjançant el programari de gestió de punts de recàrrega Mobility Smart Manager.</p>

<!-- This site is optimized with the Yoast SEO plugin v26.5 - https://yoast.com/wordpress/plugins/seo/ -->
<title>Petrem. 3 punts de recàrrega privats. - Etecnic</title>
<meta name="robots" content="noindex, follow, max-snippet:-1, max-image-preview:large, max-video-preview:-1" />
<meta property="og:locale" content="ca_ES" />
<meta property="og:type" content="article" />
<meta property="og:title" content="Petrem. 3 punts de recàrrega privats. - Etecnic" />
<meta property="og:description" content="Lafon Premi QC-50 amb 3 preses i una potència màxima de 55 kW." />
<meta property="og:url" content="https://etecnic.bisiestodeveloper.es/ca/avada_portfolio/petrem-3-punts-de-recarrega-privats/" />
<meta property="og:site_name" content="Etecnic" />
<meta property="og:image" content="https://etecnic.bisiestodeveloper.es/wp-content/uploads/2019/07/petrem-etecnic.jpg" />
	<meta property="og:image:width" content="1500" />
	<meta property="og:image:height" content="879" />
	<meta property="og:image:type" content="image/jpeg" />
<meta name="twitter:card" content="summary_large_image" />
<script type="application/ld+json" class="yoast-schema-graph">{"@context":"https://schema.org","@graph":[{"@type":"WebPage","@id":"https://etecnic.bisiestodeveloper.es/ca/avada_portfolio/petrem-3-punts-de-recarrega-privats/","url":"https://etecnic.bisiestodeveloper.es/ca/avada_portfolio/petrem-3-punts-de-recarrega-privats/","name":"Petrem. 3 punts de recàrrega privats. - Etecnic","isPartOf":{"@id":"https://etecnic.bisiestodeveloper.es/ca/#website"},"primaryImageOfPage":{"@id":"https://etecnic.bisiestodeveloper.es/ca/avada_portfolio/petrem-3-punts-de-recarrega-privats/#primaryimage"},"image":{"@id":"https://etecnic.bisiestodeveloper.es/ca/avada_portfolio/petrem-3-punts-de-recarrega-privats/#primaryimage"},"thumbnailUrl":"https://etecnic.bisiestodeveloper.es/wp-content/uploads/2019/07/petrem-etecnic.jpg","datePublished":"2019-07-16T11:54:21+00:00","breadcrumb":{"@id":"https://etecnic.bisiestodeveloper.es/ca/avada_portfolio/petrem-3-punts-de-recarrega-privats/#breadcrumb"},"inLanguage":"ca","potentialAction":[{"@type":"ReadAction","target":["https://etecnic.bisiestodeveloper.es/ca/avada_portfolio/petrem-3-punts-de-recarrega-privats/"]}]},{"@type":"ImageObject","inLanguage":"ca","@id":"https://etecnic.bisiestodeveloper.es/ca/avada_portfolio/petrem-3-punts-de-recarrega-privats/#primaryimage","url":"https://etecnic.bisiestodeveloper.es/wp-content/uploads/2019/07/petrem-etecnic.jpg","contentUrl":"https://etecnic.bisiestodeveloper.es/wp-content/uploads/2019/07/petrem-etecnic.jpg","width":1500,"height":879},{"@type":"BreadcrumbList","@id":"https://etecnic.bisiestodeveloper.es/ca/avada_portfolio/petrem-3-punts-de-recarrega-privats/#breadcrumb","itemListElement":[{"@type":"ListItem","position":1,"name":"Portada","item":"https://etecnic.bisiestodeveloper.es/ca/"},{"@type":"ListItem","position":2,"name":"Portfolio","item":"https://etecnic.bisiestodeveloper.es/ca/avada_portfolio/"},{"@type":"ListItem","position":3,"name":"Petrem. 3 punts de recàrrega privats."}]},{"@type":"WebSite","@id":"https://etecnic.bisiestodeveloper.es/ca/#website","url":"https://etecnic.bisiestodeveloper.es/ca/","name":"Etecnic","description":"","publisher":{"@id":"https://etecnic.bisiestodeveloper.es/ca/#organization"},"potentialAction":[{"@type":"SearchAction","target":{"@type":"EntryPoint","urlTemplate":"https://etecnic.bisiestodeveloper.es/ca/?s={search_term_string}"},"query-input":{"@type":"PropertyValueSpecification","valueRequired":true,"valueName":"search_term_string"}}],"inLanguage":"ca"},{"@type":"Organization","@id":"https://etecnic.bisiestodeveloper.es/ca/#organization","name":"Etecnic","url":"https://etecnic.bisiestodeveloper.es/ca/","logo":{"@type":"ImageObject","inLanguage":"ca","@id":"https://etecnic.bisiestodeveloper.es/ca/#/schema/logo/image/","url":"https://etecnic.bisiestodeveloper.es/wp-content/uploads/2025/06/logo-etecnic-blanco.png","contentUrl":"https://etecnic.bisiestodeveloper.es/wp-content/uploads/2025/06/logo-etecnic-blanco.png","width":1000,"height":500,"caption":"Etecnic"},"image":{"@id":"https://etecnic.bisiestodeveloper.es/ca/#/schema/logo/image/"}}]}</script>
<!-- / Yoast SEO plugin. -->

Petrem. 3 punts de recàrrega privats. - Etecnic

Lafon Premi QC-50 amb 3 preses i una potència màxima de 55 kW.
