{"id":35628,"date":"2019-08-10T08:48:52","date_gmt":"2019-08-10T08:48:52","guid":{"rendered":"https:\/\/etecnic.bisiestodeveloper.es\/avada_portfolio\/caldes-de-malavella-1-punt-de-recarrega-public\/"},"modified":"2019-08-10T08:48:52","modified_gmt":"2019-08-10T08:48:52","slug":"caldes-de-malavella-1-punt-de-recarrega-public","status":"publish","type":"avada_portfolio","link":"https:\/\/etecnic.bisiestodeveloper.es\/ca\/avada_portfolio\/caldes-de-malavella-1-punt-de-recarrega-public\/","title":{"rendered":"Caldes de Malavella. 1 punt de rec\u00e0rrega p\u00fablic."},"content":{"rendered":"<p>Caldes de Malavella: Instal\u00b7laci\u00f3 d&#8217;1 punt de rec\u00e0rrega: Selba SL1014 amb 2 preses i una pot\u00e8ncia m\u00e0xima de 22kW. Situat en la Carrer dels T\u00e8rmit Romanes, 55. Gestionat pel Ajuntament mitjan\u00e7ant el programari de gesti\u00f3 de punts de rec\u00e0rrega Mobility Smart Manager.<\/p>\n","protected":false},"author":3,"featured_media":0,"template":"","portfolio_tags":[],"portfolio_skills":[799,796],"portfolio_category":[795,797,801],"class_list":["post-35628","avada_portfolio","type-avada_portfolio","status-publish","hentry","portfolio_skills-22kw","portfolio_skills-cargador","portfolio_category-795","portfolio_category-publica","portfolio_category-punt-de-recarrega"],"yoast_head":"<!-- This site is optimized with the Yoast SEO plugin v26.5 - https:\/\/yoast.com\/wordpress\/plugins\/seo\/ -->\n<title>Caldes de Malavella. 1 punt de rec\u00e0rrega p\u00fablic. - Etecnic<\/title>\n<meta name=\"robots\" content=\"noindex, follow, max-snippet:-1, max-image-preview:large, max-video-preview:-1\" \/>\n<meta property=\"og:locale\" content=\"ca_ES\" \/>\n<meta property=\"og:type\" content=\"article\" \/>\n<meta property=\"og:title\" content=\"Caldes de Malavella. 1 punt de rec\u00e0rrega p\u00fablic. - Etecnic\" \/>\n<meta property=\"og:description\" content=\"Selba SL1014 amb 2 preses i una pot\u00e8ncia de fins a 22kW\" \/>\n<meta property=\"og:url\" content=\"https:\/\/etecnic.bisiestodeveloper.es\/ca\/avada_portfolio\/caldes-de-malavella-1-punt-de-recarrega-public\/\" \/>\n<meta property=\"og:site_name\" content=\"Etecnic\" \/>\n<meta name=\"twitter:card\" content=\"summary_large_image\" \/>\n<script type=\"application\/ld+json\" class=\"yoast-schema-graph\">{\"@context\":\"https:\/\/schema.org\",\"@graph\":[{\"@type\":\"WebPage\",\"@id\":\"https:\/\/etecnic.bisiestodeveloper.es\/ca\/avada_portfolio\/caldes-de-malavella-1-punt-de-recarrega-public\/\",\"url\":\"https:\/\/etecnic.bisiestodeveloper.es\/ca\/avada_portfolio\/caldes-de-malavella-1-punt-de-recarrega-public\/\",\"name\":\"Caldes de Malavella. 1 punt de rec\u00e0rrega p\u00fablic. - Etecnic\",\"isPartOf\":{\"@id\":\"https:\/\/etecnic.bisiestodeveloper.es\/ca\/#website\"},\"datePublished\":\"2019-08-10T08:48:52+00:00\",\"breadcrumb\":{\"@id\":\"https:\/\/etecnic.bisiestodeveloper.es\/ca\/avada_portfolio\/caldes-de-malavella-1-punt-de-recarrega-public\/#breadcrumb\"},\"inLanguage\":\"ca\",\"potentialAction\":[{\"@type\":\"ReadAction\",\"target\":[\"https:\/\/etecnic.bisiestodeveloper.es\/ca\/avada_portfolio\/caldes-de-malavella-1-punt-de-recarrega-public\/\"]}]},{\"@type\":\"BreadcrumbList\",\"@id\":\"https:\/\/etecnic.bisiestodeveloper.es\/ca\/avada_portfolio\/caldes-de-malavella-1-punt-de-recarrega-public\/#breadcrumb\",\"itemListElement\":[{\"@type\":\"ListItem\",\"position\":1,\"name\":\"Portada\",\"item\":\"https:\/\/etecnic.bisiestodeveloper.es\/ca\/\"},{\"@type\":\"ListItem\",\"position\":2,\"name\":\"Portfolio\",\"item\":\"https:\/\/etecnic.bisiestodeveloper.es\/ca\/avada_portfolio\/\"},{\"@type\":\"ListItem\",\"position\":3,\"name\":\"Caldes de Malavella. 1 punt de rec\u00e0rrega p\u00fablic.\"}]},{\"@type\":\"WebSite\",\"@id\":\"https:\/\/etecnic.bisiestodeveloper.es\/ca\/#website\",\"url\":\"https:\/\/etecnic.bisiestodeveloper.es\/ca\/\",\"name\":\"Etecnic\",\"description\":\"\",\"publisher\":{\"@id\":\"https:\/\/etecnic.bisiestodeveloper.es\/ca\/#organization\"},\"potentialAction\":[{\"@type\":\"SearchAction\",\"target\":{\"@type\":\"EntryPoint\",\"urlTemplate\":\"https:\/\/etecnic.bisiestodeveloper.es\/ca\/?s={search_term_string}\"},\"query-input\":{\"@type\":\"PropertyValueSpecification\",\"valueRequired\":true,\"valueName\":\"search_term_string\"}}],\"inLanguage\":\"ca\"},{\"@type\":\"Organization\",\"@id\":\"https:\/\/etecnic.bisiestodeveloper.es\/ca\/#organization\",\"name\":\"Etecnic\",\"url\":\"https:\/\/etecnic.bisiestodeveloper.es\/ca\/\",\"logo\":{\"@type\":\"ImageObject\",\"inLanguage\":\"ca\",\"@id\":\"https:\/\/etecnic.bisiestodeveloper.es\/ca\/#\/schema\/logo\/image\/\",\"url\":\"https:\/\/etecnic.bisiestodeveloper.es\/wp-content\/uploads\/2025\/06\/logo-etecnic-blanco.png\",\"contentUrl\":\"https:\/\/etecnic.bisiestodeveloper.es\/wp-content\/uploads\/2025\/06\/logo-etecnic-blanco.png\",\"width\":1000,\"height\":500,\"caption\":\"Etecnic\"},\"image\":{\"@id\":\"https:\/\/etecnic.bisiestodeveloper.es\/ca\/#\/schema\/logo\/image\/\"}}]}<\/script>\n<!-- \/ Yoast SEO plugin. -->","yoast_head_json":{"title":"Caldes de Malavella. 1 punt de rec\u00e0rrega p\u00fablic. - Etecnic","robots":{"index":"noindex","follow":"follow","max-snippet":"max-snippet:-1","max-image-preview":"max-image-preview:large","max-video-preview":"max-video-preview:-1"},"og_locale":"ca_ES","og_type":"article","og_title":"Caldes de Malavella. 1 punt de rec\u00e0rrega p\u00fablic. - Etecnic","og_description":"Selba SL1014 amb 2 preses i una pot\u00e8ncia de fins a 22kW","og_url":"https:\/\/etecnic.bisiestodeveloper.es\/ca\/avada_portfolio\/caldes-de-malavella-1-punt-de-recarrega-public\/","og_site_name":"Etecnic","twitter_card":"summary_large_image","schema":{"@context":"https:\/\/schema.org","@graph":[{"@type":"WebPage","@id":"https:\/\/etecnic.bisiestodeveloper.es\/ca\/avada_portfolio\/caldes-de-malavella-1-punt-de-recarrega-public\/","url":"https:\/\/etecnic.bisiestodeveloper.es\/ca\/avada_portfolio\/caldes-de-malavella-1-punt-de-recarrega-public\/","name":"Caldes de Malavella. 1 punt de rec\u00e0rrega p\u00fablic. - Etecnic","isPartOf":{"@id":"https:\/\/etecnic.bisiestodeveloper.es\/ca\/#website"},"datePublished":"2019-08-10T08:48:52+00:00","breadcrumb":{"@id":"https:\/\/etecnic.bisiestodeveloper.es\/ca\/avada_portfolio\/caldes-de-malavella-1-punt-de-recarrega-public\/#breadcrumb"},"inLanguage":"ca","potentialAction":[{"@type":"ReadAction","target":["https:\/\/etecnic.bisiestodeveloper.es\/ca\/avada_portfolio\/caldes-de-malavella-1-punt-de-recarrega-public\/"]}]},{"@type":"BreadcrumbList","@id":"https:\/\/etecnic.bisiestodeveloper.es\/ca\/avada_portfolio\/caldes-de-malavella-1-punt-de-recarrega-public\/#breadcrumb","itemListElement":[{"@type":"ListItem","position":1,"name":"Portada","item":"https:\/\/etecnic.bisiestodeveloper.es\/ca\/"},{"@type":"ListItem","position":2,"name":"Portfolio","item":"https:\/\/etecnic.bisiestodeveloper.es\/ca\/avada_portfolio\/"},{"@type":"ListItem","position":3,"name":"Caldes de Malavella. 1 punt de rec\u00e0rrega p\u00fablic."}]},{"@type":"WebSite","@id":"https:\/\/etecnic.bisiestodeveloper.es\/ca\/#website","url":"https:\/\/etecnic.bisiestodeveloper.es\/ca\/","name":"Etecnic","description":"","publisher":{"@id":"https:\/\/etecnic.bisiestodeveloper.es\/ca\/#organization"},"potentialAction":[{"@type":"SearchAction","target":{"@type":"EntryPoint","urlTemplate":"https:\/\/etecnic.bisiestodeveloper.es\/ca\/?s={search_term_string}"},"query-input":{"@type":"PropertyValueSpecification","valueRequired":true,"valueName":"search_term_string"}}],"inLanguage":"ca"},{"@type":"Organization","@id":"https:\/\/etecnic.bisiestodeveloper.es\/ca\/#organization","name":"Etecnic","url":"https:\/\/etecnic.bisiestodeveloper.es\/ca\/","logo":{"@type":"ImageObject","inLanguage":"ca","@id":"https:\/\/etecnic.bisiestodeveloper.es\/ca\/#\/schema\/logo\/image\/","url":"https:\/\/etecnic.bisiestodeveloper.es\/wp-content\/uploads\/2025\/06\/logo-etecnic-blanco.png","contentUrl":"https:\/\/etecnic.bisiestodeveloper.es\/wp-content\/uploads\/2025\/06\/logo-etecnic-blanco.png","width":1000,"height":500,"caption":"Etecnic"},"image":{"@id":"https:\/\/etecnic.bisiestodeveloper.es\/ca\/#\/schema\/logo\/image\/"}}]}},"_links":{"self":[{"href":"https:\/\/etecnic.bisiestodeveloper.es\/ca\/wp-json\/wp\/v2\/avada_portfolio\/35628","targetHints":{"allow":["GET"]}}],"collection":[{"href":"https:\/\/etecnic.bisiestodeveloper.es\/ca\/wp-json\/wp\/v2\/avada_portfolio"}],"about":[{"href":"https:\/\/etecnic.bisiestodeveloper.es\/ca\/wp-json\/wp\/v2\/types\/avada_portfolio"}],"author":[{"embeddable":true,"href":"https:\/\/etecnic.bisiestodeveloper.es\/ca\/wp-json\/wp\/v2\/users\/3"}],"version-history":[{"count":0,"href":"https:\/\/etecnic.bisiestodeveloper.es\/ca\/wp-json\/wp\/v2\/avada_portfolio\/35628\/revisions"}],"wp:attachment":[{"href":"https:\/\/etecnic.bisiestodeveloper.es\/ca\/wp-json\/wp\/v2\/media?parent=35628"}],"wp:term":[{"taxonomy":"portfolio_tags","embeddable":true,"href":"https:\/\/etecnic.bisiestodeveloper.es\/ca\/wp-json\/wp\/v2\/portfolio_tags?post=35628"},{"taxonomy":"portfolio_skills","embeddable":true,"href":"https:\/\/etecnic.bisiestodeveloper.es\/ca\/wp-json\/wp\/v2\/portfolio_skills?post=35628"},{"taxonomy":"portfolio_category","embeddable":true,"href":"https:\/\/etecnic.bisiestodeveloper.es\/ca\/wp-json\/wp\/v2\/portfolio_category?post=35628"}],"curies":[{"name":"wp","href":"https:\/\/api.w.org\/{rel}","templated":true}]}}

Caldes de Malavella. 1 punt de recàrrega públic.

<p>Caldes de Malavella: Instal·lació d&#8217;1 punt de recàrrega: Selba SL1014 amb 2 preses i una potència màxima de 22kW. Situat en la Carrer dels Tèrmit Romanes, 55. Gestionat pel Ajuntament mitjançant el programari de gestió de punts de recàrrega Mobility Smart Manager.</p>

<!-- This site is optimized with the Yoast SEO plugin v26.5 - https://yoast.com/wordpress/plugins/seo/ -->
<title>Caldes de Malavella. 1 punt de recàrrega públic. - Etecnic</title>
<meta name="robots" content="noindex, follow, max-snippet:-1, max-image-preview:large, max-video-preview:-1" />
<meta property="og:locale" content="ca_ES" />
<meta property="og:type" content="article" />
<meta property="og:title" content="Caldes de Malavella. 1 punt de recàrrega públic. - Etecnic" />
<meta property="og:description" content="Selba SL1014 amb 2 preses i una potència de fins a 22kW" />
<meta property="og:url" content="https://etecnic.bisiestodeveloper.es/ca/avada_portfolio/caldes-de-malavella-1-punt-de-recarrega-public/" />
<meta property="og:site_name" content="Etecnic" />
<meta name="twitter:card" content="summary_large_image" />
<script type="application/ld+json" class="yoast-schema-graph">{"@context":"https://schema.org","@graph":[{"@type":"WebPage","@id":"https://etecnic.bisiestodeveloper.es/ca/avada_portfolio/caldes-de-malavella-1-punt-de-recarrega-public/","url":"https://etecnic.bisiestodeveloper.es/ca/avada_portfolio/caldes-de-malavella-1-punt-de-recarrega-public/","name":"Caldes de Malavella. 1 punt de recàrrega públic. - Etecnic","isPartOf":{"@id":"https://etecnic.bisiestodeveloper.es/ca/#website"},"datePublished":"2019-08-10T08:48:52+00:00","breadcrumb":{"@id":"https://etecnic.bisiestodeveloper.es/ca/avada_portfolio/caldes-de-malavella-1-punt-de-recarrega-public/#breadcrumb"},"inLanguage":"ca","potentialAction":[{"@type":"ReadAction","target":["https://etecnic.bisiestodeveloper.es/ca/avada_portfolio/caldes-de-malavella-1-punt-de-recarrega-public/"]}]},{"@type":"BreadcrumbList","@id":"https://etecnic.bisiestodeveloper.es/ca/avada_portfolio/caldes-de-malavella-1-punt-de-recarrega-public/#breadcrumb","itemListElement":[{"@type":"ListItem","position":1,"name":"Portada","item":"https://etecnic.bisiestodeveloper.es/ca/"},{"@type":"ListItem","position":2,"name":"Portfolio","item":"https://etecnic.bisiestodeveloper.es/ca/avada_portfolio/"},{"@type":"ListItem","position":3,"name":"Caldes de Malavella. 1 punt de recàrrega públic."}]},{"@type":"WebSite","@id":"https://etecnic.bisiestodeveloper.es/ca/#website","url":"https://etecnic.bisiestodeveloper.es/ca/","name":"Etecnic","description":"","publisher":{"@id":"https://etecnic.bisiestodeveloper.es/ca/#organization"},"potentialAction":[{"@type":"SearchAction","target":{"@type":"EntryPoint","urlTemplate":"https://etecnic.bisiestodeveloper.es/ca/?s={search_term_string}"},"query-input":{"@type":"PropertyValueSpecification","valueRequired":true,"valueName":"search_term_string"}}],"inLanguage":"ca"},{"@type":"Organization","@id":"https://etecnic.bisiestodeveloper.es/ca/#organization","name":"Etecnic","url":"https://etecnic.bisiestodeveloper.es/ca/","logo":{"@type":"ImageObject","inLanguage":"ca","@id":"https://etecnic.bisiestodeveloper.es/ca/#/schema/logo/image/","url":"https://etecnic.bisiestodeveloper.es/wp-content/uploads/2025/06/logo-etecnic-blanco.png","contentUrl":"https://etecnic.bisiestodeveloper.es/wp-content/uploads/2025/06/logo-etecnic-blanco.png","width":1000,"height":500,"caption":"Etecnic"},"image":{"@id":"https://etecnic.bisiestodeveloper.es/ca/#/schema/logo/image/"}}]}</script>
<!-- / Yoast SEO plugin. -->

Caldes de Malavella. 1 punt de recàrrega públic. - Etecnic

Selba SL1014 amb 2 preses i una potència de fins a 22kW
