{"id":35609,"date":"2019-09-10T08:42:26","date_gmt":"2019-09-10T08:42:26","guid":{"rendered":"https:\/\/etecnic.bisiestodeveloper.es\/avada_portfolio\/calafell-2-punts-de-recarrega-publics\/"},"modified":"2019-09-10T08:42:26","modified_gmt":"2019-09-10T08:42:26","slug":"calafell-2-punts-de-recarrega-publics","status":"publish","type":"avada_portfolio","link":"https:\/\/etecnic.bisiestodeveloper.es\/ca\/avada_portfolio\/calafell-2-punts-de-recarrega-publics\/","title":{"rendered":"Calafell. 2 punts de rec\u00e0rrega p\u00fablics"},"content":{"rendered":"<p>Calafell: Instal\u00b7laci\u00f3 de 2 punts de rec\u00e0rrega: Lafon Premi QC50 amb 3 preses i una pot\u00e8ncia m\u00e0xima de 55 kW. Situats en Ctra. Sanatori, 29 &#8211; de Calafell i Ctra. Barcelona, 82 de Destral de Calafell. Gestionats per l&#8217;Ajuntament de Calafell mitjan\u00e7ant el programari de gesti\u00f3 de punts de rec\u00e0rrega Mobility Smart Manager.<\/p>\n","protected":false},"author":3,"featured_media":35540,"template":"","portfolio_tags":[],"portfolio_skills":[805,806,796],"portfolio_category":[795,797,803],"class_list":["post-35609","avada_portfolio","type-avada_portfolio","status-publish","has-post-thumbnail","hentry","portfolio_skills-3-tomas","portfolio_skills-50kw","portfolio_skills-cargador","portfolio_category-795","portfolio_category-publica","portfolio_category-rapida"],"yoast_head":"<!-- This site is optimized with the Yoast SEO plugin v26.5 - https:\/\/yoast.com\/wordpress\/plugins\/seo\/ -->\n<title>Calafell. 2 punts de rec\u00e0rrega p\u00fablics - Etecnic<\/title>\n<meta name=\"robots\" content=\"noindex, follow, max-snippet:-1, max-image-preview:large, max-video-preview:-1\" \/>\n<meta property=\"og:locale\" content=\"ca_ES\" \/>\n<meta property=\"og:type\" content=\"article\" \/>\n<meta property=\"og:title\" content=\"Calafell. 2 punts de rec\u00e0rrega p\u00fablics - Etecnic\" \/>\n<meta property=\"og:description\" content=\"2 Lafon QC50 amb 3 preses i una pot\u00e8ncia de fins a 55 kW\" \/>\n<meta property=\"og:url\" content=\"https:\/\/etecnic.bisiestodeveloper.es\/ca\/avada_portfolio\/calafell-2-punts-de-recarrega-publics\/\" \/>\n<meta property=\"og:site_name\" content=\"Etecnic\" \/>\n<meta property=\"og:image\" content=\"https:\/\/etecnic.bisiestodeveloper.es\/wp-content\/uploads\/2019\/09\/etecnic-calafell.jpg\" \/>\n\t<meta property=\"og:image:width\" content=\"1920\" \/>\n\t<meta property=\"og:image:height\" content=\"1440\" \/>\n\t<meta property=\"og:image:type\" content=\"image\/jpeg\" \/>\n<meta name=\"twitter:card\" content=\"summary_large_image\" \/>\n<script type=\"application\/ld+json\" class=\"yoast-schema-graph\">{\"@context\":\"https:\/\/schema.org\",\"@graph\":[{\"@type\":\"WebPage\",\"@id\":\"https:\/\/etecnic.bisiestodeveloper.es\/ca\/avada_portfolio\/calafell-2-punts-de-recarrega-publics\/\",\"url\":\"https:\/\/etecnic.bisiestodeveloper.es\/ca\/avada_portfolio\/calafell-2-punts-de-recarrega-publics\/\",\"name\":\"Calafell. 2 punts de rec\u00e0rrega p\u00fablics - Etecnic\",\"isPartOf\":{\"@id\":\"https:\/\/etecnic.bisiestodeveloper.es\/ca\/#website\"},\"primaryImageOfPage\":{\"@id\":\"https:\/\/etecnic.bisiestodeveloper.es\/ca\/avada_portfolio\/calafell-2-punts-de-recarrega-publics\/#primaryimage\"},\"image\":{\"@id\":\"https:\/\/etecnic.bisiestodeveloper.es\/ca\/avada_portfolio\/calafell-2-punts-de-recarrega-publics\/#primaryimage\"},\"thumbnailUrl\":\"https:\/\/etecnic.bisiestodeveloper.es\/wp-content\/uploads\/2019\/09\/etecnic-calafell.jpg\",\"datePublished\":\"2019-09-10T08:42:26+00:00\",\"breadcrumb\":{\"@id\":\"https:\/\/etecnic.bisiestodeveloper.es\/ca\/avada_portfolio\/calafell-2-punts-de-recarrega-publics\/#breadcrumb\"},\"inLanguage\":\"ca\",\"potentialAction\":[{\"@type\":\"ReadAction\",\"target\":[\"https:\/\/etecnic.bisiestodeveloper.es\/ca\/avada_portfolio\/calafell-2-punts-de-recarrega-publics\/\"]}]},{\"@type\":\"ImageObject\",\"inLanguage\":\"ca\",\"@id\":\"https:\/\/etecnic.bisiestodeveloper.es\/ca\/avada_portfolio\/calafell-2-punts-de-recarrega-publics\/#primaryimage\",\"url\":\"https:\/\/etecnic.bisiestodeveloper.es\/wp-content\/uploads\/2019\/09\/etecnic-calafell.jpg\",\"contentUrl\":\"https:\/\/etecnic.bisiestodeveloper.es\/wp-content\/uploads\/2019\/09\/etecnic-calafell.jpg\",\"width\":1920,\"height\":1440},{\"@type\":\"BreadcrumbList\",\"@id\":\"https:\/\/etecnic.bisiestodeveloper.es\/ca\/avada_portfolio\/calafell-2-punts-de-recarrega-publics\/#breadcrumb\",\"itemListElement\":[{\"@type\":\"ListItem\",\"position\":1,\"name\":\"Portada\",\"item\":\"https:\/\/etecnic.bisiestodeveloper.es\/ca\/\"},{\"@type\":\"ListItem\",\"position\":2,\"name\":\"Portfolio\",\"item\":\"https:\/\/etecnic.bisiestodeveloper.es\/ca\/avada_portfolio\/\"},{\"@type\":\"ListItem\",\"position\":3,\"name\":\"Calafell. 2 punts de rec\u00e0rrega p\u00fablics\"}]},{\"@type\":\"WebSite\",\"@id\":\"https:\/\/etecnic.bisiestodeveloper.es\/ca\/#website\",\"url\":\"https:\/\/etecnic.bisiestodeveloper.es\/ca\/\",\"name\":\"Etecnic\",\"description\":\"\",\"publisher\":{\"@id\":\"https:\/\/etecnic.bisiestodeveloper.es\/ca\/#organization\"},\"potentialAction\":[{\"@type\":\"SearchAction\",\"target\":{\"@type\":\"EntryPoint\",\"urlTemplate\":\"https:\/\/etecnic.bisiestodeveloper.es\/ca\/?s={search_term_string}\"},\"query-input\":{\"@type\":\"PropertyValueSpecification\",\"valueRequired\":true,\"valueName\":\"search_term_string\"}}],\"inLanguage\":\"ca\"},{\"@type\":\"Organization\",\"@id\":\"https:\/\/etecnic.bisiestodeveloper.es\/ca\/#organization\",\"name\":\"Etecnic\",\"url\":\"https:\/\/etecnic.bisiestodeveloper.es\/ca\/\",\"logo\":{\"@type\":\"ImageObject\",\"inLanguage\":\"ca\",\"@id\":\"https:\/\/etecnic.bisiestodeveloper.es\/ca\/#\/schema\/logo\/image\/\",\"url\":\"https:\/\/etecnic.bisiestodeveloper.es\/wp-content\/uploads\/2025\/06\/logo-etecnic-blanco.png\",\"contentUrl\":\"https:\/\/etecnic.bisiestodeveloper.es\/wp-content\/uploads\/2025\/06\/logo-etecnic-blanco.png\",\"width\":1000,\"height\":500,\"caption\":\"Etecnic\"},\"image\":{\"@id\":\"https:\/\/etecnic.bisiestodeveloper.es\/ca\/#\/schema\/logo\/image\/\"}}]}<\/script>\n<!-- \/ Yoast SEO plugin. -->","yoast_head_json":{"title":"Calafell. 2 punts de rec\u00e0rrega p\u00fablics - Etecnic","robots":{"index":"noindex","follow":"follow","max-snippet":"max-snippet:-1","max-image-preview":"max-image-preview:large","max-video-preview":"max-video-preview:-1"},"og_locale":"ca_ES","og_type":"article","og_title":"Calafell. 2 punts de rec\u00e0rrega p\u00fablics - Etecnic","og_description":"2 Lafon QC50 amb 3 preses i una pot\u00e8ncia de fins a 55 kW","og_url":"https:\/\/etecnic.bisiestodeveloper.es\/ca\/avada_portfolio\/calafell-2-punts-de-recarrega-publics\/","og_site_name":"Etecnic","og_image":[{"width":1920,"height":1440,"url":"https:\/\/etecnic.bisiestodeveloper.es\/wp-content\/uploads\/2019\/09\/etecnic-calafell.jpg","type":"image\/jpeg"}],"twitter_card":"summary_large_image","schema":{"@context":"https:\/\/schema.org","@graph":[{"@type":"WebPage","@id":"https:\/\/etecnic.bisiestodeveloper.es\/ca\/avada_portfolio\/calafell-2-punts-de-recarrega-publics\/","url":"https:\/\/etecnic.bisiestodeveloper.es\/ca\/avada_portfolio\/calafell-2-punts-de-recarrega-publics\/","name":"Calafell. 2 punts de rec\u00e0rrega p\u00fablics - Etecnic","isPartOf":{"@id":"https:\/\/etecnic.bisiestodeveloper.es\/ca\/#website"},"primaryImageOfPage":{"@id":"https:\/\/etecnic.bisiestodeveloper.es\/ca\/avada_portfolio\/calafell-2-punts-de-recarrega-publics\/#primaryimage"},"image":{"@id":"https:\/\/etecnic.bisiestodeveloper.es\/ca\/avada_portfolio\/calafell-2-punts-de-recarrega-publics\/#primaryimage"},"thumbnailUrl":"https:\/\/etecnic.bisiestodeveloper.es\/wp-content\/uploads\/2019\/09\/etecnic-calafell.jpg","datePublished":"2019-09-10T08:42:26+00:00","breadcrumb":{"@id":"https:\/\/etecnic.bisiestodeveloper.es\/ca\/avada_portfolio\/calafell-2-punts-de-recarrega-publics\/#breadcrumb"},"inLanguage":"ca","potentialAction":[{"@type":"ReadAction","target":["https:\/\/etecnic.bisiestodeveloper.es\/ca\/avada_portfolio\/calafell-2-punts-de-recarrega-publics\/"]}]},{"@type":"ImageObject","inLanguage":"ca","@id":"https:\/\/etecnic.bisiestodeveloper.es\/ca\/avada_portfolio\/calafell-2-punts-de-recarrega-publics\/#primaryimage","url":"https:\/\/etecnic.bisiestodeveloper.es\/wp-content\/uploads\/2019\/09\/etecnic-calafell.jpg","contentUrl":"https:\/\/etecnic.bisiestodeveloper.es\/wp-content\/uploads\/2019\/09\/etecnic-calafell.jpg","width":1920,"height":1440},{"@type":"BreadcrumbList","@id":"https:\/\/etecnic.bisiestodeveloper.es\/ca\/avada_portfolio\/calafell-2-punts-de-recarrega-publics\/#breadcrumb","itemListElement":[{"@type":"ListItem","position":1,"name":"Portada","item":"https:\/\/etecnic.bisiestodeveloper.es\/ca\/"},{"@type":"ListItem","position":2,"name":"Portfolio","item":"https:\/\/etecnic.bisiestodeveloper.es\/ca\/avada_portfolio\/"},{"@type":"ListItem","position":3,"name":"Calafell. 2 punts de rec\u00e0rrega p\u00fablics"}]},{"@type":"WebSite","@id":"https:\/\/etecnic.bisiestodeveloper.es\/ca\/#website","url":"https:\/\/etecnic.bisiestodeveloper.es\/ca\/","name":"Etecnic","description":"","publisher":{"@id":"https:\/\/etecnic.bisiestodeveloper.es\/ca\/#organization"},"potentialAction":[{"@type":"SearchAction","target":{"@type":"EntryPoint","urlTemplate":"https:\/\/etecnic.bisiestodeveloper.es\/ca\/?s={search_term_string}"},"query-input":{"@type":"PropertyValueSpecification","valueRequired":true,"valueName":"search_term_string"}}],"inLanguage":"ca"},{"@type":"Organization","@id":"https:\/\/etecnic.bisiestodeveloper.es\/ca\/#organization","name":"Etecnic","url":"https:\/\/etecnic.bisiestodeveloper.es\/ca\/","logo":{"@type":"ImageObject","inLanguage":"ca","@id":"https:\/\/etecnic.bisiestodeveloper.es\/ca\/#\/schema\/logo\/image\/","url":"https:\/\/etecnic.bisiestodeveloper.es\/wp-content\/uploads\/2025\/06\/logo-etecnic-blanco.png","contentUrl":"https:\/\/etecnic.bisiestodeveloper.es\/wp-content\/uploads\/2025\/06\/logo-etecnic-blanco.png","width":1000,"height":500,"caption":"Etecnic"},"image":{"@id":"https:\/\/etecnic.bisiestodeveloper.es\/ca\/#\/schema\/logo\/image\/"}}]}},"_links":{"self":[{"href":"https:\/\/etecnic.bisiestodeveloper.es\/ca\/wp-json\/wp\/v2\/avada_portfolio\/35609","targetHints":{"allow":["GET"]}}],"collection":[{"href":"https:\/\/etecnic.bisiestodeveloper.es\/ca\/wp-json\/wp\/v2\/avada_portfolio"}],"about":[{"href":"https:\/\/etecnic.bisiestodeveloper.es\/ca\/wp-json\/wp\/v2\/types\/avada_portfolio"}],"author":[{"embeddable":true,"href":"https:\/\/etecnic.bisiestodeveloper.es\/ca\/wp-json\/wp\/v2\/users\/3"}],"version-history":[{"count":0,"href":"https:\/\/etecnic.bisiestodeveloper.es\/ca\/wp-json\/wp\/v2\/avada_portfolio\/35609\/revisions"}],"wp:attachment":[{"href":"https:\/\/etecnic.bisiestodeveloper.es\/ca\/wp-json\/wp\/v2\/media?parent=35609"}],"wp:term":[{"taxonomy":"portfolio_tags","embeddable":true,"href":"https:\/\/etecnic.bisiestodeveloper.es\/ca\/wp-json\/wp\/v2\/portfolio_tags?post=35609"},{"taxonomy":"portfolio_skills","embeddable":true,"href":"https:\/\/etecnic.bisiestodeveloper.es\/ca\/wp-json\/wp\/v2\/portfolio_skills?post=35609"},{"taxonomy":"portfolio_category","embeddable":true,"href":"https:\/\/etecnic.bisiestodeveloper.es\/ca\/wp-json\/wp\/v2\/portfolio_category?post=35609"}],"curies":[{"name":"wp","href":"https:\/\/api.w.org\/{rel}","templated":true}]}}

Calafell. 2 punts de recàrrega públics

<p>Calafell: Instal·lació de 2 punts de recàrrega: Lafon Premi QC50 amb 3 preses i una potència màxima de 55 kW. Situats en Ctra. Sanatori, 29 &#8211; de Calafell i Ctra. Barcelona, 82 de Destral de Calafell. Gestionats per l&#8217;Ajuntament de Calafell mitjançant el programari de gestió de punts de recàrrega Mobility Smart Manager.</p>

<!-- This site is optimized with the Yoast SEO plugin v26.5 - https://yoast.com/wordpress/plugins/seo/ -->
<title>Calafell. 2 punts de recàrrega públics - Etecnic</title>
<meta name="robots" content="noindex, follow, max-snippet:-1, max-image-preview:large, max-video-preview:-1" />
<meta property="og:locale" content="ca_ES" />
<meta property="og:type" content="article" />
<meta property="og:title" content="Calafell. 2 punts de recàrrega públics - Etecnic" />
<meta property="og:description" content="2 Lafon QC50 amb 3 preses i una potència de fins a 55 kW" />
<meta property="og:url" content="https://etecnic.bisiestodeveloper.es/ca/avada_portfolio/calafell-2-punts-de-recarrega-publics/" />
<meta property="og:site_name" content="Etecnic" />
<meta property="og:image" content="https://etecnic.bisiestodeveloper.es/wp-content/uploads/2019/09/etecnic-calafell.jpg" />
	<meta property="og:image:width" content="1920" />
	<meta property="og:image:height" content="1440" />
	<meta property="og:image:type" content="image/jpeg" />
<meta name="twitter:card" content="summary_large_image" />
<script type="application/ld+json" class="yoast-schema-graph">{"@context":"https://schema.org","@graph":[{"@type":"WebPage","@id":"https://etecnic.bisiestodeveloper.es/ca/avada_portfolio/calafell-2-punts-de-recarrega-publics/","url":"https://etecnic.bisiestodeveloper.es/ca/avada_portfolio/calafell-2-punts-de-recarrega-publics/","name":"Calafell. 2 punts de recàrrega públics - Etecnic","isPartOf":{"@id":"https://etecnic.bisiestodeveloper.es/ca/#website"},"primaryImageOfPage":{"@id":"https://etecnic.bisiestodeveloper.es/ca/avada_portfolio/calafell-2-punts-de-recarrega-publics/#primaryimage"},"image":{"@id":"https://etecnic.bisiestodeveloper.es/ca/avada_portfolio/calafell-2-punts-de-recarrega-publics/#primaryimage"},"thumbnailUrl":"https://etecnic.bisiestodeveloper.es/wp-content/uploads/2019/09/etecnic-calafell.jpg","datePublished":"2019-09-10T08:42:26+00:00","breadcrumb":{"@id":"https://etecnic.bisiestodeveloper.es/ca/avada_portfolio/calafell-2-punts-de-recarrega-publics/#breadcrumb"},"inLanguage":"ca","potentialAction":[{"@type":"ReadAction","target":["https://etecnic.bisiestodeveloper.es/ca/avada_portfolio/calafell-2-punts-de-recarrega-publics/"]}]},{"@type":"ImageObject","inLanguage":"ca","@id":"https://etecnic.bisiestodeveloper.es/ca/avada_portfolio/calafell-2-punts-de-recarrega-publics/#primaryimage","url":"https://etecnic.bisiestodeveloper.es/wp-content/uploads/2019/09/etecnic-calafell.jpg","contentUrl":"https://etecnic.bisiestodeveloper.es/wp-content/uploads/2019/09/etecnic-calafell.jpg","width":1920,"height":1440},{"@type":"BreadcrumbList","@id":"https://etecnic.bisiestodeveloper.es/ca/avada_portfolio/calafell-2-punts-de-recarrega-publics/#breadcrumb","itemListElement":[{"@type":"ListItem","position":1,"name":"Portada","item":"https://etecnic.bisiestodeveloper.es/ca/"},{"@type":"ListItem","position":2,"name":"Portfolio","item":"https://etecnic.bisiestodeveloper.es/ca/avada_portfolio/"},{"@type":"ListItem","position":3,"name":"Calafell. 2 punts de recàrrega públics"}]},{"@type":"WebSite","@id":"https://etecnic.bisiestodeveloper.es/ca/#website","url":"https://etecnic.bisiestodeveloper.es/ca/","name":"Etecnic","description":"","publisher":{"@id":"https://etecnic.bisiestodeveloper.es/ca/#organization"},"potentialAction":[{"@type":"SearchAction","target":{"@type":"EntryPoint","urlTemplate":"https://etecnic.bisiestodeveloper.es/ca/?s={search_term_string}"},"query-input":{"@type":"PropertyValueSpecification","valueRequired":true,"valueName":"search_term_string"}}],"inLanguage":"ca"},{"@type":"Organization","@id":"https://etecnic.bisiestodeveloper.es/ca/#organization","name":"Etecnic","url":"https://etecnic.bisiestodeveloper.es/ca/","logo":{"@type":"ImageObject","inLanguage":"ca","@id":"https://etecnic.bisiestodeveloper.es/ca/#/schema/logo/image/","url":"https://etecnic.bisiestodeveloper.es/wp-content/uploads/2025/06/logo-etecnic-blanco.png","contentUrl":"https://etecnic.bisiestodeveloper.es/wp-content/uploads/2025/06/logo-etecnic-blanco.png","width":1000,"height":500,"caption":"Etecnic"},"image":{"@id":"https://etecnic.bisiestodeveloper.es/ca/#/schema/logo/image/"}}]}</script>
<!-- / Yoast SEO plugin. -->

Calafell. 2 punts de recàrrega públics - Etecnic

2 Lafon QC50 amb 3 preses i una potència de fins a 55 kW
