{"id":38098,"date":"2025-12-01T14:13:11","date_gmt":"2025-12-01T14:13:11","guid":{"rendered":"https:\/\/etecnic.bisiestodeveloper.es\/events\/municipalia-innocamping-lleida\/"},"modified":"2026-07-30T13:04:37","modified_gmt":"2026-07-30T13:04:37","slug":"municipalia-innocamping-lleida","status":"publish","type":"ajde_events","link":"https:\/\/etecnic.bisiestodeveloper.es\/ca\/events\/municipalia-innocamping-lleida\/","title":{"rendered":"Municipalia &#038; Innocamping, Lleida"},"content":{"rendered":"\n<p class=\"wp-block-paragraph\"><\/p>\n\n<p class=\"wp-block-paragraph\"><strong>Etecnic, participar\u00e0 un any m\u00e9s a la fira de serveis i equipaments per a municipis.<\/strong><\/p>\n\n<p class=\"wp-block-paragraph\"> Estand 324, pavell\u00f3 3.<\/p>\n\n<p class=\"wp-block-paragraph\"><strong>Etecnic360 <\/strong>presentar\u00e0 el seu servei integral per a la infraestructura de rec\u00e0rrega, amb xerrades i taules rodones amb experts i clients del sector.<\/p>\n\n<p class=\"wp-block-paragraph\"><strong>EVcharge <\/strong>amb els seus productes (plataforma de gesti\u00f3 de punts de rec\u00e0rrega, el T\u00f2tem de pagament), i les noves funcionalitats d&#8217;EVcharge APP i marques meves.<\/p>\n\n<p class=\"wp-block-paragraph\"><strong>Etecnic, <\/strong>celebrar\u00e0 els seus 10 anys d&#8217;hist\u00f2ria i experi\u00e8ncia en mobilitat el\u00e8ctrica al costat dels seus col\u00b7laboradors i clients. Pr\u00f2ximament, informarem de tots els detalls que tenim preparats!<\/p>\n\n<p class=\"wp-block-paragraph\"><a href=\"https:\/\/municipalia-lleida.com\/es\/\" target=\"_blank\" rel=\"noreferrer noopener\">Web Municipalia <\/a><\/p>\n","protected":false},"author":4,"featured_media":0,"menu_order":0,"comment_status":"closed","ping_status":"closed","template":"","meta":[],"tags":[],"event_type":[938,7],"event_type_2":[],"class_list":["post-38098","ajde_events","type-ajde_events","status-publish","hentry","event_location-lleida","event_organizer-municipalia","event_type-938","event_type-eventos"],"yoast_head":"<!-- This site is optimized with the Yoast SEO plugin v26.5 - https:\/\/yoast.com\/wordpress\/plugins\/seo\/ -->\n<title>Municipalia &amp; Innocamping Lleida 2025 | Etecnic<\/title>\n<meta name=\"description\" content=\"Etecnic participa en Municipalia &amp; Innocamping Lleida 2025 amb solucions de rec\u00e0rrega, EVcharge i mobilitat el\u00e8ctrica per a municipis.\" \/>\n<meta name=\"robots\" content=\"noindex, follow, max-snippet:-1, max-image-preview:large, max-video-preview:-1\" \/>\n<meta property=\"og:locale\" content=\"ca_ES\" \/>\n<meta property=\"og:type\" content=\"article\" \/>\n<meta property=\"og:title\" content=\"Municipalia &amp; Innocamping Lleida 2025 | Etecnic\" \/>\n<meta property=\"og:description\" content=\"Etecnic participa en Municipalia &amp; Innocamping Lleida 2025 amb solucions de rec\u00e0rrega, EVcharge i mobilitat el\u00e8ctrica per a municipis.\" \/>\n<meta property=\"og:url\" content=\"https:\/\/etecnic.bisiestodeveloper.es\/ca\/events\/municipalia-innocamping-lleida\/\" \/>\n<meta property=\"og:site_name\" content=\"Etecnic\" \/>\n<meta property=\"article:modified_time\" content=\"2026-07-30T13:04:37+00:00\" \/>\n<meta name=\"twitter:card\" content=\"summary_large_image\" \/>\n<meta name=\"twitter:label1\" content=\"Temps estimat de lectura\" \/>\n\t<meta name=\"twitter:data1\" content=\"1 minut\" \/>\n<script type=\"application\/ld+json\" class=\"yoast-schema-graph\">{\"@context\":\"https:\/\/schema.org\",\"@graph\":[{\"@type\":\"WebPage\",\"@id\":\"https:\/\/etecnic.bisiestodeveloper.es\/ca\/events\/municipalia-innocamping-lleida\/\",\"url\":\"https:\/\/etecnic.bisiestodeveloper.es\/ca\/events\/municipalia-innocamping-lleida\/\",\"name\":\"Municipalia & Innocamping Lleida 2025 | Etecnic\",\"isPartOf\":{\"@id\":\"https:\/\/etecnic.bisiestodeveloper.es\/ca\/#website\"},\"datePublished\":\"2025-12-01T14:13:11+00:00\",\"dateModified\":\"2026-07-30T13:04:37+00:00\",\"description\":\"Etecnic participa en Municipalia & Innocamping Lleida 2025 amb solucions de rec\u00e0rrega, EVcharge i mobilitat el\u00e8ctrica per a municipis.\",\"breadcrumb\":{\"@id\":\"https:\/\/etecnic.bisiestodeveloper.es\/ca\/events\/municipalia-innocamping-lleida\/#breadcrumb\"},\"inLanguage\":\"ca\",\"potentialAction\":[{\"@type\":\"ReadAction\",\"target\":[\"https:\/\/etecnic.bisiestodeveloper.es\/ca\/events\/municipalia-innocamping-lleida\/\"]}]},{\"@type\":\"BreadcrumbList\",\"@id\":\"https:\/\/etecnic.bisiestodeveloper.es\/ca\/events\/municipalia-innocamping-lleida\/#breadcrumb\",\"itemListElement\":[{\"@type\":\"ListItem\",\"position\":1,\"name\":\"Portada\",\"item\":\"https:\/\/etecnic.bisiestodeveloper.es\/ca\/\"},{\"@type\":\"ListItem\",\"position\":2,\"name\":\"Events\",\"item\":\"https:\/\/etecnic.bisiestodeveloper.es\/ca\/events\/\"},{\"@type\":\"ListItem\",\"position\":3,\"name\":\"Municipalia &#038; Innocamping, Lleida\"}]},{\"@type\":\"WebSite\",\"@id\":\"https:\/\/etecnic.bisiestodeveloper.es\/ca\/#website\",\"url\":\"https:\/\/etecnic.bisiestodeveloper.es\/ca\/\",\"name\":\"Etecnic\",\"description\":\"\",\"publisher\":{\"@id\":\"https:\/\/etecnic.bisiestodeveloper.es\/ca\/#organization\"},\"potentialAction\":[{\"@type\":\"SearchAction\",\"target\":{\"@type\":\"EntryPoint\",\"urlTemplate\":\"https:\/\/etecnic.bisiestodeveloper.es\/ca\/?s={search_term_string}\"},\"query-input\":{\"@type\":\"PropertyValueSpecification\",\"valueRequired\":true,\"valueName\":\"search_term_string\"}}],\"inLanguage\":\"ca\"},{\"@type\":\"Organization\",\"@id\":\"https:\/\/etecnic.bisiestodeveloper.es\/ca\/#organization\",\"name\":\"Etecnic\",\"url\":\"https:\/\/etecnic.bisiestodeveloper.es\/ca\/\",\"logo\":{\"@type\":\"ImageObject\",\"inLanguage\":\"ca\",\"@id\":\"https:\/\/etecnic.bisiestodeveloper.es\/ca\/#\/schema\/logo\/image\/\",\"url\":\"https:\/\/etecnic.bisiestodeveloper.es\/wp-content\/uploads\/2025\/06\/logo-etecnic-blanco.png\",\"contentUrl\":\"https:\/\/etecnic.bisiestodeveloper.es\/wp-content\/uploads\/2025\/06\/logo-etecnic-blanco.png\",\"width\":1000,\"height\":500,\"caption\":\"Etecnic\"},\"image\":{\"@id\":\"https:\/\/etecnic.bisiestodeveloper.es\/ca\/#\/schema\/logo\/image\/\"}}]}<\/script>\n<!-- \/ Yoast SEO plugin. -->","yoast_head_json":{"title":"Municipalia & Innocamping Lleida 2025 | Etecnic","description":"Etecnic participa en Municipalia & Innocamping Lleida 2025 amb solucions de rec\u00e0rrega, EVcharge i mobilitat el\u00e8ctrica per a municipis.","robots":{"index":"noindex","follow":"follow","max-snippet":"max-snippet:-1","max-image-preview":"max-image-preview:large","max-video-preview":"max-video-preview:-1"},"og_locale":"ca_ES","og_type":"article","og_title":"Municipalia & Innocamping Lleida 2025 | Etecnic","og_description":"Etecnic participa en Municipalia & Innocamping Lleida 2025 amb solucions de rec\u00e0rrega, EVcharge i mobilitat el\u00e8ctrica per a municipis.","og_url":"https:\/\/etecnic.bisiestodeveloper.es\/ca\/events\/municipalia-innocamping-lleida\/","og_site_name":"Etecnic","article_modified_time":"2026-07-30T13:04:37+00:00","twitter_card":"summary_large_image","twitter_misc":{"Temps estimat de lectura":"1 minut"},"schema":{"@context":"https:\/\/schema.org","@graph":[{"@type":"WebPage","@id":"https:\/\/etecnic.bisiestodeveloper.es\/ca\/events\/municipalia-innocamping-lleida\/","url":"https:\/\/etecnic.bisiestodeveloper.es\/ca\/events\/municipalia-innocamping-lleida\/","name":"Municipalia & Innocamping Lleida 2025 | Etecnic","isPartOf":{"@id":"https:\/\/etecnic.bisiestodeveloper.es\/ca\/#website"},"datePublished":"2025-12-01T14:13:11+00:00","dateModified":"2026-07-30T13:04:37+00:00","description":"Etecnic participa en Municipalia & Innocamping Lleida 2025 amb solucions de rec\u00e0rrega, EVcharge i mobilitat el\u00e8ctrica per a municipis.","breadcrumb":{"@id":"https:\/\/etecnic.bisiestodeveloper.es\/ca\/events\/municipalia-innocamping-lleida\/#breadcrumb"},"inLanguage":"ca","potentialAction":[{"@type":"ReadAction","target":["https:\/\/etecnic.bisiestodeveloper.es\/ca\/events\/municipalia-innocamping-lleida\/"]}]},{"@type":"BreadcrumbList","@id":"https:\/\/etecnic.bisiestodeveloper.es\/ca\/events\/municipalia-innocamping-lleida\/#breadcrumb","itemListElement":[{"@type":"ListItem","position":1,"name":"Portada","item":"https:\/\/etecnic.bisiestodeveloper.es\/ca\/"},{"@type":"ListItem","position":2,"name":"Events","item":"https:\/\/etecnic.bisiestodeveloper.es\/ca\/events\/"},{"@type":"ListItem","position":3,"name":"Municipalia &#038; Innocamping, Lleida"}]},{"@type":"WebSite","@id":"https:\/\/etecnic.bisiestodeveloper.es\/ca\/#website","url":"https:\/\/etecnic.bisiestodeveloper.es\/ca\/","name":"Etecnic","description":"","publisher":{"@id":"https:\/\/etecnic.bisiestodeveloper.es\/ca\/#organization"},"potentialAction":[{"@type":"SearchAction","target":{"@type":"EntryPoint","urlTemplate":"https:\/\/etecnic.bisiestodeveloper.es\/ca\/?s={search_term_string}"},"query-input":{"@type":"PropertyValueSpecification","valueRequired":true,"valueName":"search_term_string"}}],"inLanguage":"ca"},{"@type":"Organization","@id":"https:\/\/etecnic.bisiestodeveloper.es\/ca\/#organization","name":"Etecnic","url":"https:\/\/etecnic.bisiestodeveloper.es\/ca\/","logo":{"@type":"ImageObject","inLanguage":"ca","@id":"https:\/\/etecnic.bisiestodeveloper.es\/ca\/#\/schema\/logo\/image\/","url":"https:\/\/etecnic.bisiestodeveloper.es\/wp-content\/uploads\/2025\/06\/logo-etecnic-blanco.png","contentUrl":"https:\/\/etecnic.bisiestodeveloper.es\/wp-content\/uploads\/2025\/06\/logo-etecnic-blanco.png","width":1000,"height":500,"caption":"Etecnic"},"image":{"@id":"https:\/\/etecnic.bisiestodeveloper.es\/ca\/#\/schema\/logo\/image\/"}}]}},"_links":{"self":[{"href":"https:\/\/etecnic.bisiestodeveloper.es\/ca\/wp-json\/wp\/v2\/ajde_events\/38098","targetHints":{"allow":["GET"]}}],"collection":[{"href":"https:\/\/etecnic.bisiestodeveloper.es\/ca\/wp-json\/wp\/v2\/ajde_events"}],"about":[{"href":"https:\/\/etecnic.bisiestodeveloper.es\/ca\/wp-json\/wp\/v2\/types\/ajde_events"}],"author":[{"embeddable":true,"href":"https:\/\/etecnic.bisiestodeveloper.es\/ca\/wp-json\/wp\/v2\/users\/4"}],"replies":[{"embeddable":true,"href":"https:\/\/etecnic.bisiestodeveloper.es\/ca\/wp-json\/wp\/v2\/comments?post=38098"}],"wp:attachment":[{"href":"https:\/\/etecnic.bisiestodeveloper.es\/ca\/wp-json\/wp\/v2\/media?parent=38098"}],"wp:term":[{"taxonomy":"post_tag","embeddable":true,"href":"https:\/\/etecnic.bisiestodeveloper.es\/ca\/wp-json\/wp\/v2\/tags?post=38098"},{"taxonomy":"event_type","embeddable":true,"href":"https:\/\/etecnic.bisiestodeveloper.es\/ca\/wp-json\/wp\/v2\/event_type?post=38098"},{"taxonomy":"event_type_2","embeddable":true,"href":"https:\/\/etecnic.bisiestodeveloper.es\/ca\/wp-json\/wp\/v2\/event_type_2?post=38098"}],"curies":[{"name":"wp","href":"https:\/\/api.w.org\/{rel}","templated":true}]}}

<p class="wp-block-paragraph"></p>

<p class="wp-block-paragraph"><strong>Etecnic, participarà un any més a la fira de serveis i equipaments per a municipis.</strong></p>

<p class="wp-block-paragraph"> Estand 324, pavelló 3.</p>

<p class="wp-block-paragraph"><strong>Etecnic360 </strong>presentarà el seu servei integral per a la infraestructura de recàrrega, amb xerrades i taules rodones amb experts i clients del sector.</p>

<p class="wp-block-paragraph"><strong>EVcharge </strong>amb els seus productes (plataforma de gestió de punts de recàrrega, el Tòtem de pagament), i les noves funcionalitats d&#8217;EVcharge APP i marques meves.</p>

<p class="wp-block-paragraph"><strong>Etecnic, </strong>celebrarà els seus 10 anys d&#8217;història i experiència en mobilitat elèctrica al costat dels seus col·laboradors i clients. Pròximament, informarem de tots els detalls que tenim preparats!</p>

<p class="wp-block-paragraph"><a href="https://municipalia-lleida.com/es/" target="_blank" rel="noreferrer noopener">Web Municipalia </a></p>

<!-- This site is optimized with the Yoast SEO plugin v26.5 - https://yoast.com/wordpress/plugins/seo/ -->
<title>Municipalia &amp; Innocamping Lleida 2025 | Etecnic</title>
<meta name="description" content="Etecnic participa en Municipalia &amp; Innocamping Lleida 2025 amb solucions de recàrrega, EVcharge i mobilitat elèctrica per a municipis." />
<meta name="robots" content="noindex, follow, max-snippet:-1, max-image-preview:large, max-video-preview:-1" />
<meta property="og:locale" content="ca_ES" />
<meta property="og:type" content="article" />
<meta property="og:title" content="Municipalia &amp; Innocamping Lleida 2025 | Etecnic" />
<meta property="og:description" content="Etecnic participa en Municipalia &amp; Innocamping Lleida 2025 amb solucions de recàrrega, EVcharge i mobilitat elèctrica per a municipis." />
<meta property="og:url" content="https://etecnic.bisiestodeveloper.es/ca/events/municipalia-innocamping-lleida/" />
<meta property="og:site_name" content="Etecnic" />
<meta property="article:modified_time" content="2026-07-30T13:04:37+00:00" />
<meta name="twitter:card" content="summary_large_image" />
<meta name="twitter:label1" content="Temps estimat de lectura" />
	<meta name="twitter:data1" content="1 minut" />
<script type="application/ld+json" class="yoast-schema-graph">{"@context":"https://schema.org","@graph":[{"@type":"WebPage","@id":"https://etecnic.bisiestodeveloper.es/ca/events/municipalia-innocamping-lleida/","url":"https://etecnic.bisiestodeveloper.es/ca/events/municipalia-innocamping-lleida/","name":"Municipalia & Innocamping Lleida 2025 | Etecnic","isPartOf":{"@id":"https://etecnic.bisiestodeveloper.es/ca/#website"},"datePublished":"2025-12-01T14:13:11+00:00","dateModified":"2026-07-30T13:04:37+00:00","description":"Etecnic participa en Municipalia & Innocamping Lleida 2025 amb solucions de recàrrega, EVcharge i mobilitat elèctrica per a municipis.","breadcrumb":{"@id":"https://etecnic.bisiestodeveloper.es/ca/events/municipalia-innocamping-lleida/#breadcrumb"},"inLanguage":"ca","potentialAction":[{"@type":"ReadAction","target":["https://etecnic.bisiestodeveloper.es/ca/events/municipalia-innocamping-lleida/"]}]},{"@type":"BreadcrumbList","@id":"https://etecnic.bisiestodeveloper.es/ca/events/municipalia-innocamping-lleida/#breadcrumb","itemListElement":[{"@type":"ListItem","position":1,"name":"Portada","item":"https://etecnic.bisiestodeveloper.es/ca/"},{"@type":"ListItem","position":2,"name":"Events","item":"https://etecnic.bisiestodeveloper.es/ca/events/"},{"@type":"ListItem","position":3,"name":"Municipalia &#038; Innocamping, Lleida"}]},{"@type":"WebSite","@id":"https://etecnic.bisiestodeveloper.es/ca/#website","url":"https://etecnic.bisiestodeveloper.es/ca/","name":"Etecnic","description":"","publisher":{"@id":"https://etecnic.bisiestodeveloper.es/ca/#organization"},"potentialAction":[{"@type":"SearchAction","target":{"@type":"EntryPoint","urlTemplate":"https://etecnic.bisiestodeveloper.es/ca/?s={search_term_string}"},"query-input":{"@type":"PropertyValueSpecification","valueRequired":true,"valueName":"search_term_string"}}],"inLanguage":"ca"},{"@type":"Organization","@id":"https://etecnic.bisiestodeveloper.es/ca/#organization","name":"Etecnic","url":"https://etecnic.bisiestodeveloper.es/ca/","logo":{"@type":"ImageObject","inLanguage":"ca","@id":"https://etecnic.bisiestodeveloper.es/ca/#/schema/logo/image/","url":"https://etecnic.bisiestodeveloper.es/wp-content/uploads/2025/06/logo-etecnic-blanco.png","contentUrl":"https://etecnic.bisiestodeveloper.es/wp-content/uploads/2025/06/logo-etecnic-blanco.png","width":1000,"height":500,"caption":"Etecnic"},"image":{"@id":"https://etecnic.bisiestodeveloper.es/ca/#/schema/logo/image/"}}]}</script>
<!-- / Yoast SEO plugin. -->

Etecnic participa en Municipalia & Innocamping Lleida 2025 amb solucions de recàrrega, EVcharge i mobilitat elèctrica per a municipis.
