{"id":38092,"date":"2026-02-02T12:57:16","date_gmt":"2026-02-02T12:57:16","guid":{"rendered":"https:\/\/etecnic.bisiestodeveloper.es\/events\/podcast-horizontes-sostenibles-especial-10-anys\/"},"modified":"2026-08-03T11:34:31","modified_gmt":"2026-08-03T11:34:31","slug":"podcast-horizontes-sostenibles-especial-10-anys","status":"publish","type":"ajde_events","link":"https:\/\/etecnic.bisiestodeveloper.es\/ca\/events\/podcast-horizontes-sostenibles-especial-10-anys\/","title":{"rendered":"P\u00f2dcast Horizontes Sostenibles, Especial 10 anys"},"content":{"rendered":"\n<h3 class=\"wp-block-heading\"><\/h3>\n\n<p class=\"wp-block-paragraph\">Registra&#8217;t i rep l&#8217;enlla\u00e7 per a accedir als p\u00f2dcasts de les entrevistes realitzades durant Municipalia, disponibles en format \u00e0udio i v\u00eddeo.<\/p>\n","protected":false},"author":4,"featured_media":38091,"menu_order":0,"comment_status":"closed","ping_status":"closed","template":"","meta":[],"tags":[],"event_type":[938,7],"event_type_2":[],"class_list":["post-38092","ajde_events","type-ajde_events","status-publish","has-post-thumbnail","hentry","event_organizer-etecnic","event_type-938","event_type-eventos"],"yoast_head":"<!-- This site is optimized with the Yoast SEO plugin v26.5 - https:\/\/yoast.com\/wordpress\/plugins\/seo\/ -->\n<title>P\u00f2dcast Horizontes Sostenibles, Especial 10 anys | Etecnic<\/title>\n<meta name=\"description\" content=\"Registra&#039;t per a accedir al P\u00f2dcast Horizontes Sostenibles Especial 10 anys i descobreix entrevistes sobre mobilitat el\u00e8ctrica.\" \/>\n<meta name=\"robots\" content=\"noindex, follow, max-snippet:-1, max-image-preview:large, max-video-preview:-1\" \/>\n<meta property=\"og:locale\" content=\"ca_ES\" \/>\n<meta property=\"og:type\" content=\"article\" \/>\n<meta property=\"og:title\" content=\"P\u00f2dcast Horizontes Sostenibles, Especial 10 anys | Etecnic\" \/>\n<meta property=\"og:description\" content=\"Registra&#039;t per a accedir al P\u00f2dcast Horizontes Sostenibles Especial 10 anys i descobreix entrevistes sobre mobilitat el\u00e8ctrica.\" \/>\n<meta property=\"og:url\" content=\"https:\/\/etecnic.bisiestodeveloper.es\/ca\/events\/podcast-horizontes-sostenibles-especial-10-anys\/\" \/>\n<meta property=\"og:site_name\" content=\"Etecnic\" \/>\n<meta property=\"article:modified_time\" content=\"2026-08-03T11:34:31+00:00\" \/>\n<meta property=\"og:image\" content=\"https:\/\/etecnic.bisiestodeveloper.es\/wp-content\/uploads\/2026\/02\/Banner-podcast-Jorge-Especial-Municipalia-10-anos-Etecnic-1.jpg\" \/>\n\t<meta property=\"og:image:width\" content=\"700\" \/>\n\t<meta property=\"og:image:height\" content=\"200\" \/>\n\t<meta property=\"og:image:type\" content=\"image\/jpeg\" \/>\n<meta name=\"twitter:card\" content=\"summary_large_image\" \/>\n<meta name=\"twitter:label1\" content=\"Temps estimat de lectura\" \/>\n\t<meta name=\"twitter:data1\" content=\"1 minut\" \/>\n<script type=\"application\/ld+json\" class=\"yoast-schema-graph\">{\"@context\":\"https:\/\/schema.org\",\"@graph\":[{\"@type\":\"WebPage\",\"@id\":\"https:\/\/etecnic.bisiestodeveloper.es\/ca\/events\/podcast-horizontes-sostenibles-especial-10-anys\/\",\"url\":\"https:\/\/etecnic.bisiestodeveloper.es\/ca\/events\/podcast-horizontes-sostenibles-especial-10-anys\/\",\"name\":\"P\u00f2dcast Horizontes Sostenibles, Especial 10 anys | Etecnic\",\"isPartOf\":{\"@id\":\"https:\/\/etecnic.bisiestodeveloper.es\/ca\/#website\"},\"primaryImageOfPage\":{\"@id\":\"https:\/\/etecnic.bisiestodeveloper.es\/ca\/events\/podcast-horizontes-sostenibles-especial-10-anys\/#primaryimage\"},\"image\":{\"@id\":\"https:\/\/etecnic.bisiestodeveloper.es\/ca\/events\/podcast-horizontes-sostenibles-especial-10-anys\/#primaryimage\"},\"thumbnailUrl\":\"https:\/\/etecnic.bisiestodeveloper.es\/wp-content\/uploads\/2026\/02\/Banner-podcast-Jorge-Especial-Municipalia-10-anos-Etecnic-1.jpg\",\"datePublished\":\"2026-02-02T12:57:16+00:00\",\"dateModified\":\"2026-08-03T11:34:31+00:00\",\"description\":\"Registra't per a accedir al P\u00f2dcast Horizontes Sostenibles Especial 10 anys i descobreix entrevistes sobre mobilitat el\u00e8ctrica.\",\"breadcrumb\":{\"@id\":\"https:\/\/etecnic.bisiestodeveloper.es\/ca\/events\/podcast-horizontes-sostenibles-especial-10-anys\/#breadcrumb\"},\"inLanguage\":\"ca\",\"potentialAction\":[{\"@type\":\"ReadAction\",\"target\":[\"https:\/\/etecnic.bisiestodeveloper.es\/ca\/events\/podcast-horizontes-sostenibles-especial-10-anys\/\"]}]},{\"@type\":\"ImageObject\",\"inLanguage\":\"ca\",\"@id\":\"https:\/\/etecnic.bisiestodeveloper.es\/ca\/events\/podcast-horizontes-sostenibles-especial-10-anys\/#primaryimage\",\"url\":\"https:\/\/etecnic.bisiestodeveloper.es\/wp-content\/uploads\/2026\/02\/Banner-podcast-Jorge-Especial-Municipalia-10-anos-Etecnic-1.jpg\",\"contentUrl\":\"https:\/\/etecnic.bisiestodeveloper.es\/wp-content\/uploads\/2026\/02\/Banner-podcast-Jorge-Especial-Municipalia-10-anos-Etecnic-1.jpg\",\"width\":700,\"height\":200},{\"@type\":\"BreadcrumbList\",\"@id\":\"https:\/\/etecnic.bisiestodeveloper.es\/ca\/events\/podcast-horizontes-sostenibles-especial-10-anys\/#breadcrumb\",\"itemListElement\":[{\"@type\":\"ListItem\",\"position\":1,\"name\":\"Portada\",\"item\":\"https:\/\/etecnic.bisiestodeveloper.es\/ca\/\"},{\"@type\":\"ListItem\",\"position\":2,\"name\":\"Events\",\"item\":\"https:\/\/etecnic.bisiestodeveloper.es\/ca\/events\/\"},{\"@type\":\"ListItem\",\"position\":3,\"name\":\"P\u00f2dcast Horizontes Sostenibles, Especial 10 anys\"}]},{\"@type\":\"WebSite\",\"@id\":\"https:\/\/etecnic.bisiestodeveloper.es\/ca\/#website\",\"url\":\"https:\/\/etecnic.bisiestodeveloper.es\/ca\/\",\"name\":\"Etecnic\",\"description\":\"\",\"publisher\":{\"@id\":\"https:\/\/etecnic.bisiestodeveloper.es\/ca\/#organization\"},\"potentialAction\":[{\"@type\":\"SearchAction\",\"target\":{\"@type\":\"EntryPoint\",\"urlTemplate\":\"https:\/\/etecnic.bisiestodeveloper.es\/ca\/?s={search_term_string}\"},\"query-input\":{\"@type\":\"PropertyValueSpecification\",\"valueRequired\":true,\"valueName\":\"search_term_string\"}}],\"inLanguage\":\"ca\"},{\"@type\":\"Organization\",\"@id\":\"https:\/\/etecnic.bisiestodeveloper.es\/ca\/#organization\",\"name\":\"Etecnic\",\"url\":\"https:\/\/etecnic.bisiestodeveloper.es\/ca\/\",\"logo\":{\"@type\":\"ImageObject\",\"inLanguage\":\"ca\",\"@id\":\"https:\/\/etecnic.bisiestodeveloper.es\/ca\/#\/schema\/logo\/image\/\",\"url\":\"https:\/\/etecnic.bisiestodeveloper.es\/wp-content\/uploads\/2025\/06\/logo-etecnic-blanco.png\",\"contentUrl\":\"https:\/\/etecnic.bisiestodeveloper.es\/wp-content\/uploads\/2025\/06\/logo-etecnic-blanco.png\",\"width\":1000,\"height\":500,\"caption\":\"Etecnic\"},\"image\":{\"@id\":\"https:\/\/etecnic.bisiestodeveloper.es\/ca\/#\/schema\/logo\/image\/\"}}]}<\/script>\n<!-- \/ Yoast SEO plugin. -->","yoast_head_json":{"title":"P\u00f2dcast Horizontes Sostenibles, Especial 10 anys | Etecnic","description":"Registra't per a accedir al P\u00f2dcast Horizontes Sostenibles Especial 10 anys i descobreix entrevistes sobre mobilitat el\u00e8ctrica.","robots":{"index":"noindex","follow":"follow","max-snippet":"max-snippet:-1","max-image-preview":"max-image-preview:large","max-video-preview":"max-video-preview:-1"},"og_locale":"ca_ES","og_type":"article","og_title":"P\u00f2dcast Horizontes Sostenibles, Especial 10 anys | Etecnic","og_description":"Registra't per a accedir al P\u00f2dcast Horizontes Sostenibles Especial 10 anys i descobreix entrevistes sobre mobilitat el\u00e8ctrica.","og_url":"https:\/\/etecnic.bisiestodeveloper.es\/ca\/events\/podcast-horizontes-sostenibles-especial-10-anys\/","og_site_name":"Etecnic","article_modified_time":"2026-08-03T11:34:31+00:00","og_image":[{"width":700,"height":200,"url":"https:\/\/etecnic.bisiestodeveloper.es\/wp-content\/uploads\/2026\/02\/Banner-podcast-Jorge-Especial-Municipalia-10-anos-Etecnic-1.jpg","type":"image\/jpeg"}],"twitter_card":"summary_large_image","twitter_misc":{"Temps estimat de lectura":"1 minut"},"schema":{"@context":"https:\/\/schema.org","@graph":[{"@type":"WebPage","@id":"https:\/\/etecnic.bisiestodeveloper.es\/ca\/events\/podcast-horizontes-sostenibles-especial-10-anys\/","url":"https:\/\/etecnic.bisiestodeveloper.es\/ca\/events\/podcast-horizontes-sostenibles-especial-10-anys\/","name":"P\u00f2dcast Horizontes Sostenibles, Especial 10 anys | Etecnic","isPartOf":{"@id":"https:\/\/etecnic.bisiestodeveloper.es\/ca\/#website"},"primaryImageOfPage":{"@id":"https:\/\/etecnic.bisiestodeveloper.es\/ca\/events\/podcast-horizontes-sostenibles-especial-10-anys\/#primaryimage"},"image":{"@id":"https:\/\/etecnic.bisiestodeveloper.es\/ca\/events\/podcast-horizontes-sostenibles-especial-10-anys\/#primaryimage"},"thumbnailUrl":"https:\/\/etecnic.bisiestodeveloper.es\/wp-content\/uploads\/2026\/02\/Banner-podcast-Jorge-Especial-Municipalia-10-anos-Etecnic-1.jpg","datePublished":"2026-02-02T12:57:16+00:00","dateModified":"2026-08-03T11:34:31+00:00","description":"Registra't per a accedir al P\u00f2dcast Horizontes Sostenibles Especial 10 anys i descobreix entrevistes sobre mobilitat el\u00e8ctrica.","breadcrumb":{"@id":"https:\/\/etecnic.bisiestodeveloper.es\/ca\/events\/podcast-horizontes-sostenibles-especial-10-anys\/#breadcrumb"},"inLanguage":"ca","potentialAction":[{"@type":"ReadAction","target":["https:\/\/etecnic.bisiestodeveloper.es\/ca\/events\/podcast-horizontes-sostenibles-especial-10-anys\/"]}]},{"@type":"ImageObject","inLanguage":"ca","@id":"https:\/\/etecnic.bisiestodeveloper.es\/ca\/events\/podcast-horizontes-sostenibles-especial-10-anys\/#primaryimage","url":"https:\/\/etecnic.bisiestodeveloper.es\/wp-content\/uploads\/2026\/02\/Banner-podcast-Jorge-Especial-Municipalia-10-anos-Etecnic-1.jpg","contentUrl":"https:\/\/etecnic.bisiestodeveloper.es\/wp-content\/uploads\/2026\/02\/Banner-podcast-Jorge-Especial-Municipalia-10-anos-Etecnic-1.jpg","width":700,"height":200},{"@type":"BreadcrumbList","@id":"https:\/\/etecnic.bisiestodeveloper.es\/ca\/events\/podcast-horizontes-sostenibles-especial-10-anys\/#breadcrumb","itemListElement":[{"@type":"ListItem","position":1,"name":"Portada","item":"https:\/\/etecnic.bisiestodeveloper.es\/ca\/"},{"@type":"ListItem","position":2,"name":"Events","item":"https:\/\/etecnic.bisiestodeveloper.es\/ca\/events\/"},{"@type":"ListItem","position":3,"name":"P\u00f2dcast Horizontes Sostenibles, Especial 10 anys"}]},{"@type":"WebSite","@id":"https:\/\/etecnic.bisiestodeveloper.es\/ca\/#website","url":"https:\/\/etecnic.bisiestodeveloper.es\/ca\/","name":"Etecnic","description":"","publisher":{"@id":"https:\/\/etecnic.bisiestodeveloper.es\/ca\/#organization"},"potentialAction":[{"@type":"SearchAction","target":{"@type":"EntryPoint","urlTemplate":"https:\/\/etecnic.bisiestodeveloper.es\/ca\/?s={search_term_string}"},"query-input":{"@type":"PropertyValueSpecification","valueRequired":true,"valueName":"search_term_string"}}],"inLanguage":"ca"},{"@type":"Organization","@id":"https:\/\/etecnic.bisiestodeveloper.es\/ca\/#organization","name":"Etecnic","url":"https:\/\/etecnic.bisiestodeveloper.es\/ca\/","logo":{"@type":"ImageObject","inLanguage":"ca","@id":"https:\/\/etecnic.bisiestodeveloper.es\/ca\/#\/schema\/logo\/image\/","url":"https:\/\/etecnic.bisiestodeveloper.es\/wp-content\/uploads\/2025\/06\/logo-etecnic-blanco.png","contentUrl":"https:\/\/etecnic.bisiestodeveloper.es\/wp-content\/uploads\/2025\/06\/logo-etecnic-blanco.png","width":1000,"height":500,"caption":"Etecnic"},"image":{"@id":"https:\/\/etecnic.bisiestodeveloper.es\/ca\/#\/schema\/logo\/image\/"}}]}},"_links":{"self":[{"href":"https:\/\/etecnic.bisiestodeveloper.es\/ca\/wp-json\/wp\/v2\/ajde_events\/38092","targetHints":{"allow":["GET"]}}],"collection":[{"href":"https:\/\/etecnic.bisiestodeveloper.es\/ca\/wp-json\/wp\/v2\/ajde_events"}],"about":[{"href":"https:\/\/etecnic.bisiestodeveloper.es\/ca\/wp-json\/wp\/v2\/types\/ajde_events"}],"author":[{"embeddable":true,"href":"https:\/\/etecnic.bisiestodeveloper.es\/ca\/wp-json\/wp\/v2\/users\/4"}],"replies":[{"embeddable":true,"href":"https:\/\/etecnic.bisiestodeveloper.es\/ca\/wp-json\/wp\/v2\/comments?post=38092"}],"wp:featuredmedia":[{"embeddable":true,"href":"https:\/\/etecnic.bisiestodeveloper.es\/ca\/wp-json\/wp\/v2\/media\/38091"}],"wp:attachment":[{"href":"https:\/\/etecnic.bisiestodeveloper.es\/ca\/wp-json\/wp\/v2\/media?parent=38092"}],"wp:term":[{"taxonomy":"post_tag","embeddable":true,"href":"https:\/\/etecnic.bisiestodeveloper.es\/ca\/wp-json\/wp\/v2\/tags?post=38092"},{"taxonomy":"event_type","embeddable":true,"href":"https:\/\/etecnic.bisiestodeveloper.es\/ca\/wp-json\/wp\/v2\/event_type?post=38092"},{"taxonomy":"event_type_2","embeddable":true,"href":"https:\/\/etecnic.bisiestodeveloper.es\/ca\/wp-json\/wp\/v2\/event_type_2?post=38092"}],"curies":[{"name":"wp","href":"https:\/\/api.w.org\/{rel}","templated":true}]}}

Pòdcast Horizontes Sostenibles, Especial 10 anys

<h3 class="wp-block-heading"></h3>

<p class="wp-block-paragraph">Registra&#8217;t i rep l&#8217;enllaç per a accedir als pòdcasts de les entrevistes realitzades durant Municipalia, disponibles en format àudio i vídeo.</p>

<!-- This site is optimized with the Yoast SEO plugin v26.5 - https://yoast.com/wordpress/plugins/seo/ -->
<title>Pòdcast Horizontes Sostenibles, Especial 10 anys | Etecnic</title>
<meta name="description" content="Registra&#039;t per a accedir al Pòdcast Horizontes Sostenibles Especial 10 anys i descobreix entrevistes sobre mobilitat elèctrica." />
<meta name="robots" content="noindex, follow, max-snippet:-1, max-image-preview:large, max-video-preview:-1" />
<meta property="og:locale" content="ca_ES" />
<meta property="og:type" content="article" />
<meta property="og:title" content="Pòdcast Horizontes Sostenibles, Especial 10 anys | Etecnic" />
<meta property="og:description" content="Registra&#039;t per a accedir al Pòdcast Horizontes Sostenibles Especial 10 anys i descobreix entrevistes sobre mobilitat elèctrica." />
<meta property="og:url" content="https://etecnic.bisiestodeveloper.es/ca/events/podcast-horizontes-sostenibles-especial-10-anys/" />
<meta property="og:site_name" content="Etecnic" />
<meta property="article:modified_time" content="2026-08-03T11:34:31+00:00" />
<meta property="og:image" content="https://etecnic.bisiestodeveloper.es/wp-content/uploads/2026/02/Banner-podcast-Jorge-Especial-Municipalia-10-anos-Etecnic-1.jpg" />
	<meta property="og:image:width" content="700" />
	<meta property="og:image:height" content="200" />
	<meta property="og:image:type" content="image/jpeg" />
<meta name="twitter:card" content="summary_large_image" />
<meta name="twitter:label1" content="Temps estimat de lectura" />
	<meta name="twitter:data1" content="1 minut" />
<script type="application/ld+json" class="yoast-schema-graph">{"@context":"https://schema.org","@graph":[{"@type":"WebPage","@id":"https://etecnic.bisiestodeveloper.es/ca/events/podcast-horizontes-sostenibles-especial-10-anys/","url":"https://etecnic.bisiestodeveloper.es/ca/events/podcast-horizontes-sostenibles-especial-10-anys/","name":"Pòdcast Horizontes Sostenibles, Especial 10 anys | Etecnic","isPartOf":{"@id":"https://etecnic.bisiestodeveloper.es/ca/#website"},"primaryImageOfPage":{"@id":"https://etecnic.bisiestodeveloper.es/ca/events/podcast-horizontes-sostenibles-especial-10-anys/#primaryimage"},"image":{"@id":"https://etecnic.bisiestodeveloper.es/ca/events/podcast-horizontes-sostenibles-especial-10-anys/#primaryimage"},"thumbnailUrl":"https://etecnic.bisiestodeveloper.es/wp-content/uploads/2026/02/Banner-podcast-Jorge-Especial-Municipalia-10-anos-Etecnic-1.jpg","datePublished":"2026-02-02T12:57:16+00:00","dateModified":"2026-08-03T11:34:31+00:00","description":"Registra't per a accedir al Pòdcast Horizontes Sostenibles Especial 10 anys i descobreix entrevistes sobre mobilitat elèctrica.","breadcrumb":{"@id":"https://etecnic.bisiestodeveloper.es/ca/events/podcast-horizontes-sostenibles-especial-10-anys/#breadcrumb"},"inLanguage":"ca","potentialAction":[{"@type":"ReadAction","target":["https://etecnic.bisiestodeveloper.es/ca/events/podcast-horizontes-sostenibles-especial-10-anys/"]}]},{"@type":"ImageObject","inLanguage":"ca","@id":"https://etecnic.bisiestodeveloper.es/ca/events/podcast-horizontes-sostenibles-especial-10-anys/#primaryimage","url":"https://etecnic.bisiestodeveloper.es/wp-content/uploads/2026/02/Banner-podcast-Jorge-Especial-Municipalia-10-anos-Etecnic-1.jpg","contentUrl":"https://etecnic.bisiestodeveloper.es/wp-content/uploads/2026/02/Banner-podcast-Jorge-Especial-Municipalia-10-anos-Etecnic-1.jpg","width":700,"height":200},{"@type":"BreadcrumbList","@id":"https://etecnic.bisiestodeveloper.es/ca/events/podcast-horizontes-sostenibles-especial-10-anys/#breadcrumb","itemListElement":[{"@type":"ListItem","position":1,"name":"Portada","item":"https://etecnic.bisiestodeveloper.es/ca/"},{"@type":"ListItem","position":2,"name":"Events","item":"https://etecnic.bisiestodeveloper.es/ca/events/"},{"@type":"ListItem","position":3,"name":"Pòdcast Horizontes Sostenibles, Especial 10 anys"}]},{"@type":"WebSite","@id":"https://etecnic.bisiestodeveloper.es/ca/#website","url":"https://etecnic.bisiestodeveloper.es/ca/","name":"Etecnic","description":"","publisher":{"@id":"https://etecnic.bisiestodeveloper.es/ca/#organization"},"potentialAction":[{"@type":"SearchAction","target":{"@type":"EntryPoint","urlTemplate":"https://etecnic.bisiestodeveloper.es/ca/?s={search_term_string}"},"query-input":{"@type":"PropertyValueSpecification","valueRequired":true,"valueName":"search_term_string"}}],"inLanguage":"ca"},{"@type":"Organization","@id":"https://etecnic.bisiestodeveloper.es/ca/#organization","name":"Etecnic","url":"https://etecnic.bisiestodeveloper.es/ca/","logo":{"@type":"ImageObject","inLanguage":"ca","@id":"https://etecnic.bisiestodeveloper.es/ca/#/schema/logo/image/","url":"https://etecnic.bisiestodeveloper.es/wp-content/uploads/2025/06/logo-etecnic-blanco.png","contentUrl":"https://etecnic.bisiestodeveloper.es/wp-content/uploads/2025/06/logo-etecnic-blanco.png","width":1000,"height":500,"caption":"Etecnic"},"image":{"@id":"https://etecnic.bisiestodeveloper.es/ca/#/schema/logo/image/"}}]}</script>
<!-- / Yoast SEO plugin. -->

Pòdcast Horizontes Sostenibles, Especial 10 anys | Etecnic

Registra't per a accedir al Pòdcast Horizontes Sostenibles Especial 10 anys i descobreix entrevistes sobre mobilitat elèctrica.
