{"id":38087,"date":"2026-02-05T11:49:14","date_gmt":"2026-02-05T11:49:14","guid":{"rendered":"https:\/\/etecnic.bisiestodeveloper.es\/events\/evcharge-en-mubil-mobility-expo\/"},"modified":"2026-08-03T11:35:54","modified_gmt":"2026-08-03T11:35:54","slug":"evcharge-en-mubil-mobility-expo","status":"publish","type":"ajde_events","link":"https:\/\/etecnic.bisiestodeveloper.es\/ca\/events\/evcharge-en-mubil-mobility-expo\/","title":{"rendered":"EVcharge a MUBIL Mobility Expo"},"content":{"rendered":"\n<p class=\"wp-block-paragraph\">EVcharge participar\u00e0 a <strong>MUBIL Mobility Expo<\/strong>, un dels esdeveniments de refer\u00e8ncia en mobilitat el\u00e8ctrica del nord d&#8217;Espanya, que se celebrar\u00e0 <strong>del 25 al 26 de mar\u00e7<\/strong>. Hi serem presents per mostrar les nostres solucions de gesti\u00f3, monetitzaci\u00f3 de xarxes de rec\u00e0rrega, i presentant el T\u00f2tem de pagament EVcharge.<\/p>\n\n<p class=\"wp-block-paragraph\"><strong>Visita&#8217;ns al 3-19, amb AEDIVE,<\/strong> i descobreix com optimitzar el control i l&#8217;efici\u00e8ncia de la teva infraestructura de rec\u00e0rrega.<\/p>\n\n<p class=\"wp-block-paragraph\"><\/p>\n","protected":false},"author":4,"featured_media":0,"menu_order":0,"comment_status":"closed","ping_status":"closed","template":"","meta":[],"tags":[],"event_type":[937,7],"event_type_2":[],"class_list":["post-38087","ajde_events","type-ajde_events","status-publish","hentry","event_organizer-mubil-mobility-expo","event_type-937","event_type-eventos"],"yoast_head":"<!-- This site is optimized with the Yoast SEO plugin v26.5 - https:\/\/yoast.com\/wordpress\/plugins\/seo\/ -->\n<title>MUBIL Mobility Expo Irun 2026 | EVcharge i Etecnic<\/title>\n<meta name=\"description\" content=\"EVcharge i Etecnic participen en MUBIL Mobility Expo Irun 2026 amb solucions de mobilitat el\u00e8ctrica i infraestructura de rec\u00e0rrega.\" \/>\n<meta name=\"robots\" content=\"noindex, follow, max-snippet:-1, max-image-preview:large, max-video-preview:-1\" \/>\n<meta property=\"og:locale\" content=\"ca_ES\" \/>\n<meta property=\"og:type\" content=\"article\" \/>\n<meta property=\"og:title\" content=\"MUBIL Mobility Expo Irun 2026 | EVcharge i Etecnic\" \/>\n<meta property=\"og:description\" content=\"EVcharge i Etecnic participen en MUBIL Mobility Expo Irun 2026 amb solucions de mobilitat el\u00e8ctrica i infraestructura de rec\u00e0rrega.\" \/>\n<meta property=\"og:url\" content=\"https:\/\/etecnic.bisiestodeveloper.es\/ca\/events\/evcharge-en-mubil-mobility-expo\/\" \/>\n<meta property=\"og:site_name\" content=\"Etecnic\" \/>\n<meta property=\"article:modified_time\" content=\"2026-08-03T11:35:54+00:00\" \/>\n<meta name=\"twitter:card\" content=\"summary_large_image\" \/>\n<meta name=\"twitter:label1\" content=\"Temps estimat de lectura\" \/>\n\t<meta name=\"twitter:data1\" content=\"1 minut\" \/>\n<script type=\"application\/ld+json\" class=\"yoast-schema-graph\">{\"@context\":\"https:\/\/schema.org\",\"@graph\":[{\"@type\":\"WebPage\",\"@id\":\"https:\/\/etecnic.bisiestodeveloper.es\/ca\/events\/evcharge-en-mubil-mobility-expo\/\",\"url\":\"https:\/\/etecnic.bisiestodeveloper.es\/ca\/events\/evcharge-en-mubil-mobility-expo\/\",\"name\":\"MUBIL Mobility Expo Irun 2026 | EVcharge i Etecnic\",\"isPartOf\":{\"@id\":\"https:\/\/etecnic.bisiestodeveloper.es\/ca\/#website\"},\"datePublished\":\"2026-02-05T11:49:14+00:00\",\"dateModified\":\"2026-08-03T11:35:54+00:00\",\"description\":\"EVcharge i Etecnic participen en MUBIL Mobility Expo Irun 2026 amb solucions de mobilitat el\u00e8ctrica i infraestructura de rec\u00e0rrega.\",\"breadcrumb\":{\"@id\":\"https:\/\/etecnic.bisiestodeveloper.es\/ca\/events\/evcharge-en-mubil-mobility-expo\/#breadcrumb\"},\"inLanguage\":\"ca\",\"potentialAction\":[{\"@type\":\"ReadAction\",\"target\":[\"https:\/\/etecnic.bisiestodeveloper.es\/ca\/events\/evcharge-en-mubil-mobility-expo\/\"]}]},{\"@type\":\"BreadcrumbList\",\"@id\":\"https:\/\/etecnic.bisiestodeveloper.es\/ca\/events\/evcharge-en-mubil-mobility-expo\/#breadcrumb\",\"itemListElement\":[{\"@type\":\"ListItem\",\"position\":1,\"name\":\"Portada\",\"item\":\"https:\/\/etecnic.bisiestodeveloper.es\/ca\/\"},{\"@type\":\"ListItem\",\"position\":2,\"name\":\"Events\",\"item\":\"https:\/\/etecnic.bisiestodeveloper.es\/ca\/events\/\"},{\"@type\":\"ListItem\",\"position\":3,\"name\":\"EVcharge a MUBIL Mobility Expo\"}]},{\"@type\":\"WebSite\",\"@id\":\"https:\/\/etecnic.bisiestodeveloper.es\/ca\/#website\",\"url\":\"https:\/\/etecnic.bisiestodeveloper.es\/ca\/\",\"name\":\"Etecnic\",\"description\":\"\",\"publisher\":{\"@id\":\"https:\/\/etecnic.bisiestodeveloper.es\/ca\/#organization\"},\"potentialAction\":[{\"@type\":\"SearchAction\",\"target\":{\"@type\":\"EntryPoint\",\"urlTemplate\":\"https:\/\/etecnic.bisiestodeveloper.es\/ca\/?s={search_term_string}\"},\"query-input\":{\"@type\":\"PropertyValueSpecification\",\"valueRequired\":true,\"valueName\":\"search_term_string\"}}],\"inLanguage\":\"ca\"},{\"@type\":\"Organization\",\"@id\":\"https:\/\/etecnic.bisiestodeveloper.es\/ca\/#organization\",\"name\":\"Etecnic\",\"url\":\"https:\/\/etecnic.bisiestodeveloper.es\/ca\/\",\"logo\":{\"@type\":\"ImageObject\",\"inLanguage\":\"ca\",\"@id\":\"https:\/\/etecnic.bisiestodeveloper.es\/ca\/#\/schema\/logo\/image\/\",\"url\":\"https:\/\/etecnic.bisiestodeveloper.es\/wp-content\/uploads\/2025\/06\/logo-etecnic-blanco.png\",\"contentUrl\":\"https:\/\/etecnic.bisiestodeveloper.es\/wp-content\/uploads\/2025\/06\/logo-etecnic-blanco.png\",\"width\":1000,\"height\":500,\"caption\":\"Etecnic\"},\"image\":{\"@id\":\"https:\/\/etecnic.bisiestodeveloper.es\/ca\/#\/schema\/logo\/image\/\"}}]}<\/script>\n<!-- \/ Yoast SEO plugin. -->","yoast_head_json":{"title":"MUBIL Mobility Expo Irun 2026 | EVcharge i Etecnic","description":"EVcharge i Etecnic participen en MUBIL Mobility Expo Irun 2026 amb solucions de mobilitat el\u00e8ctrica i infraestructura de rec\u00e0rrega.","robots":{"index":"noindex","follow":"follow","max-snippet":"max-snippet:-1","max-image-preview":"max-image-preview:large","max-video-preview":"max-video-preview:-1"},"og_locale":"ca_ES","og_type":"article","og_title":"MUBIL Mobility Expo Irun 2026 | EVcharge i Etecnic","og_description":"EVcharge i Etecnic participen en MUBIL Mobility Expo Irun 2026 amb solucions de mobilitat el\u00e8ctrica i infraestructura de rec\u00e0rrega.","og_url":"https:\/\/etecnic.bisiestodeveloper.es\/ca\/events\/evcharge-en-mubil-mobility-expo\/","og_site_name":"Etecnic","article_modified_time":"2026-08-03T11:35:54+00:00","twitter_card":"summary_large_image","twitter_misc":{"Temps estimat de lectura":"1 minut"},"schema":{"@context":"https:\/\/schema.org","@graph":[{"@type":"WebPage","@id":"https:\/\/etecnic.bisiestodeveloper.es\/ca\/events\/evcharge-en-mubil-mobility-expo\/","url":"https:\/\/etecnic.bisiestodeveloper.es\/ca\/events\/evcharge-en-mubil-mobility-expo\/","name":"MUBIL Mobility Expo Irun 2026 | EVcharge i Etecnic","isPartOf":{"@id":"https:\/\/etecnic.bisiestodeveloper.es\/ca\/#website"},"datePublished":"2026-02-05T11:49:14+00:00","dateModified":"2026-08-03T11:35:54+00:00","description":"EVcharge i Etecnic participen en MUBIL Mobility Expo Irun 2026 amb solucions de mobilitat el\u00e8ctrica i infraestructura de rec\u00e0rrega.","breadcrumb":{"@id":"https:\/\/etecnic.bisiestodeveloper.es\/ca\/events\/evcharge-en-mubil-mobility-expo\/#breadcrumb"},"inLanguage":"ca","potentialAction":[{"@type":"ReadAction","target":["https:\/\/etecnic.bisiestodeveloper.es\/ca\/events\/evcharge-en-mubil-mobility-expo\/"]}]},{"@type":"BreadcrumbList","@id":"https:\/\/etecnic.bisiestodeveloper.es\/ca\/events\/evcharge-en-mubil-mobility-expo\/#breadcrumb","itemListElement":[{"@type":"ListItem","position":1,"name":"Portada","item":"https:\/\/etecnic.bisiestodeveloper.es\/ca\/"},{"@type":"ListItem","position":2,"name":"Events","item":"https:\/\/etecnic.bisiestodeveloper.es\/ca\/events\/"},{"@type":"ListItem","position":3,"name":"EVcharge a MUBIL Mobility Expo"}]},{"@type":"WebSite","@id":"https:\/\/etecnic.bisiestodeveloper.es\/ca\/#website","url":"https:\/\/etecnic.bisiestodeveloper.es\/ca\/","name":"Etecnic","description":"","publisher":{"@id":"https:\/\/etecnic.bisiestodeveloper.es\/ca\/#organization"},"potentialAction":[{"@type":"SearchAction","target":{"@type":"EntryPoint","urlTemplate":"https:\/\/etecnic.bisiestodeveloper.es\/ca\/?s={search_term_string}"},"query-input":{"@type":"PropertyValueSpecification","valueRequired":true,"valueName":"search_term_string"}}],"inLanguage":"ca"},{"@type":"Organization","@id":"https:\/\/etecnic.bisiestodeveloper.es\/ca\/#organization","name":"Etecnic","url":"https:\/\/etecnic.bisiestodeveloper.es\/ca\/","logo":{"@type":"ImageObject","inLanguage":"ca","@id":"https:\/\/etecnic.bisiestodeveloper.es\/ca\/#\/schema\/logo\/image\/","url":"https:\/\/etecnic.bisiestodeveloper.es\/wp-content\/uploads\/2025\/06\/logo-etecnic-blanco.png","contentUrl":"https:\/\/etecnic.bisiestodeveloper.es\/wp-content\/uploads\/2025\/06\/logo-etecnic-blanco.png","width":1000,"height":500,"caption":"Etecnic"},"image":{"@id":"https:\/\/etecnic.bisiestodeveloper.es\/ca\/#\/schema\/logo\/image\/"}}]}},"_links":{"self":[{"href":"https:\/\/etecnic.bisiestodeveloper.es\/ca\/wp-json\/wp\/v2\/ajde_events\/38087","targetHints":{"allow":["GET"]}}],"collection":[{"href":"https:\/\/etecnic.bisiestodeveloper.es\/ca\/wp-json\/wp\/v2\/ajde_events"}],"about":[{"href":"https:\/\/etecnic.bisiestodeveloper.es\/ca\/wp-json\/wp\/v2\/types\/ajde_events"}],"author":[{"embeddable":true,"href":"https:\/\/etecnic.bisiestodeveloper.es\/ca\/wp-json\/wp\/v2\/users\/4"}],"replies":[{"embeddable":true,"href":"https:\/\/etecnic.bisiestodeveloper.es\/ca\/wp-json\/wp\/v2\/comments?post=38087"}],"wp:attachment":[{"href":"https:\/\/etecnic.bisiestodeveloper.es\/ca\/wp-json\/wp\/v2\/media?parent=38087"}],"wp:term":[{"taxonomy":"post_tag","embeddable":true,"href":"https:\/\/etecnic.bisiestodeveloper.es\/ca\/wp-json\/wp\/v2\/tags?post=38087"},{"taxonomy":"event_type","embeddable":true,"href":"https:\/\/etecnic.bisiestodeveloper.es\/ca\/wp-json\/wp\/v2\/event_type?post=38087"},{"taxonomy":"event_type_2","embeddable":true,"href":"https:\/\/etecnic.bisiestodeveloper.es\/ca\/wp-json\/wp\/v2\/event_type_2?post=38087"}],"curies":[{"name":"wp","href":"https:\/\/api.w.org\/{rel}","templated":true}]}}

<p class="wp-block-paragraph">EVcharge participarà a <strong>MUBIL Mobility Expo</strong>, un dels esdeveniments de referència en mobilitat elèctrica del nord d&#8217;Espanya, que se celebrarà <strong>del 25 al 26 de març</strong>. Hi serem presents per mostrar les nostres solucions de gestió, monetització de xarxes de recàrrega, i presentant el Tòtem de pagament EVcharge.</p>

<p class="wp-block-paragraph"><strong>Visita&#8217;ns al 3-19, amb AEDIVE,</strong> i descobreix com optimitzar el control i l&#8217;eficiència de la teva infraestructura de recàrrega.</p>

<p class="wp-block-paragraph"></p>

<!-- This site is optimized with the Yoast SEO plugin v26.5 - https://yoast.com/wordpress/plugins/seo/ -->
<title>MUBIL Mobility Expo Irun 2026 | EVcharge i Etecnic</title>
<meta name="description" content="EVcharge i Etecnic participen en MUBIL Mobility Expo Irun 2026 amb solucions de mobilitat elèctrica i infraestructura de recàrrega." />
<meta name="robots" content="noindex, follow, max-snippet:-1, max-image-preview:large, max-video-preview:-1" />
<meta property="og:locale" content="ca_ES" />
<meta property="og:type" content="article" />
<meta property="og:title" content="MUBIL Mobility Expo Irun 2026 | EVcharge i Etecnic" />
<meta property="og:description" content="EVcharge i Etecnic participen en MUBIL Mobility Expo Irun 2026 amb solucions de mobilitat elèctrica i infraestructura de recàrrega." />
<meta property="og:url" content="https://etecnic.bisiestodeveloper.es/ca/events/evcharge-en-mubil-mobility-expo/" />
<meta property="og:site_name" content="Etecnic" />
<meta property="article:modified_time" content="2026-08-03T11:35:54+00:00" />
<meta name="twitter:card" content="summary_large_image" />
<meta name="twitter:label1" content="Temps estimat de lectura" />
	<meta name="twitter:data1" content="1 minut" />
<script type="application/ld+json" class="yoast-schema-graph">{"@context":"https://schema.org","@graph":[{"@type":"WebPage","@id":"https://etecnic.bisiestodeveloper.es/ca/events/evcharge-en-mubil-mobility-expo/","url":"https://etecnic.bisiestodeveloper.es/ca/events/evcharge-en-mubil-mobility-expo/","name":"MUBIL Mobility Expo Irun 2026 | EVcharge i Etecnic","isPartOf":{"@id":"https://etecnic.bisiestodeveloper.es/ca/#website"},"datePublished":"2026-02-05T11:49:14+00:00","dateModified":"2026-08-03T11:35:54+00:00","description":"EVcharge i Etecnic participen en MUBIL Mobility Expo Irun 2026 amb solucions de mobilitat elèctrica i infraestructura de recàrrega.","breadcrumb":{"@id":"https://etecnic.bisiestodeveloper.es/ca/events/evcharge-en-mubil-mobility-expo/#breadcrumb"},"inLanguage":"ca","potentialAction":[{"@type":"ReadAction","target":["https://etecnic.bisiestodeveloper.es/ca/events/evcharge-en-mubil-mobility-expo/"]}]},{"@type":"BreadcrumbList","@id":"https://etecnic.bisiestodeveloper.es/ca/events/evcharge-en-mubil-mobility-expo/#breadcrumb","itemListElement":[{"@type":"ListItem","position":1,"name":"Portada","item":"https://etecnic.bisiestodeveloper.es/ca/"},{"@type":"ListItem","position":2,"name":"Events","item":"https://etecnic.bisiestodeveloper.es/ca/events/"},{"@type":"ListItem","position":3,"name":"EVcharge a MUBIL Mobility Expo"}]},{"@type":"WebSite","@id":"https://etecnic.bisiestodeveloper.es/ca/#website","url":"https://etecnic.bisiestodeveloper.es/ca/","name":"Etecnic","description":"","publisher":{"@id":"https://etecnic.bisiestodeveloper.es/ca/#organization"},"potentialAction":[{"@type":"SearchAction","target":{"@type":"EntryPoint","urlTemplate":"https://etecnic.bisiestodeveloper.es/ca/?s={search_term_string}"},"query-input":{"@type":"PropertyValueSpecification","valueRequired":true,"valueName":"search_term_string"}}],"inLanguage":"ca"},{"@type":"Organization","@id":"https://etecnic.bisiestodeveloper.es/ca/#organization","name":"Etecnic","url":"https://etecnic.bisiestodeveloper.es/ca/","logo":{"@type":"ImageObject","inLanguage":"ca","@id":"https://etecnic.bisiestodeveloper.es/ca/#/schema/logo/image/","url":"https://etecnic.bisiestodeveloper.es/wp-content/uploads/2025/06/logo-etecnic-blanco.png","contentUrl":"https://etecnic.bisiestodeveloper.es/wp-content/uploads/2025/06/logo-etecnic-blanco.png","width":1000,"height":500,"caption":"Etecnic"},"image":{"@id":"https://etecnic.bisiestodeveloper.es/ca/#/schema/logo/image/"}}]}</script>
<!-- / Yoast SEO plugin. -->

EVcharge i Etecnic participen en MUBIL Mobility Expo Irun 2026 amb solucions de mobilitat elèctrica i infraestructura de recàrrega.
