{"id":38085,"date":"2026-02-11T10:42:48","date_gmt":"2026-02-11T10:42:48","guid":{"rendered":"https:\/\/etecnic.bisiestodeveloper.es\/events\/enerhub-reus\/"},"modified":"2026-07-30T12:59:04","modified_gmt":"2026-07-30T12:59:04","slug":"enerhub-reus","status":"publish","type":"ajde_events","link":"https:\/\/etecnic.bisiestodeveloper.es\/ca\/events\/enerhub-reus\/","title":{"rendered":"EnerHub, Reus"},"content":{"rendered":"\n<p class=\"wp-block-paragraph\"><strong>Etecnic<\/strong>, participar\u00e0 activament en la primera edici\u00f3 del Congr\u00e9s de Transici\u00f3 Energ\u00e8tica \u2013 <a href=\"https:\/\/www.enerhubreus.com\/es\/\" target=\"_blank\" rel=\"noreferrer noopener\">Enerhub Reus<\/a>, que tindr\u00e0 lloc el 5 de desembre a firaReus Events, de 9 h a 15 h.<\/p>\n\n<p class=\"wp-block-paragraph\"><strong>13:05 h | Zona expositiva (Foyer)<\/strong><\/p>\n\n<p class=\"wp-block-paragraph\"><strong>Jorge R\u00edos<\/strong> estar\u00e0 present en la quarta taula rodona sobre la <strong>descarbonitzaci\u00f3 en els sectors de l&#8217;edificaci\u00f3, la ind\u00fastria i el transport<\/strong>. Compartirem la nostra experi\u00e8ncia i visi\u00f3 sobre el futur de la mobilitat el\u00e8ctrica.<\/p>\n\n<p class=\"wp-block-paragraph\"><\/p>\n","protected":false},"author":4,"featured_media":0,"menu_order":0,"comment_status":"closed","ping_status":"closed","template":"","meta":[],"tags":[],"event_type":[938,7],"event_type_2":[],"class_list":["post-38085","ajde_events","type-ajde_events","status-publish","hentry","event_location-reus","event_organizer-enerhub-reus","event_type-938","event_type-eventos"],"yoast_head":"<!-- This site is optimized with the Yoast SEO plugin v26.5 - https:\/\/yoast.com\/wordpress\/plugins\/seo\/ -->\n<title>EnerHub Reus 2025 | Congr\u00e9s de Transici\u00f3 Energ\u00e8tica | Etecnic<\/title>\n<meta name=\"description\" content=\"Etecnic participa en EnerHub Reus 2025, on Jorge R\u00edos intervindr\u00e0 en una taula rodona sobre descarbonitzaci\u00f3.\" \/>\n<meta name=\"robots\" content=\"noindex, follow, max-snippet:-1, max-image-preview:large, max-video-preview:-1\" \/>\n<meta property=\"og:locale\" content=\"ca_ES\" \/>\n<meta property=\"og:type\" content=\"article\" \/>\n<meta property=\"og:title\" content=\"EnerHub Reus 2025 | Congr\u00e9s de Transici\u00f3 Energ\u00e8tica | Etecnic\" \/>\n<meta property=\"og:description\" content=\"Etecnic participa en EnerHub Reus 2025, on Jorge R\u00edos intervindr\u00e0 en una taula rodona sobre descarbonitzaci\u00f3.\" \/>\n<meta property=\"og:url\" content=\"https:\/\/etecnic.bisiestodeveloper.es\/ca\/events\/enerhub-reus\/\" \/>\n<meta property=\"og:site_name\" content=\"Etecnic\" \/>\n<meta property=\"article:modified_time\" content=\"2026-07-30T12:59:04+00:00\" \/>\n<meta name=\"twitter:card\" content=\"summary_large_image\" \/>\n<meta name=\"twitter:label1\" content=\"Temps estimat de lectura\" \/>\n\t<meta name=\"twitter:data1\" content=\"1 minut\" \/>\n<script type=\"application\/ld+json\" class=\"yoast-schema-graph\">{\"@context\":\"https:\/\/schema.org\",\"@graph\":[{\"@type\":\"WebPage\",\"@id\":\"https:\/\/etecnic.bisiestodeveloper.es\/ca\/events\/enerhub-reus\/\",\"url\":\"https:\/\/etecnic.bisiestodeveloper.es\/ca\/events\/enerhub-reus\/\",\"name\":\"EnerHub Reus 2025 | Congr\u00e9s de Transici\u00f3 Energ\u00e8tica | Etecnic\",\"isPartOf\":{\"@id\":\"https:\/\/etecnic.bisiestodeveloper.es\/ca\/#website\"},\"datePublished\":\"2026-02-11T10:42:48+00:00\",\"dateModified\":\"2026-07-30T12:59:04+00:00\",\"description\":\"Etecnic participa en EnerHub Reus 2025, on Jorge R\u00edos intervindr\u00e0 en una taula rodona sobre descarbonitzaci\u00f3.\",\"breadcrumb\":{\"@id\":\"https:\/\/etecnic.bisiestodeveloper.es\/ca\/events\/enerhub-reus\/#breadcrumb\"},\"inLanguage\":\"ca\",\"potentialAction\":[{\"@type\":\"ReadAction\",\"target\":[\"https:\/\/etecnic.bisiestodeveloper.es\/ca\/events\/enerhub-reus\/\"]}]},{\"@type\":\"BreadcrumbList\",\"@id\":\"https:\/\/etecnic.bisiestodeveloper.es\/ca\/events\/enerhub-reus\/#breadcrumb\",\"itemListElement\":[{\"@type\":\"ListItem\",\"position\":1,\"name\":\"Portada\",\"item\":\"https:\/\/etecnic.bisiestodeveloper.es\/ca\/\"},{\"@type\":\"ListItem\",\"position\":2,\"name\":\"Events\",\"item\":\"https:\/\/etecnic.bisiestodeveloper.es\/ca\/events\/\"},{\"@type\":\"ListItem\",\"position\":3,\"name\":\"EnerHub, Reus\"}]},{\"@type\":\"WebSite\",\"@id\":\"https:\/\/etecnic.bisiestodeveloper.es\/ca\/#website\",\"url\":\"https:\/\/etecnic.bisiestodeveloper.es\/ca\/\",\"name\":\"Etecnic\",\"description\":\"\",\"publisher\":{\"@id\":\"https:\/\/etecnic.bisiestodeveloper.es\/ca\/#organization\"},\"potentialAction\":[{\"@type\":\"SearchAction\",\"target\":{\"@type\":\"EntryPoint\",\"urlTemplate\":\"https:\/\/etecnic.bisiestodeveloper.es\/ca\/?s={search_term_string}\"},\"query-input\":{\"@type\":\"PropertyValueSpecification\",\"valueRequired\":true,\"valueName\":\"search_term_string\"}}],\"inLanguage\":\"ca\"},{\"@type\":\"Organization\",\"@id\":\"https:\/\/etecnic.bisiestodeveloper.es\/ca\/#organization\",\"name\":\"Etecnic\",\"url\":\"https:\/\/etecnic.bisiestodeveloper.es\/ca\/\",\"logo\":{\"@type\":\"ImageObject\",\"inLanguage\":\"ca\",\"@id\":\"https:\/\/etecnic.bisiestodeveloper.es\/ca\/#\/schema\/logo\/image\/\",\"url\":\"https:\/\/etecnic.bisiestodeveloper.es\/wp-content\/uploads\/2025\/06\/logo-etecnic-blanco.png\",\"contentUrl\":\"https:\/\/etecnic.bisiestodeveloper.es\/wp-content\/uploads\/2025\/06\/logo-etecnic-blanco.png\",\"width\":1000,\"height\":500,\"caption\":\"Etecnic\"},\"image\":{\"@id\":\"https:\/\/etecnic.bisiestodeveloper.es\/ca\/#\/schema\/logo\/image\/\"}}]}<\/script>\n<!-- \/ Yoast SEO plugin. -->","yoast_head_json":{"title":"EnerHub Reus 2025 | Congr\u00e9s de Transici\u00f3 Energ\u00e8tica | Etecnic","description":"Etecnic participa en EnerHub Reus 2025, on Jorge R\u00edos intervindr\u00e0 en una taula rodona sobre descarbonitzaci\u00f3.","robots":{"index":"noindex","follow":"follow","max-snippet":"max-snippet:-1","max-image-preview":"max-image-preview:large","max-video-preview":"max-video-preview:-1"},"og_locale":"ca_ES","og_type":"article","og_title":"EnerHub Reus 2025 | Congr\u00e9s de Transici\u00f3 Energ\u00e8tica | Etecnic","og_description":"Etecnic participa en EnerHub Reus 2025, on Jorge R\u00edos intervindr\u00e0 en una taula rodona sobre descarbonitzaci\u00f3.","og_url":"https:\/\/etecnic.bisiestodeveloper.es\/ca\/events\/enerhub-reus\/","og_site_name":"Etecnic","article_modified_time":"2026-07-30T12:59:04+00:00","twitter_card":"summary_large_image","twitter_misc":{"Temps estimat de lectura":"1 minut"},"schema":{"@context":"https:\/\/schema.org","@graph":[{"@type":"WebPage","@id":"https:\/\/etecnic.bisiestodeveloper.es\/ca\/events\/enerhub-reus\/","url":"https:\/\/etecnic.bisiestodeveloper.es\/ca\/events\/enerhub-reus\/","name":"EnerHub Reus 2025 | Congr\u00e9s de Transici\u00f3 Energ\u00e8tica | Etecnic","isPartOf":{"@id":"https:\/\/etecnic.bisiestodeveloper.es\/ca\/#website"},"datePublished":"2026-02-11T10:42:48+00:00","dateModified":"2026-07-30T12:59:04+00:00","description":"Etecnic participa en EnerHub Reus 2025, on Jorge R\u00edos intervindr\u00e0 en una taula rodona sobre descarbonitzaci\u00f3.","breadcrumb":{"@id":"https:\/\/etecnic.bisiestodeveloper.es\/ca\/events\/enerhub-reus\/#breadcrumb"},"inLanguage":"ca","potentialAction":[{"@type":"ReadAction","target":["https:\/\/etecnic.bisiestodeveloper.es\/ca\/events\/enerhub-reus\/"]}]},{"@type":"BreadcrumbList","@id":"https:\/\/etecnic.bisiestodeveloper.es\/ca\/events\/enerhub-reus\/#breadcrumb","itemListElement":[{"@type":"ListItem","position":1,"name":"Portada","item":"https:\/\/etecnic.bisiestodeveloper.es\/ca\/"},{"@type":"ListItem","position":2,"name":"Events","item":"https:\/\/etecnic.bisiestodeveloper.es\/ca\/events\/"},{"@type":"ListItem","position":3,"name":"EnerHub, Reus"}]},{"@type":"WebSite","@id":"https:\/\/etecnic.bisiestodeveloper.es\/ca\/#website","url":"https:\/\/etecnic.bisiestodeveloper.es\/ca\/","name":"Etecnic","description":"","publisher":{"@id":"https:\/\/etecnic.bisiestodeveloper.es\/ca\/#organization"},"potentialAction":[{"@type":"SearchAction","target":{"@type":"EntryPoint","urlTemplate":"https:\/\/etecnic.bisiestodeveloper.es\/ca\/?s={search_term_string}"},"query-input":{"@type":"PropertyValueSpecification","valueRequired":true,"valueName":"search_term_string"}}],"inLanguage":"ca"},{"@type":"Organization","@id":"https:\/\/etecnic.bisiestodeveloper.es\/ca\/#organization","name":"Etecnic","url":"https:\/\/etecnic.bisiestodeveloper.es\/ca\/","logo":{"@type":"ImageObject","inLanguage":"ca","@id":"https:\/\/etecnic.bisiestodeveloper.es\/ca\/#\/schema\/logo\/image\/","url":"https:\/\/etecnic.bisiestodeveloper.es\/wp-content\/uploads\/2025\/06\/logo-etecnic-blanco.png","contentUrl":"https:\/\/etecnic.bisiestodeveloper.es\/wp-content\/uploads\/2025\/06\/logo-etecnic-blanco.png","width":1000,"height":500,"caption":"Etecnic"},"image":{"@id":"https:\/\/etecnic.bisiestodeveloper.es\/ca\/#\/schema\/logo\/image\/"}}]}},"_links":{"self":[{"href":"https:\/\/etecnic.bisiestodeveloper.es\/ca\/wp-json\/wp\/v2\/ajde_events\/38085","targetHints":{"allow":["GET"]}}],"collection":[{"href":"https:\/\/etecnic.bisiestodeveloper.es\/ca\/wp-json\/wp\/v2\/ajde_events"}],"about":[{"href":"https:\/\/etecnic.bisiestodeveloper.es\/ca\/wp-json\/wp\/v2\/types\/ajde_events"}],"author":[{"embeddable":true,"href":"https:\/\/etecnic.bisiestodeveloper.es\/ca\/wp-json\/wp\/v2\/users\/4"}],"replies":[{"embeddable":true,"href":"https:\/\/etecnic.bisiestodeveloper.es\/ca\/wp-json\/wp\/v2\/comments?post=38085"}],"wp:attachment":[{"href":"https:\/\/etecnic.bisiestodeveloper.es\/ca\/wp-json\/wp\/v2\/media?parent=38085"}],"wp:term":[{"taxonomy":"post_tag","embeddable":true,"href":"https:\/\/etecnic.bisiestodeveloper.es\/ca\/wp-json\/wp\/v2\/tags?post=38085"},{"taxonomy":"event_type","embeddable":true,"href":"https:\/\/etecnic.bisiestodeveloper.es\/ca\/wp-json\/wp\/v2\/event_type?post=38085"},{"taxonomy":"event_type_2","embeddable":true,"href":"https:\/\/etecnic.bisiestodeveloper.es\/ca\/wp-json\/wp\/v2\/event_type_2?post=38085"}],"curies":[{"name":"wp","href":"https:\/\/api.w.org\/{rel}","templated":true}]}}

<p class="wp-block-paragraph"><strong>Etecnic</strong>, participarà activament en la primera edició del Congrés de Transició Energètica – <a href="https://www.enerhubreus.com/es/" target="_blank" rel="noreferrer noopener">Enerhub Reus</a>, que tindrà lloc el 5 de desembre a firaReus Events, de 9 h a 15 h.</p>

<p class="wp-block-paragraph"><strong>13:05 h | Zona expositiva (Foyer)</strong></p>

<p class="wp-block-paragraph"><strong>Jorge Ríos</strong> estarà present en la quarta taula rodona sobre la <strong>descarbonització en els sectors de l&#8217;edificació, la indústria i el transport</strong>. Compartirem la nostra experiència i visió sobre el futur de la mobilitat elèctrica.</p>

<p class="wp-block-paragraph"></p>

<!-- This site is optimized with the Yoast SEO plugin v26.5 - https://yoast.com/wordpress/plugins/seo/ -->
<title>EnerHub Reus 2025 | Congrés de Transició Energètica | Etecnic</title>
<meta name="description" content="Etecnic participa en EnerHub Reus 2025, on Jorge Ríos intervindrà en una taula rodona sobre descarbonització." />
<meta name="robots" content="noindex, follow, max-snippet:-1, max-image-preview:large, max-video-preview:-1" />
<meta property="og:locale" content="ca_ES" />
<meta property="og:type" content="article" />
<meta property="og:title" content="EnerHub Reus 2025 | Congrés de Transició Energètica | Etecnic" />
<meta property="og:description" content="Etecnic participa en EnerHub Reus 2025, on Jorge Ríos intervindrà en una taula rodona sobre descarbonització." />
<meta property="og:url" content="https://etecnic.bisiestodeveloper.es/ca/events/enerhub-reus/" />
<meta property="og:site_name" content="Etecnic" />
<meta property="article:modified_time" content="2026-07-30T12:59:04+00:00" />
<meta name="twitter:card" content="summary_large_image" />
<meta name="twitter:label1" content="Temps estimat de lectura" />
	<meta name="twitter:data1" content="1 minut" />
<script type="application/ld+json" class="yoast-schema-graph">{"@context":"https://schema.org","@graph":[{"@type":"WebPage","@id":"https://etecnic.bisiestodeveloper.es/ca/events/enerhub-reus/","url":"https://etecnic.bisiestodeveloper.es/ca/events/enerhub-reus/","name":"EnerHub Reus 2025 | Congrés de Transició Energètica | Etecnic","isPartOf":{"@id":"https://etecnic.bisiestodeveloper.es/ca/#website"},"datePublished":"2026-02-11T10:42:48+00:00","dateModified":"2026-07-30T12:59:04+00:00","description":"Etecnic participa en EnerHub Reus 2025, on Jorge Ríos intervindrà en una taula rodona sobre descarbonització.","breadcrumb":{"@id":"https://etecnic.bisiestodeveloper.es/ca/events/enerhub-reus/#breadcrumb"},"inLanguage":"ca","potentialAction":[{"@type":"ReadAction","target":["https://etecnic.bisiestodeveloper.es/ca/events/enerhub-reus/"]}]},{"@type":"BreadcrumbList","@id":"https://etecnic.bisiestodeveloper.es/ca/events/enerhub-reus/#breadcrumb","itemListElement":[{"@type":"ListItem","position":1,"name":"Portada","item":"https://etecnic.bisiestodeveloper.es/ca/"},{"@type":"ListItem","position":2,"name":"Events","item":"https://etecnic.bisiestodeveloper.es/ca/events/"},{"@type":"ListItem","position":3,"name":"EnerHub, Reus"}]},{"@type":"WebSite","@id":"https://etecnic.bisiestodeveloper.es/ca/#website","url":"https://etecnic.bisiestodeveloper.es/ca/","name":"Etecnic","description":"","publisher":{"@id":"https://etecnic.bisiestodeveloper.es/ca/#organization"},"potentialAction":[{"@type":"SearchAction","target":{"@type":"EntryPoint","urlTemplate":"https://etecnic.bisiestodeveloper.es/ca/?s={search_term_string}"},"query-input":{"@type":"PropertyValueSpecification","valueRequired":true,"valueName":"search_term_string"}}],"inLanguage":"ca"},{"@type":"Organization","@id":"https://etecnic.bisiestodeveloper.es/ca/#organization","name":"Etecnic","url":"https://etecnic.bisiestodeveloper.es/ca/","logo":{"@type":"ImageObject","inLanguage":"ca","@id":"https://etecnic.bisiestodeveloper.es/ca/#/schema/logo/image/","url":"https://etecnic.bisiestodeveloper.es/wp-content/uploads/2025/06/logo-etecnic-blanco.png","contentUrl":"https://etecnic.bisiestodeveloper.es/wp-content/uploads/2025/06/logo-etecnic-blanco.png","width":1000,"height":500,"caption":"Etecnic"},"image":{"@id":"https://etecnic.bisiestodeveloper.es/ca/#/schema/logo/image/"}}]}</script>
<!-- / Yoast SEO plugin. -->

EnerHub Reus 2025 | Congrés de Transició Energètica | Etecnic

Etecnic participa en EnerHub Reus 2025, on Jorge Ríos intervindrà en una taula rodona sobre descarbonització.
