{"id":38083,"date":"2026-02-13T10:06:11","date_gmt":"2026-02-13T10:06:11","guid":{"rendered":"https:\/\/etecnic.bisiestodeveloper.es\/events\/forum-smartcity-de-la-iet-el-regne-unit-espanya-2025\/"},"modified":"2026-07-30T12:57:18","modified_gmt":"2026-07-30T12:57:18","slug":"forum-smartcity-de-la-iet-el-regne-unit-espanya-2025","status":"publish","type":"ajde_events","link":"https:\/\/etecnic.bisiestodeveloper.es\/ca\/events\/forum-smartcity-de-la-iet-el-regne-unit-espanya-2025\/","title":{"rendered":"F\u00f2rum SmartCity de la IET el Regne Unit-Espanya 2025"},"content":{"rendered":"\n<p class=\"wp-block-paragraph\">En en l&#8217;esdeveniment es debatr\u00e0 sobre el futur de les ciutats intel\u00b7ligents, ressaltant el creixement a Espanya i la innovaci\u00f3 al Regne Unit.<\/p>\n\n<p class=\"wp-block-paragraph\"><strong>Juanma P\u00e9rez<\/strong>, Sales Manager d&#8217;EVcharge participar\u00e0 a l&#8217;esdeveniment presentant la soluci\u00f3 <strong>Smart pricing<\/strong> d&#8217;EVcharge<\/p>\n\n<p class=\"wp-block-paragraph\"><\/p>\n","protected":false},"author":1,"featured_media":0,"menu_order":0,"comment_status":"closed","ping_status":"closed","template":"","meta":[],"tags":[],"event_type":[938,7],"event_type_2":[],"class_list":["post-38083","ajde_events","type-ajde_events","status-publish","hentry","event_organizer-the-institution-of-engineering-and-technology","event_type-938","event_type-eventos"],"yoast_head":"<!-- This site is optimized with the Yoast SEO plugin v26.5 - https:\/\/yoast.com\/wordpress\/plugins\/seo\/ -->\n<title>F\u00f2rum SmartCity de la IET el Regne Unit-Espanya 2025 | Etecnic<\/title>\n<meta name=\"description\" content=\"Etecnic va participar en el F\u00f2rum SmartCity IET el Regne Unit-Espanya 2025 per a presentar la soluci\u00f3 Smart Pricing de EVcharge.\" \/>\n<meta name=\"robots\" content=\"noindex, follow, max-snippet:-1, max-image-preview:large, max-video-preview:-1\" \/>\n<meta property=\"og:locale\" content=\"ca_ES\" \/>\n<meta property=\"og:type\" content=\"article\" \/>\n<meta property=\"og:title\" content=\"F\u00f2rum SmartCity de la IET el Regne Unit-Espanya 2025 | Etecnic\" \/>\n<meta property=\"og:description\" content=\"Etecnic va participar en el F\u00f2rum SmartCity IET el Regne Unit-Espanya 2025 per a presentar la soluci\u00f3 Smart Pricing de EVcharge.\" \/>\n<meta property=\"og:url\" content=\"https:\/\/etecnic.bisiestodeveloper.es\/ca\/events\/forum-smartcity-de-la-iet-el-regne-unit-espanya-2025\/\" \/>\n<meta property=\"og:site_name\" content=\"Etecnic\" \/>\n<meta property=\"article:modified_time\" content=\"2026-07-30T12:57:18+00:00\" \/>\n<meta name=\"twitter:card\" content=\"summary_large_image\" \/>\n<meta name=\"twitter:label1\" content=\"Temps estimat de lectura\" \/>\n\t<meta name=\"twitter:data1\" content=\"1 minut\" \/>\n<script type=\"application\/ld+json\" class=\"yoast-schema-graph\">{\"@context\":\"https:\/\/schema.org\",\"@graph\":[{\"@type\":\"WebPage\",\"@id\":\"https:\/\/etecnic.bisiestodeveloper.es\/ca\/events\/forum-smartcity-de-la-iet-el-regne-unit-espanya-2025\/\",\"url\":\"https:\/\/etecnic.bisiestodeveloper.es\/ca\/events\/forum-smartcity-de-la-iet-el-regne-unit-espanya-2025\/\",\"name\":\"F\u00f2rum SmartCity de la IET el Regne Unit-Espanya 2025 | Etecnic\",\"isPartOf\":{\"@id\":\"https:\/\/etecnic.bisiestodeveloper.es\/ca\/#website\"},\"datePublished\":\"2026-02-13T10:06:11+00:00\",\"dateModified\":\"2026-07-30T12:57:18+00:00\",\"description\":\"Etecnic va participar en el F\u00f2rum SmartCity IET el Regne Unit-Espanya 2025 per a presentar la soluci\u00f3 Smart Pricing de EVcharge.\",\"breadcrumb\":{\"@id\":\"https:\/\/etecnic.bisiestodeveloper.es\/ca\/events\/forum-smartcity-de-la-iet-el-regne-unit-espanya-2025\/#breadcrumb\"},\"inLanguage\":\"ca\",\"potentialAction\":[{\"@type\":\"ReadAction\",\"target\":[\"https:\/\/etecnic.bisiestodeveloper.es\/ca\/events\/forum-smartcity-de-la-iet-el-regne-unit-espanya-2025\/\"]}]},{\"@type\":\"BreadcrumbList\",\"@id\":\"https:\/\/etecnic.bisiestodeveloper.es\/ca\/events\/forum-smartcity-de-la-iet-el-regne-unit-espanya-2025\/#breadcrumb\",\"itemListElement\":[{\"@type\":\"ListItem\",\"position\":1,\"name\":\"Portada\",\"item\":\"https:\/\/etecnic.bisiestodeveloper.es\/ca\/\"},{\"@type\":\"ListItem\",\"position\":2,\"name\":\"Events\",\"item\":\"https:\/\/etecnic.bisiestodeveloper.es\/ca\/events\/\"},{\"@type\":\"ListItem\",\"position\":3,\"name\":\"F\u00f2rum SmartCity de la IET el Regne Unit-Espanya 2025\"}]},{\"@type\":\"WebSite\",\"@id\":\"https:\/\/etecnic.bisiestodeveloper.es\/ca\/#website\",\"url\":\"https:\/\/etecnic.bisiestodeveloper.es\/ca\/\",\"name\":\"Etecnic\",\"description\":\"\",\"publisher\":{\"@id\":\"https:\/\/etecnic.bisiestodeveloper.es\/ca\/#organization\"},\"potentialAction\":[{\"@type\":\"SearchAction\",\"target\":{\"@type\":\"EntryPoint\",\"urlTemplate\":\"https:\/\/etecnic.bisiestodeveloper.es\/ca\/?s={search_term_string}\"},\"query-input\":{\"@type\":\"PropertyValueSpecification\",\"valueRequired\":true,\"valueName\":\"search_term_string\"}}],\"inLanguage\":\"ca\"},{\"@type\":\"Organization\",\"@id\":\"https:\/\/etecnic.bisiestodeveloper.es\/ca\/#organization\",\"name\":\"Etecnic\",\"url\":\"https:\/\/etecnic.bisiestodeveloper.es\/ca\/\",\"logo\":{\"@type\":\"ImageObject\",\"inLanguage\":\"ca\",\"@id\":\"https:\/\/etecnic.bisiestodeveloper.es\/ca\/#\/schema\/logo\/image\/\",\"url\":\"https:\/\/etecnic.bisiestodeveloper.es\/wp-content\/uploads\/2025\/06\/logo-etecnic-blanco.png\",\"contentUrl\":\"https:\/\/etecnic.bisiestodeveloper.es\/wp-content\/uploads\/2025\/06\/logo-etecnic-blanco.png\",\"width\":1000,\"height\":500,\"caption\":\"Etecnic\"},\"image\":{\"@id\":\"https:\/\/etecnic.bisiestodeveloper.es\/ca\/#\/schema\/logo\/image\/\"}}]}<\/script>\n<!-- \/ Yoast SEO plugin. -->","yoast_head_json":{"title":"F\u00f2rum SmartCity de la IET el Regne Unit-Espanya 2025 | Etecnic","description":"Etecnic va participar en el F\u00f2rum SmartCity IET el Regne Unit-Espanya 2025 per a presentar la soluci\u00f3 Smart Pricing de EVcharge.","robots":{"index":"noindex","follow":"follow","max-snippet":"max-snippet:-1","max-image-preview":"max-image-preview:large","max-video-preview":"max-video-preview:-1"},"og_locale":"ca_ES","og_type":"article","og_title":"F\u00f2rum SmartCity de la IET el Regne Unit-Espanya 2025 | Etecnic","og_description":"Etecnic va participar en el F\u00f2rum SmartCity IET el Regne Unit-Espanya 2025 per a presentar la soluci\u00f3 Smart Pricing de EVcharge.","og_url":"https:\/\/etecnic.bisiestodeveloper.es\/ca\/events\/forum-smartcity-de-la-iet-el-regne-unit-espanya-2025\/","og_site_name":"Etecnic","article_modified_time":"2026-07-30T12:57:18+00:00","twitter_card":"summary_large_image","twitter_misc":{"Temps estimat de lectura":"1 minut"},"schema":{"@context":"https:\/\/schema.org","@graph":[{"@type":"WebPage","@id":"https:\/\/etecnic.bisiestodeveloper.es\/ca\/events\/forum-smartcity-de-la-iet-el-regne-unit-espanya-2025\/","url":"https:\/\/etecnic.bisiestodeveloper.es\/ca\/events\/forum-smartcity-de-la-iet-el-regne-unit-espanya-2025\/","name":"F\u00f2rum SmartCity de la IET el Regne Unit-Espanya 2025 | Etecnic","isPartOf":{"@id":"https:\/\/etecnic.bisiestodeveloper.es\/ca\/#website"},"datePublished":"2026-02-13T10:06:11+00:00","dateModified":"2026-07-30T12:57:18+00:00","description":"Etecnic va participar en el F\u00f2rum SmartCity IET el Regne Unit-Espanya 2025 per a presentar la soluci\u00f3 Smart Pricing de EVcharge.","breadcrumb":{"@id":"https:\/\/etecnic.bisiestodeveloper.es\/ca\/events\/forum-smartcity-de-la-iet-el-regne-unit-espanya-2025\/#breadcrumb"},"inLanguage":"ca","potentialAction":[{"@type":"ReadAction","target":["https:\/\/etecnic.bisiestodeveloper.es\/ca\/events\/forum-smartcity-de-la-iet-el-regne-unit-espanya-2025\/"]}]},{"@type":"BreadcrumbList","@id":"https:\/\/etecnic.bisiestodeveloper.es\/ca\/events\/forum-smartcity-de-la-iet-el-regne-unit-espanya-2025\/#breadcrumb","itemListElement":[{"@type":"ListItem","position":1,"name":"Portada","item":"https:\/\/etecnic.bisiestodeveloper.es\/ca\/"},{"@type":"ListItem","position":2,"name":"Events","item":"https:\/\/etecnic.bisiestodeveloper.es\/ca\/events\/"},{"@type":"ListItem","position":3,"name":"F\u00f2rum SmartCity de la IET el Regne Unit-Espanya 2025"}]},{"@type":"WebSite","@id":"https:\/\/etecnic.bisiestodeveloper.es\/ca\/#website","url":"https:\/\/etecnic.bisiestodeveloper.es\/ca\/","name":"Etecnic","description":"","publisher":{"@id":"https:\/\/etecnic.bisiestodeveloper.es\/ca\/#organization"},"potentialAction":[{"@type":"SearchAction","target":{"@type":"EntryPoint","urlTemplate":"https:\/\/etecnic.bisiestodeveloper.es\/ca\/?s={search_term_string}"},"query-input":{"@type":"PropertyValueSpecification","valueRequired":true,"valueName":"search_term_string"}}],"inLanguage":"ca"},{"@type":"Organization","@id":"https:\/\/etecnic.bisiestodeveloper.es\/ca\/#organization","name":"Etecnic","url":"https:\/\/etecnic.bisiestodeveloper.es\/ca\/","logo":{"@type":"ImageObject","inLanguage":"ca","@id":"https:\/\/etecnic.bisiestodeveloper.es\/ca\/#\/schema\/logo\/image\/","url":"https:\/\/etecnic.bisiestodeveloper.es\/wp-content\/uploads\/2025\/06\/logo-etecnic-blanco.png","contentUrl":"https:\/\/etecnic.bisiestodeveloper.es\/wp-content\/uploads\/2025\/06\/logo-etecnic-blanco.png","width":1000,"height":500,"caption":"Etecnic"},"image":{"@id":"https:\/\/etecnic.bisiestodeveloper.es\/ca\/#\/schema\/logo\/image\/"}}]}},"_links":{"self":[{"href":"https:\/\/etecnic.bisiestodeveloper.es\/ca\/wp-json\/wp\/v2\/ajde_events\/38083","targetHints":{"allow":["GET"]}}],"collection":[{"href":"https:\/\/etecnic.bisiestodeveloper.es\/ca\/wp-json\/wp\/v2\/ajde_events"}],"about":[{"href":"https:\/\/etecnic.bisiestodeveloper.es\/ca\/wp-json\/wp\/v2\/types\/ajde_events"}],"author":[{"embeddable":true,"href":"https:\/\/etecnic.bisiestodeveloper.es\/ca\/wp-json\/wp\/v2\/users\/1"}],"replies":[{"embeddable":true,"href":"https:\/\/etecnic.bisiestodeveloper.es\/ca\/wp-json\/wp\/v2\/comments?post=38083"}],"wp:attachment":[{"href":"https:\/\/etecnic.bisiestodeveloper.es\/ca\/wp-json\/wp\/v2\/media?parent=38083"}],"wp:term":[{"taxonomy":"post_tag","embeddable":true,"href":"https:\/\/etecnic.bisiestodeveloper.es\/ca\/wp-json\/wp\/v2\/tags?post=38083"},{"taxonomy":"event_type","embeddable":true,"href":"https:\/\/etecnic.bisiestodeveloper.es\/ca\/wp-json\/wp\/v2\/event_type?post=38083"},{"taxonomy":"event_type_2","embeddable":true,"href":"https:\/\/etecnic.bisiestodeveloper.es\/ca\/wp-json\/wp\/v2\/event_type_2?post=38083"}],"curies":[{"name":"wp","href":"https:\/\/api.w.org\/{rel}","templated":true}]}}

Fòrum SmartCity de la IET el Regne Unit-Espanya 2025

<p class="wp-block-paragraph">En en l&#8217;esdeveniment es debatrà sobre el futur de les ciutats intel·ligents, ressaltant el creixement a Espanya i la innovació al Regne Unit.</p>

<p class="wp-block-paragraph"><strong>Juanma Pérez</strong>, Sales Manager d&#8217;EVcharge participarà a l&#8217;esdeveniment presentant la solució <strong>Smart pricing</strong> d&#8217;EVcharge</p>

<p class="wp-block-paragraph"></p>

<!-- This site is optimized with the Yoast SEO plugin v26.5 - https://yoast.com/wordpress/plugins/seo/ -->
<title>Fòrum SmartCity de la IET el Regne Unit-Espanya 2025 | Etecnic</title>
<meta name="description" content="Etecnic va participar en el Fòrum SmartCity IET el Regne Unit-Espanya 2025 per a presentar la solució Smart Pricing de EVcharge." />
<meta name="robots" content="noindex, follow, max-snippet:-1, max-image-preview:large, max-video-preview:-1" />
<meta property="og:locale" content="ca_ES" />
<meta property="og:type" content="article" />
<meta property="og:title" content="Fòrum SmartCity de la IET el Regne Unit-Espanya 2025 | Etecnic" />
<meta property="og:description" content="Etecnic va participar en el Fòrum SmartCity IET el Regne Unit-Espanya 2025 per a presentar la solució Smart Pricing de EVcharge." />
<meta property="og:url" content="https://etecnic.bisiestodeveloper.es/ca/events/forum-smartcity-de-la-iet-el-regne-unit-espanya-2025/" />
<meta property="og:site_name" content="Etecnic" />
<meta property="article:modified_time" content="2026-07-30T12:57:18+00:00" />
<meta name="twitter:card" content="summary_large_image" />
<meta name="twitter:label1" content="Temps estimat de lectura" />
	<meta name="twitter:data1" content="1 minut" />
<script type="application/ld+json" class="yoast-schema-graph">{"@context":"https://schema.org","@graph":[{"@type":"WebPage","@id":"https://etecnic.bisiestodeveloper.es/ca/events/forum-smartcity-de-la-iet-el-regne-unit-espanya-2025/","url":"https://etecnic.bisiestodeveloper.es/ca/events/forum-smartcity-de-la-iet-el-regne-unit-espanya-2025/","name":"Fòrum SmartCity de la IET el Regne Unit-Espanya 2025 | Etecnic","isPartOf":{"@id":"https://etecnic.bisiestodeveloper.es/ca/#website"},"datePublished":"2026-02-13T10:06:11+00:00","dateModified":"2026-07-30T12:57:18+00:00","description":"Etecnic va participar en el Fòrum SmartCity IET el Regne Unit-Espanya 2025 per a presentar la solució Smart Pricing de EVcharge.","breadcrumb":{"@id":"https://etecnic.bisiestodeveloper.es/ca/events/forum-smartcity-de-la-iet-el-regne-unit-espanya-2025/#breadcrumb"},"inLanguage":"ca","potentialAction":[{"@type":"ReadAction","target":["https://etecnic.bisiestodeveloper.es/ca/events/forum-smartcity-de-la-iet-el-regne-unit-espanya-2025/"]}]},{"@type":"BreadcrumbList","@id":"https://etecnic.bisiestodeveloper.es/ca/events/forum-smartcity-de-la-iet-el-regne-unit-espanya-2025/#breadcrumb","itemListElement":[{"@type":"ListItem","position":1,"name":"Portada","item":"https://etecnic.bisiestodeveloper.es/ca/"},{"@type":"ListItem","position":2,"name":"Events","item":"https://etecnic.bisiestodeveloper.es/ca/events/"},{"@type":"ListItem","position":3,"name":"Fòrum SmartCity de la IET el Regne Unit-Espanya 2025"}]},{"@type":"WebSite","@id":"https://etecnic.bisiestodeveloper.es/ca/#website","url":"https://etecnic.bisiestodeveloper.es/ca/","name":"Etecnic","description":"","publisher":{"@id":"https://etecnic.bisiestodeveloper.es/ca/#organization"},"potentialAction":[{"@type":"SearchAction","target":{"@type":"EntryPoint","urlTemplate":"https://etecnic.bisiestodeveloper.es/ca/?s={search_term_string}"},"query-input":{"@type":"PropertyValueSpecification","valueRequired":true,"valueName":"search_term_string"}}],"inLanguage":"ca"},{"@type":"Organization","@id":"https://etecnic.bisiestodeveloper.es/ca/#organization","name":"Etecnic","url":"https://etecnic.bisiestodeveloper.es/ca/","logo":{"@type":"ImageObject","inLanguage":"ca","@id":"https://etecnic.bisiestodeveloper.es/ca/#/schema/logo/image/","url":"https://etecnic.bisiestodeveloper.es/wp-content/uploads/2025/06/logo-etecnic-blanco.png","contentUrl":"https://etecnic.bisiestodeveloper.es/wp-content/uploads/2025/06/logo-etecnic-blanco.png","width":1000,"height":500,"caption":"Etecnic"},"image":{"@id":"https://etecnic.bisiestodeveloper.es/ca/#/schema/logo/image/"}}]}</script>
<!-- / Yoast SEO plugin. -->

Fòrum SmartCity de la IET el Regne Unit-Espanya 2025 | Etecnic

Etecnic va participar en el Fòrum SmartCity IET el Regne Unit-Espanya 2025 per a presentar la solució Smart Pricing de EVcharge.
