{"id":38076,"date":"2026-07-29T10:58:07","date_gmt":"2026-07-29T10:58:07","guid":{"rendered":"https:\/\/etecnic.bisiestodeveloper.es\/events\/evcharge-en-power2drive-munich\/"},"modified":"2026-08-03T11:36:11","modified_gmt":"2026-08-03T11:36:11","slug":"evcharge-en-power2drive-munich","status":"publish","type":"ajde_events","link":"https:\/\/etecnic.bisiestodeveloper.es\/ca\/events\/evcharge-en-power2drive-munich\/","title":{"rendered":"EVcharge a Power2Drive, M\u00fanich"},"content":{"rendered":"\n<p class=\"wp-block-paragraph\">EVcharge participar\u00e0 a <a href=\"https:\/\/www.powertodrive.de\/home\" target=\"_blank\" rel=\"noreferrer noopener\"><strong>Power2Drive<\/strong><\/a>, un dels esdeveniments de refer\u00e8ncia en mobilitat el\u00e8ctrica, que se celebrar\u00e0 <strong>del 23 al 25 de juny<\/strong>. Hi serem presents per mostrar les nostres solucions de gesti\u00f3 i monetitzaci\u00f3 de xarxes de rec\u00e0rrega.<\/p>\n\n<p class=\"wp-block-paragraph\"><strong>Visita&#8217;ns a l&#8217;estand B6.679 (Hall 6)<\/strong> i descobreix com optimitzar el control i l&#8217;efici\u00e8ncia de la teva infraestructura de rec\u00e0rrega.<\/p>\n\n<p class=\"wp-block-paragraph\"><\/p>\n","protected":false},"author":4,"featured_media":0,"menu_order":0,"comment_status":"closed","ping_status":"closed","template":"","meta":[],"tags":[],"event_type":[937,7],"event_type_2":[],"class_list":["post-38076","ajde_events","type-ajde_events","status-publish","hentry","event_location-munich","event_organizer-solar-promotion-gmbh-y-fwtm","event_type-937","event_type-eventos"],"yoast_head":"<!-- This site is optimized with the Yoast SEO plugin v26.5 - https:\/\/yoast.com\/wordpress\/plugins\/seo\/ -->\n<title>EVcharge en Power2Drive M\u00fanich | Etecnic<\/title>\n<meta name=\"description\" content=\"EVcharge participa en Power2Drive M\u00fanic del 23 al 25 de juny. Visita&#039;ns en l&#039;estand B6.679 per a con\u00e8ixer les nostres solucions.\" \/>\n<meta name=\"robots\" content=\"noindex, follow, max-snippet:-1, max-image-preview:large, max-video-preview:-1\" \/>\n<meta property=\"og:locale\" content=\"ca_ES\" \/>\n<meta property=\"og:type\" content=\"article\" \/>\n<meta property=\"og:title\" content=\"EVcharge en Power2Drive M\u00fanich | Etecnic\" \/>\n<meta property=\"og:description\" content=\"EVcharge participa en Power2Drive M\u00fanic del 23 al 25 de juny. Visita&#039;ns en l&#039;estand B6.679 per a con\u00e8ixer les nostres solucions.\" \/>\n<meta property=\"og:url\" content=\"https:\/\/etecnic.bisiestodeveloper.es\/ca\/events\/evcharge-en-power2drive-munich\/\" \/>\n<meta property=\"og:site_name\" content=\"Etecnic\" \/>\n<meta property=\"article:modified_time\" content=\"2026-08-03T11:36:11+00:00\" \/>\n<meta name=\"twitter:card\" content=\"summary_large_image\" \/>\n<meta name=\"twitter:label1\" content=\"Temps estimat de lectura\" \/>\n\t<meta name=\"twitter:data1\" content=\"1 minut\" \/>\n<script type=\"application\/ld+json\" class=\"yoast-schema-graph\">{\"@context\":\"https:\/\/schema.org\",\"@graph\":[{\"@type\":\"WebPage\",\"@id\":\"https:\/\/etecnic.bisiestodeveloper.es\/ca\/events\/evcharge-en-power2drive-munich\/\",\"url\":\"https:\/\/etecnic.bisiestodeveloper.es\/ca\/events\/evcharge-en-power2drive-munich\/\",\"name\":\"EVcharge en Power2Drive M\u00fanich | Etecnic\",\"isPartOf\":{\"@id\":\"https:\/\/etecnic.bisiestodeveloper.es\/ca\/#website\"},\"datePublished\":\"2026-07-29T10:58:07+00:00\",\"dateModified\":\"2026-08-03T11:36:11+00:00\",\"description\":\"EVcharge participa en Power2Drive M\u00fanic del 23 al 25 de juny. Visita'ns en l'estand B6.679 per a con\u00e8ixer les nostres solucions.\",\"breadcrumb\":{\"@id\":\"https:\/\/etecnic.bisiestodeveloper.es\/ca\/events\/evcharge-en-power2drive-munich\/#breadcrumb\"},\"inLanguage\":\"ca\",\"potentialAction\":[{\"@type\":\"ReadAction\",\"target\":[\"https:\/\/etecnic.bisiestodeveloper.es\/ca\/events\/evcharge-en-power2drive-munich\/\"]}]},{\"@type\":\"BreadcrumbList\",\"@id\":\"https:\/\/etecnic.bisiestodeveloper.es\/ca\/events\/evcharge-en-power2drive-munich\/#breadcrumb\",\"itemListElement\":[{\"@type\":\"ListItem\",\"position\":1,\"name\":\"Portada\",\"item\":\"https:\/\/etecnic.bisiestodeveloper.es\/ca\/\"},{\"@type\":\"ListItem\",\"position\":2,\"name\":\"Events\",\"item\":\"https:\/\/etecnic.bisiestodeveloper.es\/ca\/events\/\"},{\"@type\":\"ListItem\",\"position\":3,\"name\":\"EVcharge a Power2Drive, M\u00fanich\"}]},{\"@type\":\"WebSite\",\"@id\":\"https:\/\/etecnic.bisiestodeveloper.es\/ca\/#website\",\"url\":\"https:\/\/etecnic.bisiestodeveloper.es\/ca\/\",\"name\":\"Etecnic\",\"description\":\"\",\"publisher\":{\"@id\":\"https:\/\/etecnic.bisiestodeveloper.es\/ca\/#organization\"},\"potentialAction\":[{\"@type\":\"SearchAction\",\"target\":{\"@type\":\"EntryPoint\",\"urlTemplate\":\"https:\/\/etecnic.bisiestodeveloper.es\/ca\/?s={search_term_string}\"},\"query-input\":{\"@type\":\"PropertyValueSpecification\",\"valueRequired\":true,\"valueName\":\"search_term_string\"}}],\"inLanguage\":\"ca\"},{\"@type\":\"Organization\",\"@id\":\"https:\/\/etecnic.bisiestodeveloper.es\/ca\/#organization\",\"name\":\"Etecnic\",\"url\":\"https:\/\/etecnic.bisiestodeveloper.es\/ca\/\",\"logo\":{\"@type\":\"ImageObject\",\"inLanguage\":\"ca\",\"@id\":\"https:\/\/etecnic.bisiestodeveloper.es\/ca\/#\/schema\/logo\/image\/\",\"url\":\"https:\/\/etecnic.bisiestodeveloper.es\/wp-content\/uploads\/2025\/06\/logo-etecnic-blanco.png\",\"contentUrl\":\"https:\/\/etecnic.bisiestodeveloper.es\/wp-content\/uploads\/2025\/06\/logo-etecnic-blanco.png\",\"width\":1000,\"height\":500,\"caption\":\"Etecnic\"},\"image\":{\"@id\":\"https:\/\/etecnic.bisiestodeveloper.es\/ca\/#\/schema\/logo\/image\/\"}}]}<\/script>\n<!-- \/ Yoast SEO plugin. -->","yoast_head_json":{"title":"EVcharge en Power2Drive M\u00fanich | Etecnic","description":"EVcharge participa en Power2Drive M\u00fanic del 23 al 25 de juny. Visita'ns en l'estand B6.679 per a con\u00e8ixer les nostres solucions.","robots":{"index":"noindex","follow":"follow","max-snippet":"max-snippet:-1","max-image-preview":"max-image-preview:large","max-video-preview":"max-video-preview:-1"},"og_locale":"ca_ES","og_type":"article","og_title":"EVcharge en Power2Drive M\u00fanich | Etecnic","og_description":"EVcharge participa en Power2Drive M\u00fanic del 23 al 25 de juny. Visita'ns en l'estand B6.679 per a con\u00e8ixer les nostres solucions.","og_url":"https:\/\/etecnic.bisiestodeveloper.es\/ca\/events\/evcharge-en-power2drive-munich\/","og_site_name":"Etecnic","article_modified_time":"2026-08-03T11:36:11+00:00","twitter_card":"summary_large_image","twitter_misc":{"Temps estimat de lectura":"1 minut"},"schema":{"@context":"https:\/\/schema.org","@graph":[{"@type":"WebPage","@id":"https:\/\/etecnic.bisiestodeveloper.es\/ca\/events\/evcharge-en-power2drive-munich\/","url":"https:\/\/etecnic.bisiestodeveloper.es\/ca\/events\/evcharge-en-power2drive-munich\/","name":"EVcharge en Power2Drive M\u00fanich | Etecnic","isPartOf":{"@id":"https:\/\/etecnic.bisiestodeveloper.es\/ca\/#website"},"datePublished":"2026-07-29T10:58:07+00:00","dateModified":"2026-08-03T11:36:11+00:00","description":"EVcharge participa en Power2Drive M\u00fanic del 23 al 25 de juny. Visita'ns en l'estand B6.679 per a con\u00e8ixer les nostres solucions.","breadcrumb":{"@id":"https:\/\/etecnic.bisiestodeveloper.es\/ca\/events\/evcharge-en-power2drive-munich\/#breadcrumb"},"inLanguage":"ca","potentialAction":[{"@type":"ReadAction","target":["https:\/\/etecnic.bisiestodeveloper.es\/ca\/events\/evcharge-en-power2drive-munich\/"]}]},{"@type":"BreadcrumbList","@id":"https:\/\/etecnic.bisiestodeveloper.es\/ca\/events\/evcharge-en-power2drive-munich\/#breadcrumb","itemListElement":[{"@type":"ListItem","position":1,"name":"Portada","item":"https:\/\/etecnic.bisiestodeveloper.es\/ca\/"},{"@type":"ListItem","position":2,"name":"Events","item":"https:\/\/etecnic.bisiestodeveloper.es\/ca\/events\/"},{"@type":"ListItem","position":3,"name":"EVcharge a Power2Drive, M\u00fanich"}]},{"@type":"WebSite","@id":"https:\/\/etecnic.bisiestodeveloper.es\/ca\/#website","url":"https:\/\/etecnic.bisiestodeveloper.es\/ca\/","name":"Etecnic","description":"","publisher":{"@id":"https:\/\/etecnic.bisiestodeveloper.es\/ca\/#organization"},"potentialAction":[{"@type":"SearchAction","target":{"@type":"EntryPoint","urlTemplate":"https:\/\/etecnic.bisiestodeveloper.es\/ca\/?s={search_term_string}"},"query-input":{"@type":"PropertyValueSpecification","valueRequired":true,"valueName":"search_term_string"}}],"inLanguage":"ca"},{"@type":"Organization","@id":"https:\/\/etecnic.bisiestodeveloper.es\/ca\/#organization","name":"Etecnic","url":"https:\/\/etecnic.bisiestodeveloper.es\/ca\/","logo":{"@type":"ImageObject","inLanguage":"ca","@id":"https:\/\/etecnic.bisiestodeveloper.es\/ca\/#\/schema\/logo\/image\/","url":"https:\/\/etecnic.bisiestodeveloper.es\/wp-content\/uploads\/2025\/06\/logo-etecnic-blanco.png","contentUrl":"https:\/\/etecnic.bisiestodeveloper.es\/wp-content\/uploads\/2025\/06\/logo-etecnic-blanco.png","width":1000,"height":500,"caption":"Etecnic"},"image":{"@id":"https:\/\/etecnic.bisiestodeveloper.es\/ca\/#\/schema\/logo\/image\/"}}]}},"_links":{"self":[{"href":"https:\/\/etecnic.bisiestodeveloper.es\/ca\/wp-json\/wp\/v2\/ajde_events\/38076","targetHints":{"allow":["GET"]}}],"collection":[{"href":"https:\/\/etecnic.bisiestodeveloper.es\/ca\/wp-json\/wp\/v2\/ajde_events"}],"about":[{"href":"https:\/\/etecnic.bisiestodeveloper.es\/ca\/wp-json\/wp\/v2\/types\/ajde_events"}],"author":[{"embeddable":true,"href":"https:\/\/etecnic.bisiestodeveloper.es\/ca\/wp-json\/wp\/v2\/users\/4"}],"replies":[{"embeddable":true,"href":"https:\/\/etecnic.bisiestodeveloper.es\/ca\/wp-json\/wp\/v2\/comments?post=38076"}],"wp:attachment":[{"href":"https:\/\/etecnic.bisiestodeveloper.es\/ca\/wp-json\/wp\/v2\/media?parent=38076"}],"wp:term":[{"taxonomy":"post_tag","embeddable":true,"href":"https:\/\/etecnic.bisiestodeveloper.es\/ca\/wp-json\/wp\/v2\/tags?post=38076"},{"taxonomy":"event_type","embeddable":true,"href":"https:\/\/etecnic.bisiestodeveloper.es\/ca\/wp-json\/wp\/v2\/event_type?post=38076"},{"taxonomy":"event_type_2","embeddable":true,"href":"https:\/\/etecnic.bisiestodeveloper.es\/ca\/wp-json\/wp\/v2\/event_type_2?post=38076"}],"curies":[{"name":"wp","href":"https:\/\/api.w.org\/{rel}","templated":true}]}}

EVcharge a Power2Drive, Múnich

<p class="wp-block-paragraph">EVcharge participarà a <a href="https://www.powertodrive.de/home" target="_blank" rel="noreferrer noopener"><strong>Power2Drive</strong></a>, un dels esdeveniments de referència en mobilitat elèctrica, que se celebrarà <strong>del 23 al 25 de juny</strong>. Hi serem presents per mostrar les nostres solucions de gestió i monetització de xarxes de recàrrega.</p>

<p class="wp-block-paragraph"><strong>Visita&#8217;ns a l&#8217;estand B6.679 (Hall 6)</strong> i descobreix com optimitzar el control i l&#8217;eficiència de la teva infraestructura de recàrrega.</p>

<p class="wp-block-paragraph"></p>

<!-- This site is optimized with the Yoast SEO plugin v26.5 - https://yoast.com/wordpress/plugins/seo/ -->
<title>EVcharge en Power2Drive Múnich | Etecnic</title>
<meta name="description" content="EVcharge participa en Power2Drive Múnic del 23 al 25 de juny. Visita&#039;ns en l&#039;estand B6.679 per a conèixer les nostres solucions." />
<meta name="robots" content="noindex, follow, max-snippet:-1, max-image-preview:large, max-video-preview:-1" />
<meta property="og:locale" content="ca_ES" />
<meta property="og:type" content="article" />
<meta property="og:title" content="EVcharge en Power2Drive Múnich | Etecnic" />
<meta property="og:description" content="EVcharge participa en Power2Drive Múnic del 23 al 25 de juny. Visita&#039;ns en l&#039;estand B6.679 per a conèixer les nostres solucions." />
<meta property="og:url" content="https://etecnic.bisiestodeveloper.es/ca/events/evcharge-en-power2drive-munich/" />
<meta property="og:site_name" content="Etecnic" />
<meta property="article:modified_time" content="2026-08-03T11:36:11+00:00" />
<meta name="twitter:card" content="summary_large_image" />
<meta name="twitter:label1" content="Temps estimat de lectura" />
	<meta name="twitter:data1" content="1 minut" />
<script type="application/ld+json" class="yoast-schema-graph">{"@context":"https://schema.org","@graph":[{"@type":"WebPage","@id":"https://etecnic.bisiestodeveloper.es/ca/events/evcharge-en-power2drive-munich/","url":"https://etecnic.bisiestodeveloper.es/ca/events/evcharge-en-power2drive-munich/","name":"EVcharge en Power2Drive Múnich | Etecnic","isPartOf":{"@id":"https://etecnic.bisiestodeveloper.es/ca/#website"},"datePublished":"2026-07-29T10:58:07+00:00","dateModified":"2026-08-03T11:36:11+00:00","description":"EVcharge participa en Power2Drive Múnic del 23 al 25 de juny. Visita'ns en l'estand B6.679 per a conèixer les nostres solucions.","breadcrumb":{"@id":"https://etecnic.bisiestodeveloper.es/ca/events/evcharge-en-power2drive-munich/#breadcrumb"},"inLanguage":"ca","potentialAction":[{"@type":"ReadAction","target":["https://etecnic.bisiestodeveloper.es/ca/events/evcharge-en-power2drive-munich/"]}]},{"@type":"BreadcrumbList","@id":"https://etecnic.bisiestodeveloper.es/ca/events/evcharge-en-power2drive-munich/#breadcrumb","itemListElement":[{"@type":"ListItem","position":1,"name":"Portada","item":"https://etecnic.bisiestodeveloper.es/ca/"},{"@type":"ListItem","position":2,"name":"Events","item":"https://etecnic.bisiestodeveloper.es/ca/events/"},{"@type":"ListItem","position":3,"name":"EVcharge a Power2Drive, Múnich"}]},{"@type":"WebSite","@id":"https://etecnic.bisiestodeveloper.es/ca/#website","url":"https://etecnic.bisiestodeveloper.es/ca/","name":"Etecnic","description":"","publisher":{"@id":"https://etecnic.bisiestodeveloper.es/ca/#organization"},"potentialAction":[{"@type":"SearchAction","target":{"@type":"EntryPoint","urlTemplate":"https://etecnic.bisiestodeveloper.es/ca/?s={search_term_string}"},"query-input":{"@type":"PropertyValueSpecification","valueRequired":true,"valueName":"search_term_string"}}],"inLanguage":"ca"},{"@type":"Organization","@id":"https://etecnic.bisiestodeveloper.es/ca/#organization","name":"Etecnic","url":"https://etecnic.bisiestodeveloper.es/ca/","logo":{"@type":"ImageObject","inLanguage":"ca","@id":"https://etecnic.bisiestodeveloper.es/ca/#/schema/logo/image/","url":"https://etecnic.bisiestodeveloper.es/wp-content/uploads/2025/06/logo-etecnic-blanco.png","contentUrl":"https://etecnic.bisiestodeveloper.es/wp-content/uploads/2025/06/logo-etecnic-blanco.png","width":1000,"height":500,"caption":"Etecnic"},"image":{"@id":"https://etecnic.bisiestodeveloper.es/ca/#/schema/logo/image/"}}]}</script>
<!-- / Yoast SEO plugin. -->

EVcharge en Power2Drive Múnich | Etecnic

EVcharge participa en Power2Drive Múnic del 23 al 25 de juny. Visita'ns en l'estand B6.679 per a conèixer les nostres solucions.
